{"id":239,"date":"2024-02-29T13:59:39","date_gmt":"2024-02-29T12:59:39","guid":{"rendered":"https:\/\/nyforetagarcentrum.se\/vetlanda\/?page_id=239"},"modified":"2024-06-20T07:50:24","modified_gmt":"2024-06-20T05:50:24","slug":"vara-radgivare","status":"publish","type":"page","link":"https:\/\/nyforetagarcentrum.se\/vetlanda\/vara-radgivare\/","title":{"rendered":"V\u00e5ra r\u00e5dgivare"},"content":{"rendered":"<section  class=\"nfc-block-hero alignfull\">\n\n    <img loading=\"lazy\" decoding=\"async\" width=\"1476\" height=\"984\" src=\"https:\/\/nyforetagarcentrum.se\/vetlanda\/wp-content\/uploads\/sites\/50\/2024\/02\/Nyforetagare-ung-LOW.jpg\" class=\"attachment-landscape size-landscape\" alt=\"\" srcset=\"https:\/\/nyforetagarcentrum.se\/vetlanda\/wp-content\/uploads\/sites\/50\/2024\/02\/Nyforetagare-ung-LOW.jpg 1476w, https:\/\/nyforetagarcentrum.se\/vetlanda\/wp-content\/uploads\/sites\/50\/2024\/02\/Nyforetagare-ung-LOW-300x200.jpg 300w, https:\/\/nyforetagarcentrum.se\/vetlanda\/wp-content\/uploads\/sites\/50\/2024\/02\/Nyforetagare-ung-LOW-1024x683.jpg 1024w, https:\/\/nyforetagarcentrum.se\/vetlanda\/wp-content\/uploads\/sites\/50\/2024\/02\/Nyforetagare-ung-LOW-768x512.jpg 768w\" sizes=\"(max-width: 1476px) 100vw, 1476px\" \/>\n    <div class=\"contained\">\n        <h1 class=\"nfc-block-hero__heading\">V\u00e5ra r\u00e5dgivare<\/h1>\n\n            <\/div>\n<\/section>\n\n\n<div style=\"height:49px\" aria-hidden=\"true\" class=\"wp-block-spacer\"><\/div>\n\n\n<section  class=\"nfc-block-breadcrumbs\">\n    <div class=\"wrapper contained\">\n        <ol class=\"breadcrumbs\" itemscope itemtype=\"https:\/\/schema.org\/BreadcrumbList\">\n            <li itemprop=\"itemListElement\" itemscope itemtype=\"https:\/\/schema.org\/ListItem\">\n            \n\n                            <span class=\"current\" itemprop=\"name\">Hem<\/span>\n            \n            <meta itemprop=\"position\" content=\"1\" \/>\n        <\/li>\n    <\/ol>    <\/div>\n<\/section>\n\n\n<div style=\"height:100px\" aria-hidden=\"true\" class=\"wp-block-spacer\"><\/div>\n\n\n<section  class=\"nfc-block-person_grid alignwide layout-featured\">\n    <div class=\"contained\">\n        <div class=\"grid\">\n            <div class=\"person-featured-card\">\n    \n    <div class=\"featured_image\">\n                    <img loading=\"lazy\" decoding=\"async\" width=\"1024\" height=\"1024\" src=\"https:\/\/nyforetagarcentrum.se\/vetlanda\/wp-content\/uploads\/sites\/50\/2024\/02\/johanna-1024x1024.jpg\" class=\"attachment-large size-large\" alt=\"\" srcset=\"https:\/\/nyforetagarcentrum.se\/vetlanda\/wp-content\/uploads\/sites\/50\/2024\/02\/johanna-1024x1024.jpg 1024w, https:\/\/nyforetagarcentrum.se\/vetlanda\/wp-content\/uploads\/sites\/50\/2024\/02\/johanna-300x300.jpg 300w, https:\/\/nyforetagarcentrum.se\/vetlanda\/wp-content\/uploads\/sites\/50\/2024\/02\/johanna-150x150.jpg 150w, https:\/\/nyforetagarcentrum.se\/vetlanda\/wp-content\/uploads\/sites\/50\/2024\/02\/johanna-768x768.jpg 768w, https:\/\/nyforetagarcentrum.se\/vetlanda\/wp-content\/uploads\/sites\/50\/2024\/02\/johanna-1080x1080.jpg 1080w, https:\/\/nyforetagarcentrum.se\/vetlanda\/wp-content\/uploads\/sites\/50\/2024\/02\/johanna.jpg 1500w\" sizes=\"(max-width: 1024px) 100vw, 1024px\" \/>            <\/div>\n\n    <div class=\"content-wrapper\">\n        <h3>Johanna Friman<\/h3>\n\n        \n                    <div class=\"excerpt\">\n                Verksamhetsledare p\u00e5 Nyf\u00f6retagarCentrum Vetlanda<br \/>\r\n<br \/>\r\nJag heter Johanna Friman och \u00e4r verksamhetsledare och r\u00e5dgivare p\u00e5 Nyf\u00f6retagarcentrum Vetlanda. Till mig v\u00e4nder sig f\u00f6retagsamma m\u00e4nniskor fr\u00e5n hela det sm\u00e5l\u00e4ndska h\u00f6glandet n\u00e4r de vill ha hj\u00e4lp med att starta f\u00f6retag eller vill ha ett bollplank till sin f\u00f6retagsid\u00e9! <br \/>\r\nAntingen ses vi p\u00e5 plats i Vetlanda d\u00e4r jag har mitt kontor, eller s\u00e5 ses vi i ett digitalt m\u00f6te, det v\u00e4ljer du!<br \/>\r\nJag brinner f\u00f6r att hj\u00e4lpa m\u00e4nniskor att g\u00f6ra verklighet av sina f\u00f6retagsdr\u00f6mmar och \u00e4r ocks\u00e5 sj\u00e4lv egenf\u00f6retagare.<br \/>\r\n<br \/>\r\nJag bidrar g\u00e4rna med min kunskap och mina n\u00e4tverk f\u00f6r att hj\u00e4lpa just dig!                <br\/>\n                            <\/div>\n        \n                    <a href=\"https:\/\/nyforetagarcentrum.se\/vetlanda\/kontakt\/\" class=\"booking-button button outlined\">Boka r\u00e5dgivning<\/a>\n            <\/div>\n<\/div>        <\/div>\n    <\/div>\n<\/section>\n\n\n<div style=\"height:100px\" aria-hidden=\"true\" class=\"wp-block-spacer\"><\/div>\n","protected":false},"excerpt":{"rendered":"","protected":false},"author":1,"featured_media":0,"parent":0,"menu_order":0,"comment_status":"closed","ping_status":"closed","template":"","meta":{"footnotes":""},"acf":[],"yoast_head":"<!-- This site is optimized with the Yoast SEO plugin v22.9 - https:\/\/yoast.com\/wordpress\/plugins\/seo\/ -->\n<title>V\u00e5ra r\u00e5dgivare - Vetlanda<\/title>\n<meta name=\"robots\" content=\"index, follow, max-snippet:-1, max-image-preview:large, max-video-preview:-1\" \/>\n<link rel=\"canonical\" href=\"https:\/\/nyforetagarcentrum.se\/vetlanda\/vara-radgivare\/\" \/>\n<meta property=\"og:locale\" content=\"sv_SE\" \/>\n<meta property=\"og:type\" content=\"article\" \/>\n<meta property=\"og:title\" content=\"V\u00e5ra r\u00e5dgivare - Vetlanda\" \/>\n<meta property=\"og:url\" content=\"https:\/\/nyforetagarcentrum.se\/vetlanda\/vara-radgivare\/\" \/>\n<meta property=\"og:site_name\" content=\"Vetlanda\" \/>\n<meta property=\"article:modified_time\" content=\"2024-06-20T05:50:24+00:00\" \/>\n<meta name=\"twitter:card\" content=\"summary_large_image\" \/>\n<script type=\"application\/ld+json\" class=\"yoast-schema-graph\">{\"@context\":\"https:\/\/schema.org\",\"@graph\":[{\"@type\":\"WebPage\",\"@id\":\"https:\/\/nyforetagarcentrum.se\/vetlanda\/vara-radgivare\/\",\"url\":\"https:\/\/nyforetagarcentrum.se\/vetlanda\/vara-radgivare\/\",\"name\":\"V\u00e5ra r\u00e5dgivare - Vetlanda\",\"isPartOf\":{\"@id\":\"https:\/\/nyforetagarcentrum.se\/vetlanda\/#website\"},\"datePublished\":\"2024-02-29T12:59:39+00:00\",\"dateModified\":\"2024-06-20T05:50:24+00:00\",\"breadcrumb\":{\"@id\":\"https:\/\/nyforetagarcentrum.se\/vetlanda\/vara-radgivare\/#breadcrumb\"},\"inLanguage\":\"sv-SE\",\"potentialAction\":[{\"@type\":\"ReadAction\",\"target\":[\"https:\/\/nyforetagarcentrum.se\/vetlanda\/vara-radgivare\/\"]}]},{\"@type\":\"BreadcrumbList\",\"@id\":\"https:\/\/nyforetagarcentrum.se\/vetlanda\/vara-radgivare\/#breadcrumb\",\"itemListElement\":[{\"@type\":\"ListItem\",\"position\":1,\"name\":\"Hem\",\"item\":\"https:\/\/nyforetagarcentrum.se\/vetlanda\/\"},{\"@type\":\"ListItem\",\"position\":2,\"name\":\"V\u00e5ra r\u00e5dgivare\"}]},{\"@type\":\"WebSite\",\"@id\":\"https:\/\/nyforetagarcentrum.se\/vetlanda\/#website\",\"url\":\"https:\/\/nyforetagarcentrum.se\/vetlanda\/\",\"name\":\"Vetlanda\",\"description\":\"Sveriges ledande kraft f\u00f6r fler nya livskraftiga f\u00f6retag\",\"publisher\":{\"@id\":\"https:\/\/nyforetagarcentrum.se\/vetlanda\/#organization\"},\"potentialAction\":[{\"@type\":\"SearchAction\",\"target\":{\"@type\":\"EntryPoint\",\"urlTemplate\":\"https:\/\/nyforetagarcentrum.se\/vetlanda\/?s={search_term_string}\"},\"query-input\":\"required name=search_term_string\"}],\"inLanguage\":\"sv-SE\"},{\"@type\":\"Organization\",\"@id\":\"https:\/\/nyforetagarcentrum.se\/vetlanda\/#organization\",\"name\":\"Vetlanda\",\"url\":\"https:\/\/nyforetagarcentrum.se\/vetlanda\/\",\"logo\":{\"@type\":\"ImageObject\",\"inLanguage\":\"sv-SE\",\"@id\":\"https:\/\/nyforetagarcentrum.se\/vetlanda\/#\/schema\/logo\/image\/\",\"url\":\"https:\/\/nyforetagarcentrum.se\/vetlanda\/wp-content\/uploads\/sites\/50\/2024\/04\/vetlanda-1.png\",\"contentUrl\":\"https:\/\/nyforetagarcentrum.se\/vetlanda\/wp-content\/uploads\/sites\/50\/2024\/04\/vetlanda-1.png\",\"width\":1082,\"height\":542,\"caption\":\"Vetlanda\"},\"image\":{\"@id\":\"https:\/\/nyforetagarcentrum.se\/vetlanda\/#\/schema\/logo\/image\/\"}}]}<\/script>\n<!-- \/ Yoast SEO plugin. -->","yoast_head_json":{"title":"V\u00e5ra r\u00e5dgivare - Vetlanda","robots":{"index":"index","follow":"follow","max-snippet":"max-snippet:-1","max-image-preview":"max-image-preview:large","max-video-preview":"max-video-preview:-1"},"canonical":"https:\/\/nyforetagarcentrum.se\/vetlanda\/vara-radgivare\/","og_locale":"sv_SE","og_type":"article","og_title":"V\u00e5ra r\u00e5dgivare - Vetlanda","og_url":"https:\/\/nyforetagarcentrum.se\/vetlanda\/vara-radgivare\/","og_site_name":"Vetlanda","article_modified_time":"2024-06-20T05:50:24+00:00","twitter_card":"summary_large_image","schema":{"@context":"https:\/\/schema.org","@graph":[{"@type":"WebPage","@id":"https:\/\/nyforetagarcentrum.se\/vetlanda\/vara-radgivare\/","url":"https:\/\/nyforetagarcentrum.se\/vetlanda\/vara-radgivare\/","name":"V\u00e5ra r\u00e5dgivare - Vetlanda","isPartOf":{"@id":"https:\/\/nyforetagarcentrum.se\/vetlanda\/#website"},"datePublished":"2024-02-29T12:59:39+00:00","dateModified":"2024-06-20T05:50:24+00:00","breadcrumb":{"@id":"https:\/\/nyforetagarcentrum.se\/vetlanda\/vara-radgivare\/#breadcrumb"},"inLanguage":"sv-SE","potentialAction":[{"@type":"ReadAction","target":["https:\/\/nyforetagarcentrum.se\/vetlanda\/vara-radgivare\/"]}]},{"@type":"BreadcrumbList","@id":"https:\/\/nyforetagarcentrum.se\/vetlanda\/vara-radgivare\/#breadcrumb","itemListElement":[{"@type":"ListItem","position":1,"name":"Hem","item":"https:\/\/nyforetagarcentrum.se\/vetlanda\/"},{"@type":"ListItem","position":2,"name":"V\u00e5ra r\u00e5dgivare"}]},{"@type":"WebSite","@id":"https:\/\/nyforetagarcentrum.se\/vetlanda\/#website","url":"https:\/\/nyforetagarcentrum.se\/vetlanda\/","name":"Vetlanda","description":"Sveriges ledande kraft f\u00f6r fler nya livskraftiga f\u00f6retag","publisher":{"@id":"https:\/\/nyforetagarcentrum.se\/vetlanda\/#organization"},"potentialAction":[{"@type":"SearchAction","target":{"@type":"EntryPoint","urlTemplate":"https:\/\/nyforetagarcentrum.se\/vetlanda\/?s={search_term_string}"},"query-input":"required name=search_term_string"}],"inLanguage":"sv-SE"},{"@type":"Organization","@id":"https:\/\/nyforetagarcentrum.se\/vetlanda\/#organization","name":"Vetlanda","url":"https:\/\/nyforetagarcentrum.se\/vetlanda\/","logo":{"@type":"ImageObject","inLanguage":"sv-SE","@id":"https:\/\/nyforetagarcentrum.se\/vetlanda\/#\/schema\/logo\/image\/","url":"https:\/\/nyforetagarcentrum.se\/vetlanda\/wp-content\/uploads\/sites\/50\/2024\/04\/vetlanda-1.png","contentUrl":"https:\/\/nyforetagarcentrum.se\/vetlanda\/wp-content\/uploads\/sites\/50\/2024\/04\/vetlanda-1.png","width":1082,"height":542,"caption":"Vetlanda"},"image":{"@id":"https:\/\/nyforetagarcentrum.se\/vetlanda\/#\/schema\/logo\/image\/"}}]}},"_links":{"self":[{"href":"https:\/\/nyforetagarcentrum.se\/vetlanda\/wp-json\/wp\/v2\/pages\/239"}],"collection":[{"href":"https:\/\/nyforetagarcentrum.se\/vetlanda\/wp-json\/wp\/v2\/pages"}],"about":[{"href":"https:\/\/nyforetagarcentrum.se\/vetlanda\/wp-json\/wp\/v2\/types\/page"}],"author":[{"embeddable":true,"href":"https:\/\/nyforetagarcentrum.se\/vetlanda\/wp-json\/wp\/v2\/users\/1"}],"replies":[{"embeddable":true,"href":"https:\/\/nyforetagarcentrum.se\/vetlanda\/wp-json\/wp\/v2\/comments?post=239"}],"version-history":[{"count":5,"href":"https:\/\/nyforetagarcentrum.se\/vetlanda\/wp-json\/wp\/v2\/pages\/239\/revisions"}],"predecessor-version":[{"id":659,"href":"https:\/\/nyforetagarcentrum.se\/vetlanda\/wp-json\/wp\/v2\/pages\/239\/revisions\/659"}],"wp:attachment":[{"href":"https:\/\/nyforetagarcentrum.se\/vetlanda\/wp-json\/wp\/v2\/media?parent=239"}],"curies":[{"name":"wp","href":"https:\/\/api.w.org\/{rel}","templated":true}]}}