{"id":164,"date":"2024-02-27T16:05:17","date_gmt":"2024-02-27T15:05:17","guid":{"rendered":"https:\/\/nyforetagarcentrum.se\/vetlanda\/?page_id=164"},"modified":"2025-09-25T08:39:48","modified_gmt":"2025-09-25T06:39:48","slug":"var-styrelse","status":"publish","type":"page","link":"https:\/\/nyforetagarcentrum.se\/vetlanda\/var-styrelse\/","title":{"rendered":"V\u00e5r styrelse"},"content":{"rendered":"<section  class=\"nfc-block-hero alignfull\">\n\n    <img loading=\"lazy\" decoding=\"async\" width=\"1476\" height=\"984\" src=\"https:\/\/nyforetagarcentrum.se\/vetlanda\/wp-content\/uploads\/sites\/50\/2024\/02\/Nyforetagare-kultur-LOW.jpg\" class=\"attachment-landscape size-landscape\" alt=\"\" srcset=\"https:\/\/nyforetagarcentrum.se\/vetlanda\/wp-content\/uploads\/sites\/50\/2024\/02\/Nyforetagare-kultur-LOW.jpg 1476w, https:\/\/nyforetagarcentrum.se\/vetlanda\/wp-content\/uploads\/sites\/50\/2024\/02\/Nyforetagare-kultur-LOW-300x200.jpg 300w, https:\/\/nyforetagarcentrum.se\/vetlanda\/wp-content\/uploads\/sites\/50\/2024\/02\/Nyforetagare-kultur-LOW-1024x683.jpg 1024w, https:\/\/nyforetagarcentrum.se\/vetlanda\/wp-content\/uploads\/sites\/50\/2024\/02\/Nyforetagare-kultur-LOW-768x512.jpg 768w\" sizes=\"(max-width: 1476px) 100vw, 1476px\" \/>\n    <div class=\"contained\">\n        <h1 class=\"nfc-block-hero__heading\">V\u00e5r styrelse<\/h1>\n\n            <\/div>\n<\/section>\n\n\n<div style=\"height:50px\" aria-hidden=\"true\" class=\"wp-block-spacer\"><\/div>\n\n\n<section  class=\"nfc-block-breadcrumbs\">\n    <div class=\"wrapper contained\">\n        <ol class=\"breadcrumbs\" itemscope itemtype=\"https:\/\/schema.org\/BreadcrumbList\">\n            <li itemprop=\"itemListElement\" itemscope itemtype=\"https:\/\/schema.org\/ListItem\">\n            \n\n                            <span class=\"current\" itemprop=\"name\">Hem<\/span>\n            \n            <meta itemprop=\"position\" content=\"1\" \/>\n        <\/li>\n    <\/ol>    <\/div>\n<\/section>\n\n<section  class=\"nfc-block-person_grid alignwide layout-large\">\n    <div class=\"contained\">\n        <div class=\"grid\">\n            <div class=\"person-large-card\">\n    \n    <div class=\"featured_image\">\n                    <img loading=\"lazy\" decoding=\"async\" width=\"799\" height=\"1024\" src=\"https:\/\/nyforetagarcentrum.se\/vetlanda\/wp-content\/uploads\/sites\/50\/2024\/04\/Magnus-1-799x1024.jpg\" class=\"attachment-large size-large\" alt=\"\" srcset=\"https:\/\/nyforetagarcentrum.se\/vetlanda\/wp-content\/uploads\/sites\/50\/2024\/04\/Magnus-1-799x1024.jpg 799w, https:\/\/nyforetagarcentrum.se\/vetlanda\/wp-content\/uploads\/sites\/50\/2024\/04\/Magnus-1-234x300.jpg 234w, https:\/\/nyforetagarcentrum.se\/vetlanda\/wp-content\/uploads\/sites\/50\/2024\/04\/Magnus-1-768x984.jpg 768w, https:\/\/nyforetagarcentrum.se\/vetlanda\/wp-content\/uploads\/sites\/50\/2024\/04\/Magnus-1-843x1080.jpg 843w, https:\/\/nyforetagarcentrum.se\/vetlanda\/wp-content\/uploads\/sites\/50\/2024\/04\/Magnus-1.jpg 922w\" sizes=\"(max-width: 799px) 100vw, 799px\" \/>            <\/div>\n\n    <div class=\"content-wrapper\">\n        <h3>Magnus F\u00e4rjhage<\/h3>\n\n                    <div class=\"excerpt\">\n                Ordf\u00f6rande<br \/>\r\n<br \/>\r\nVetlanda kommun            <\/div>\n        \n        <div class=\"links\">\n\n            \n                            <a href=\"mailto:magnus.farjhage@vetlanda.se\">\n                    magnus.farjhage@vetlanda.se                <\/a>\n                    <\/div>\n        \n    <\/div>\n<\/div><div class=\"person-large-card\">\n    \n    <div class=\"featured_image\">\n                    <img loading=\"lazy\" decoding=\"async\" width=\"731\" height=\"1024\" src=\"https:\/\/nyforetagarcentrum.se\/vetlanda\/wp-content\/uploads\/sites\/50\/2025\/09\/42a8933-731x1024.jpg\" class=\"attachment-large size-large\" alt=\"\" srcset=\"https:\/\/nyforetagarcentrum.se\/vetlanda\/wp-content\/uploads\/sites\/50\/2025\/09\/42a8933-731x1024.jpg 731w, https:\/\/nyforetagarcentrum.se\/vetlanda\/wp-content\/uploads\/sites\/50\/2025\/09\/42a8933-214x300.jpg 214w, https:\/\/nyforetagarcentrum.se\/vetlanda\/wp-content\/uploads\/sites\/50\/2025\/09\/42a8933-768x1075.jpg 768w, https:\/\/nyforetagarcentrum.se\/vetlanda\/wp-content\/uploads\/sites\/50\/2025\/09\/42a8933-771x1080.jpg 771w, https:\/\/nyforetagarcentrum.se\/vetlanda\/wp-content\/uploads\/sites\/50\/2025\/09\/42a8933.jpg 800w\" sizes=\"(max-width: 731px) 100vw, 731px\" \/>            <\/div>\n\n    <div class=\"content-wrapper\">\n        <h3>Sylvia Bj\u00f6rn\u00e5ker<\/h3>\n\n                    <div class=\"excerpt\">\n                Ledamot<br \/>\r\n<br \/>\r\nadjungerad H\u00f6glandets Revisionsbyr\u00e5<br \/>\r\n            <\/div>\n        \n        <div class=\"links\">\n\n            \n                            <a href=\"mailto:sylvia@hoglandetsrevision.se\">\n                    sylvia@hoglandetsrevision.se                <\/a>\n                    <\/div>\n        \n    <\/div>\n<\/div><div class=\"person-large-card\">\n    \n    <div class=\"featured_image\">\n                    <img loading=\"lazy\" decoding=\"async\" width=\"768\" height=\"1024\" src=\"https:\/\/nyforetagarcentrum.se\/vetlanda\/wp-content\/uploads\/sites\/50\/2025\/09\/ulrika_holm-768x1024.jpeg\" class=\"attachment-large size-large\" alt=\"\" srcset=\"https:\/\/nyforetagarcentrum.se\/vetlanda\/wp-content\/uploads\/sites\/50\/2025\/09\/ulrika_holm-768x1023.jpeg 768w, https:\/\/nyforetagarcentrum.se\/vetlanda\/wp-content\/uploads\/sites\/50\/2025\/09\/ulrika_holm-225x300.jpeg 225w, https:\/\/nyforetagarcentrum.se\/vetlanda\/wp-content\/uploads\/sites\/50\/2025\/09\/ulrika_holm-1153x1536.jpeg 1153w, https:\/\/nyforetagarcentrum.se\/vetlanda\/wp-content\/uploads\/sites\/50\/2025\/09\/ulrika_holm-1537x2048.jpeg 1537w, https:\/\/nyforetagarcentrum.se\/vetlanda\/wp-content\/uploads\/sites\/50\/2025\/09\/ulrika_holm-810x1080.jpeg 810w, https:\/\/nyforetagarcentrum.se\/vetlanda\/wp-content\/uploads\/sites\/50\/2025\/09\/ulrika_holm.jpeg 1816w\" sizes=\"(max-width: 768px) 100vw, 768px\" \/>            <\/div>\n\n    <div class=\"content-wrapper\">\n        <h3>Ulrika Holm<\/h3>\n\n                    <div class=\"excerpt\">\n                Ledamot<br \/>\r\n<br \/>\r\nSwedbank            <\/div>\n        \n        <div class=\"links\">\n\n            \n                            <a href=\"mailto:ulrika.holm@swedbank.se\">\n                    ulrika.holm@swedbank.se                <\/a>\n                    <\/div>\n        \n    <\/div>\n<\/div><div class=\"person-large-card\">\n    \n    <div class=\"featured_image\">\n                    <img loading=\"lazy\" decoding=\"async\" width=\"768\" height=\"1024\" src=\"https:\/\/nyforetagarcentrum.se\/vetlanda\/wp-content\/uploads\/sites\/50\/2024\/04\/Therese-Thureson.jpg\" class=\"attachment-large size-large\" alt=\"\" srcset=\"https:\/\/nyforetagarcentrum.se\/vetlanda\/wp-content\/uploads\/sites\/50\/2024\/04\/Therese-Thureson.jpg 768w, https:\/\/nyforetagarcentrum.se\/vetlanda\/wp-content\/uploads\/sites\/50\/2024\/04\/Therese-Thureson-225x300.jpg 225w\" sizes=\"(max-width: 768px) 100vw, 768px\" \/>            <\/div>\n\n    <div class=\"content-wrapper\">\n        <h3>Therese Thureson<\/h3>\n\n                    <div class=\"excerpt\">\n                Ledamot<br \/>\r\n<br \/>\r\n\u00d6stra H\u00e4rads Fastighets AB            <\/div>\n        \n        <div class=\"links\">\n\n            \n                            <a href=\"mailto:therese.thureson@ohfast.se\">\n                    therese.thureson@ohfast.se                <\/a>\n                    <\/div>\n        \n    <\/div>\n<\/div><div class=\"person-large-card\">\n    \n    <div class=\"featured_image\">\n                    <img loading=\"lazy\" decoding=\"async\" width=\"500\" height=\"667\" src=\"https:\/\/nyforetagarcentrum.se\/vetlanda\/wp-content\/uploads\/sites\/50\/2024\/04\/Fredrik-Einarsson.jpg\" class=\"attachment-large size-large\" alt=\"\" srcset=\"https:\/\/nyforetagarcentrum.se\/vetlanda\/wp-content\/uploads\/sites\/50\/2024\/04\/Fredrik-Einarsson.jpg 500w, https:\/\/nyforetagarcentrum.se\/vetlanda\/wp-content\/uploads\/sites\/50\/2024\/04\/Fredrik-Einarsson-225x300.jpg 225w\" sizes=\"(max-width: 500px) 100vw, 500px\" \/>            <\/div>\n\n    <div class=\"content-wrapper\">\n        <h3>Fredrik Einarsson<\/h3>\n\n                    <div class=\"excerpt\">\n                Ledamot<br \/>\r\n<br \/>\r\nL\u00e4nsf\u00f6rs\u00e4kringar Bank &amp; F\u00f6rs\u00e4kring            <\/div>\n        \n        <div class=\"links\">\n\n            \n                            <a href=\"mailto:fredrik.einarsson@lfj.se\">\n                    fredrik.einarsson@lfj.se                <\/a>\n                    <\/div>\n        \n    <\/div>\n<\/div><div class=\"person-large-card\">\n    \n    <div class=\"featured_image\">\n            <\/div>\n\n    <div class=\"content-wrapper\">\n        <h3>Maria St\u00e5lgren<\/h3>\n\n                    <div class=\"excerpt\">\n                Ledamot<br \/>\r\n<br \/>\r\nSten Sture Fastigheter AB            <\/div>\n        \n        <div class=\"links\">\n\n            \n                            <a href=\"mailto:maria@stensturefastigheter.se\">\n                    maria@stensturefastigheter.se                <\/a>\n                    <\/div>\n        \n    <\/div>\n<\/div><div class=\"person-large-card\">\n    \n    <div class=\"featured_image\">\n                    <img loading=\"lazy\" decoding=\"async\" width=\"1024\" height=\"1024\" src=\"https:\/\/nyforetagarcentrum.se\/vetlanda\/wp-content\/uploads\/sites\/50\/2024\/04\/image002-1024x1024.jpg\" class=\"attachment-large size-large\" alt=\"\" srcset=\"https:\/\/nyforetagarcentrum.se\/vetlanda\/wp-content\/uploads\/sites\/50\/2024\/04\/image002-1024x1024.jpg 1024w, https:\/\/nyforetagarcentrum.se\/vetlanda\/wp-content\/uploads\/sites\/50\/2024\/04\/image002-300x300.jpg 300w, https:\/\/nyforetagarcentrum.se\/vetlanda\/wp-content\/uploads\/sites\/50\/2024\/04\/image002-150x150.jpg 150w, https:\/\/nyforetagarcentrum.se\/vetlanda\/wp-content\/uploads\/sites\/50\/2024\/04\/image002-768x768.jpg 768w, https:\/\/nyforetagarcentrum.se\/vetlanda\/wp-content\/uploads\/sites\/50\/2024\/04\/image002-1080x1080.jpg 1080w, https:\/\/nyforetagarcentrum.se\/vetlanda\/wp-content\/uploads\/sites\/50\/2024\/04\/image002.jpg 1156w\" sizes=\"(max-width: 1024px) 100vw, 1024px\" \/>            <\/div>\n\n    <div class=\"content-wrapper\">\n        <h3>Robin Wall\u00e9n Nilsson<\/h3>\n\n                    <div class=\"excerpt\">\n                Ledamot<br \/>\r\n<br \/>\r\nVetlanda Gjuteri AB            <\/div>\n        \n        <div class=\"links\">\n\n            \n                            <a href=\"mailto:robin@vetlandagjuteri.se\">\n                    robin@vetlandagjuteri.se                <\/a>\n                    <\/div>\n        \n    <\/div>\n<\/div><div class=\"person-large-card\">\n    \n    <div class=\"featured_image\">\n                    <img loading=\"lazy\" decoding=\"async\" width=\"644\" height=\"779\" src=\"https:\/\/nyforetagarcentrum.se\/vetlanda\/wp-content\/uploads\/sites\/50\/2024\/03\/Hakan-Samuelsson.jpeg\" class=\"attachment-large size-large\" alt=\"\" srcset=\"https:\/\/nyforetagarcentrum.se\/vetlanda\/wp-content\/uploads\/sites\/50\/2024\/03\/Hakan-Samuelsson.jpeg 644w, https:\/\/nyforetagarcentrum.se\/vetlanda\/wp-content\/uploads\/sites\/50\/2024\/03\/Hakan-Samuelsson-248x300.jpeg 248w\" sizes=\"(max-width: 644px) 100vw, 644px\" \/>            <\/div>\n\n    <div class=\"content-wrapper\">\n        <h3>H\u00e5kan Samuelsson<\/h3>\n\n                    <div class=\"excerpt\">\n                Ledamot<br \/>\r\n<br \/>\r\nKontorsSpecial            <\/div>\n        \n        <div class=\"links\">\n\n            \n                            <a href=\"mailto:Hakan.Samuelsson@kontorsspecial.se\">\n                    Hakan.Samuelsson@kontorsspecial.se                <\/a>\n                    <\/div>\n        \n    <\/div>\n<\/div><div class=\"person-large-card\">\n    \n    <div class=\"featured_image\">\n                    <img loading=\"lazy\" decoding=\"async\" width=\"791\" height=\"1024\" src=\"https:\/\/nyforetagarcentrum.se\/vetlanda\/wp-content\/uploads\/sites\/50\/2024\/02\/Malin-Zeilon-791x1024.jpg\" class=\"attachment-large size-large\" alt=\"\" srcset=\"https:\/\/nyforetagarcentrum.se\/vetlanda\/wp-content\/uploads\/sites\/50\/2024\/02\/Malin-Zeilon-791x1024.jpg 791w, https:\/\/nyforetagarcentrum.se\/vetlanda\/wp-content\/uploads\/sites\/50\/2024\/02\/Malin-Zeilon-232x300.jpg 232w, https:\/\/nyforetagarcentrum.se\/vetlanda\/wp-content\/uploads\/sites\/50\/2024\/02\/Malin-Zeilon-768x994.jpg 768w, https:\/\/nyforetagarcentrum.se\/vetlanda\/wp-content\/uploads\/sites\/50\/2024\/02\/Malin-Zeilon-1187x1536.jpg 1187w, https:\/\/nyforetagarcentrum.se\/vetlanda\/wp-content\/uploads\/sites\/50\/2024\/02\/Malin-Zeilon-1582x2048.jpg 1582w, https:\/\/nyforetagarcentrum.se\/vetlanda\/wp-content\/uploads\/sites\/50\/2024\/02\/Malin-Zeilon-834x1080.jpg 834w, https:\/\/nyforetagarcentrum.se\/vetlanda\/wp-content\/uploads\/sites\/50\/2024\/02\/Malin-Zeilon-scaled.jpg 1978w\" sizes=\"(max-width: 791px) 100vw, 791px\" \/>            <\/div>\n\n    <div class=\"content-wrapper\">\n        <h3>Malin Zeilon<\/h3>\n\n                    <div class=\"excerpt\">\n                Ledamot<br \/>\r\n<br \/>\r\nHandelsbanken            <\/div>\n        \n        <div class=\"links\">\n\n            \n                    <\/div>\n        \n    <\/div>\n<\/div>        <\/div>\n    <\/div>\n<\/section>\n\n<section  class=\"nfc-block-person_grid alignwide layout-large\">\n    <div class=\"contained\">\n        <div class=\"grid\">\n            <div class=\"person-large-card\">\n    \n    <div class=\"featured_image\">\n                    <img loading=\"lazy\" decoding=\"async\" width=\"917\" height=\"1024\" src=\"https:\/\/nyforetagarcentrum.se\/vetlanda\/wp-content\/uploads\/sites\/50\/2024\/06\/Veronica-Lofgren-917x1024.jpeg\" class=\"attachment-large size-large\" alt=\"\" srcset=\"https:\/\/nyforetagarcentrum.se\/vetlanda\/wp-content\/uploads\/sites\/50\/2024\/06\/Veronica-Lofgren-917x1024.jpeg 917w, https:\/\/nyforetagarcentrum.se\/vetlanda\/wp-content\/uploads\/sites\/50\/2024\/06\/Veronica-Lofgren-269x300.jpeg 269w, https:\/\/nyforetagarcentrum.se\/vetlanda\/wp-content\/uploads\/sites\/50\/2024\/06\/Veronica-Lofgren-768x858.jpeg 768w, https:\/\/nyforetagarcentrum.se\/vetlanda\/wp-content\/uploads\/sites\/50\/2024\/06\/Veronica-Lofgren-967x1080.jpeg 967w, https:\/\/nyforetagarcentrum.se\/vetlanda\/wp-content\/uploads\/sites\/50\/2024\/06\/Veronica-Lofgren.jpeg 1000w\" sizes=\"(max-width: 917px) 100vw, 917px\" \/>            <\/div>\n\n    <div class=\"content-wrapper\">\n        <h3>Veronica L\u00f6fgren<\/h3>\n\n                    <div class=\"excerpt\">\n                Valberedningen            <\/div>\n        \n        <div class=\"links\">\n\n            \n                    <\/div>\n        \n    <\/div>\n<\/div><div class=\"person-large-card\">\n    \n    <div class=\"featured_image\">\n                    <img loading=\"lazy\" decoding=\"async\" width=\"819\" height=\"1024\" src=\"https:\/\/nyforetagarcentrum.se\/vetlanda\/wp-content\/uploads\/sites\/50\/2024\/04\/Jorgen-Asp-819x1024.jpg\" class=\"attachment-large size-large\" alt=\"\" srcset=\"https:\/\/nyforetagarcentrum.se\/vetlanda\/wp-content\/uploads\/sites\/50\/2024\/04\/Jorgen-Asp-819x1024.jpg 819w, https:\/\/nyforetagarcentrum.se\/vetlanda\/wp-content\/uploads\/sites\/50\/2024\/04\/Jorgen-Asp-240x300.jpg 240w, https:\/\/nyforetagarcentrum.se\/vetlanda\/wp-content\/uploads\/sites\/50\/2024\/04\/Jorgen-Asp-768x960.jpg 768w, https:\/\/nyforetagarcentrum.se\/vetlanda\/wp-content\/uploads\/sites\/50\/2024\/04\/Jorgen-Asp-1229x1536.jpg 1229w, https:\/\/nyforetagarcentrum.se\/vetlanda\/wp-content\/uploads\/sites\/50\/2024\/04\/Jorgen-Asp-1639x2048.jpg 1639w, https:\/\/nyforetagarcentrum.se\/vetlanda\/wp-content\/uploads\/sites\/50\/2024\/04\/Jorgen-Asp-864x1080.jpg 864w, https:\/\/nyforetagarcentrum.se\/vetlanda\/wp-content\/uploads\/sites\/50\/2024\/04\/Jorgen-Asp-scaled.jpg 2048w\" sizes=\"(max-width: 819px) 100vw, 819px\" \/>            <\/div>\n\n    <div class=\"content-wrapper\">\n        <h3>J\u00f6rgen Asp<\/h3>\n\n                    <div class=\"excerpt\">\n                Valberedning<br \/>\r\n<br \/>\r\nHandelsbanken            <\/div>\n        \n        <div class=\"links\">\n\n            \n                            <a href=\"mailto:joas01@handelsbanken.se\">\n                    joas01@handelsbanken.se                <\/a>\n                    <\/div>\n        \n    <\/div>\n<\/div><div class=\"person-large-card\">\n    \n    <div class=\"featured_image\">\n                    <img loading=\"lazy\" decoding=\"async\" width=\"480\" height=\"672\" src=\"https:\/\/nyforetagarcentrum.se\/vetlanda\/wp-content\/uploads\/sites\/50\/2024\/04\/Henrik-Davidsson.jpg\" class=\"attachment-large size-large\" alt=\"\" srcset=\"https:\/\/nyforetagarcentrum.se\/vetlanda\/wp-content\/uploads\/sites\/50\/2024\/04\/Henrik-Davidsson.jpg 480w, https:\/\/nyforetagarcentrum.se\/vetlanda\/wp-content\/uploads\/sites\/50\/2024\/04\/Henrik-Davidsson-214x300.jpg 214w\" sizes=\"(max-width: 480px) 100vw, 480px\" \/>            <\/div>\n\n    <div class=\"content-wrapper\">\n        <h3>Henrik Davidsson<\/h3>\n\n                    <div class=\"excerpt\">\n                Revisor<br \/>\r\n<br \/>\r\nH\u00f6glandets Revisionsbyr\u00e5            <\/div>\n        \n        <div class=\"links\">\n\n            \n                            <a href=\"mailto:henrik@hoglandetsrevision.se\">\n                    henrik@hoglandetsrevision.se                <\/a>\n                    <\/div>\n        \n    <\/div>\n<\/div><div class=\"person-large-card\">\n    \n    <div class=\"featured_image\">\n                    <img loading=\"lazy\" decoding=\"async\" width=\"480\" height=\"672\" src=\"https:\/\/nyforetagarcentrum.se\/vetlanda\/wp-content\/uploads\/sites\/50\/2024\/04\/Daniel-Palmberg.jpg\" class=\"attachment-large size-large\" alt=\"\" srcset=\"https:\/\/nyforetagarcentrum.se\/vetlanda\/wp-content\/uploads\/sites\/50\/2024\/04\/Daniel-Palmberg.jpg 480w, https:\/\/nyforetagarcentrum.se\/vetlanda\/wp-content\/uploads\/sites\/50\/2024\/04\/Daniel-Palmberg-214x300.jpg 214w\" sizes=\"(max-width: 480px) 100vw, 480px\" \/>            <\/div>\n\n    <div class=\"content-wrapper\">\n        <h3>Daniel Palmberg<\/h3>\n\n                    <div class=\"excerpt\">\n                Revisor<br \/>\r\n<br \/>\r\nH\u00f6glandets Revisionsbyr\u00e5            <\/div>\n        \n        <div class=\"links\">\n\n            \n                            <a href=\"mailto:daniel@hoglandetsrevision.se\">\n                    daniel@hoglandetsrevision.se                <\/a>\n                    <\/div>\n        \n    <\/div>\n<\/div>        <\/div>\n    <\/div>\n<\/section>\n\n\n<div style=\"height:100px\" aria-hidden=\"true\" class=\"wp-block-spacer\"><\/div>\n","protected":false},"excerpt":{"rendered":"","protected":false},"author":1,"featured_media":0,"parent":0,"menu_order":0,"comment_status":"closed","ping_status":"closed","template":"","meta":{"footnotes":""},"acf":[],"yoast_head":"<!-- This site is optimized with the Yoast SEO plugin v22.9 - https:\/\/yoast.com\/wordpress\/plugins\/seo\/ -->\n<title>V\u00e5r styrelse - Vetlanda<\/title>\n<meta name=\"robots\" content=\"index, follow, max-snippet:-1, max-image-preview:large, max-video-preview:-1\" \/>\n<link rel=\"canonical\" href=\"https:\/\/nyforetagarcentrum.se\/vetlanda\/var-styrelse\/\" \/>\n<meta property=\"og:locale\" content=\"sv_SE\" \/>\n<meta property=\"og:type\" content=\"article\" \/>\n<meta property=\"og:title\" content=\"V\u00e5r styrelse - Vetlanda\" \/>\n<meta property=\"og:url\" content=\"https:\/\/nyforetagarcentrum.se\/vetlanda\/var-styrelse\/\" \/>\n<meta property=\"og:site_name\" content=\"Vetlanda\" \/>\n<meta property=\"article:modified_time\" content=\"2025-09-25T06:39:48+00:00\" \/>\n<meta name=\"twitter:card\" content=\"summary_large_image\" \/>\n<script type=\"application\/ld+json\" class=\"yoast-schema-graph\">{\"@context\":\"https:\/\/schema.org\",\"@graph\":[{\"@type\":\"WebPage\",\"@id\":\"https:\/\/nyforetagarcentrum.se\/vetlanda\/var-styrelse\/\",\"url\":\"https:\/\/nyforetagarcentrum.se\/vetlanda\/var-styrelse\/\",\"name\":\"V\u00e5r styrelse - Vetlanda\",\"isPartOf\":{\"@id\":\"https:\/\/nyforetagarcentrum.se\/vetlanda\/#website\"},\"datePublished\":\"2024-02-27T15:05:17+00:00\",\"dateModified\":\"2025-09-25T06:39:48+00:00\",\"breadcrumb\":{\"@id\":\"https:\/\/nyforetagarcentrum.se\/vetlanda\/var-styrelse\/#breadcrumb\"},\"inLanguage\":\"sv-SE\",\"potentialAction\":[{\"@type\":\"ReadAction\",\"target\":[\"https:\/\/nyforetagarcentrum.se\/vetlanda\/var-styrelse\/\"]}]},{\"@type\":\"BreadcrumbList\",\"@id\":\"https:\/\/nyforetagarcentrum.se\/vetlanda\/var-styrelse\/#breadcrumb\",\"itemListElement\":[{\"@type\":\"ListItem\",\"position\":1,\"name\":\"Hem\",\"item\":\"https:\/\/nyforetagarcentrum.se\/vetlanda\/\"},{\"@type\":\"ListItem\",\"position\":2,\"name\":\"V\u00e5r styrelse\"}]},{\"@type\":\"WebSite\",\"@id\":\"https:\/\/nyforetagarcentrum.se\/vetlanda\/#website\",\"url\":\"https:\/\/nyforetagarcentrum.se\/vetlanda\/\",\"name\":\"Vetlanda\",\"description\":\"Sveriges ledande kraft f\u00f6r fler nya livskraftiga f\u00f6retag\",\"publisher\":{\"@id\":\"https:\/\/nyforetagarcentrum.se\/vetlanda\/#organization\"},\"potentialAction\":[{\"@type\":\"SearchAction\",\"target\":{\"@type\":\"EntryPoint\",\"urlTemplate\":\"https:\/\/nyforetagarcentrum.se\/vetlanda\/?s={search_term_string}\"},\"query-input\":\"required name=search_term_string\"}],\"inLanguage\":\"sv-SE\"},{\"@type\":\"Organization\",\"@id\":\"https:\/\/nyforetagarcentrum.se\/vetlanda\/#organization\",\"name\":\"Vetlanda\",\"url\":\"https:\/\/nyforetagarcentrum.se\/vetlanda\/\",\"logo\":{\"@type\":\"ImageObject\",\"inLanguage\":\"sv-SE\",\"@id\":\"https:\/\/nyforetagarcentrum.se\/vetlanda\/#\/schema\/logo\/image\/\",\"url\":\"https:\/\/nyforetagarcentrum.se\/vetlanda\/wp-content\/uploads\/sites\/50\/2024\/07\/vetlanda_bla.png\",\"contentUrl\":\"https:\/\/nyforetagarcentrum.se\/vetlanda\/wp-content\/uploads\/sites\/50\/2024\/07\/vetlanda_bla.png\",\"width\":870,\"height\":355,\"caption\":\"Vetlanda\"},\"image\":{\"@id\":\"https:\/\/nyforetagarcentrum.se\/vetlanda\/#\/schema\/logo\/image\/\"}}]}<\/script>\n<!-- \/ Yoast SEO plugin. -->","yoast_head_json":{"title":"V\u00e5r styrelse - Vetlanda","robots":{"index":"index","follow":"follow","max-snippet":"max-snippet:-1","max-image-preview":"max-image-preview:large","max-video-preview":"max-video-preview:-1"},"canonical":"https:\/\/nyforetagarcentrum.se\/vetlanda\/var-styrelse\/","og_locale":"sv_SE","og_type":"article","og_title":"V\u00e5r styrelse - Vetlanda","og_url":"https:\/\/nyforetagarcentrum.se\/vetlanda\/var-styrelse\/","og_site_name":"Vetlanda","article_modified_time":"2025-09-25T06:39:48+00:00","twitter_card":"summary_large_image","schema":{"@context":"https:\/\/schema.org","@graph":[{"@type":"WebPage","@id":"https:\/\/nyforetagarcentrum.se\/vetlanda\/var-styrelse\/","url":"https:\/\/nyforetagarcentrum.se\/vetlanda\/var-styrelse\/","name":"V\u00e5r styrelse - Vetlanda","isPartOf":{"@id":"https:\/\/nyforetagarcentrum.se\/vetlanda\/#website"},"datePublished":"2024-02-27T15:05:17+00:00","dateModified":"2025-09-25T06:39:48+00:00","breadcrumb":{"@id":"https:\/\/nyforetagarcentrum.se\/vetlanda\/var-styrelse\/#breadcrumb"},"inLanguage":"sv-SE","potentialAction":[{"@type":"ReadAction","target":["https:\/\/nyforetagarcentrum.se\/vetlanda\/var-styrelse\/"]}]},{"@type":"BreadcrumbList","@id":"https:\/\/nyforetagarcentrum.se\/vetlanda\/var-styrelse\/#breadcrumb","itemListElement":[{"@type":"ListItem","position":1,"name":"Hem","item":"https:\/\/nyforetagarcentrum.se\/vetlanda\/"},{"@type":"ListItem","position":2,"name":"V\u00e5r styrelse"}]},{"@type":"WebSite","@id":"https:\/\/nyforetagarcentrum.se\/vetlanda\/#website","url":"https:\/\/nyforetagarcentrum.se\/vetlanda\/","name":"Vetlanda","description":"Sveriges ledande kraft f\u00f6r fler nya livskraftiga f\u00f6retag","publisher":{"@id":"https:\/\/nyforetagarcentrum.se\/vetlanda\/#organization"},"potentialAction":[{"@type":"SearchAction","target":{"@type":"EntryPoint","urlTemplate":"https:\/\/nyforetagarcentrum.se\/vetlanda\/?s={search_term_string}"},"query-input":"required name=search_term_string"}],"inLanguage":"sv-SE"},{"@type":"Organization","@id":"https:\/\/nyforetagarcentrum.se\/vetlanda\/#organization","name":"Vetlanda","url":"https:\/\/nyforetagarcentrum.se\/vetlanda\/","logo":{"@type":"ImageObject","inLanguage":"sv-SE","@id":"https:\/\/nyforetagarcentrum.se\/vetlanda\/#\/schema\/logo\/image\/","url":"https:\/\/nyforetagarcentrum.se\/vetlanda\/wp-content\/uploads\/sites\/50\/2024\/07\/vetlanda_bla.png","contentUrl":"https:\/\/nyforetagarcentrum.se\/vetlanda\/wp-content\/uploads\/sites\/50\/2024\/07\/vetlanda_bla.png","width":870,"height":355,"caption":"Vetlanda"},"image":{"@id":"https:\/\/nyforetagarcentrum.se\/vetlanda\/#\/schema\/logo\/image\/"}}]}},"_links":{"self":[{"href":"https:\/\/nyforetagarcentrum.se\/vetlanda\/wp-json\/wp\/v2\/pages\/164"}],"collection":[{"href":"https:\/\/nyforetagarcentrum.se\/vetlanda\/wp-json\/wp\/v2\/pages"}],"about":[{"href":"https:\/\/nyforetagarcentrum.se\/vetlanda\/wp-json\/wp\/v2\/types\/page"}],"author":[{"embeddable":true,"href":"https:\/\/nyforetagarcentrum.se\/vetlanda\/wp-json\/wp\/v2\/users\/1"}],"replies":[{"embeddable":true,"href":"https:\/\/nyforetagarcentrum.se\/vetlanda\/wp-json\/wp\/v2\/comments?post=164"}],"version-history":[{"count":22,"href":"https:\/\/nyforetagarcentrum.se\/vetlanda\/wp-json\/wp\/v2\/pages\/164\/revisions"}],"predecessor-version":[{"id":789,"href":"https:\/\/nyforetagarcentrum.se\/vetlanda\/wp-json\/wp\/v2\/pages\/164\/revisions\/789"}],"wp:attachment":[{"href":"https:\/\/nyforetagarcentrum.se\/vetlanda\/wp-json\/wp\/v2\/media?parent=164"}],"curies":[{"name":"wp","href":"https:\/\/api.w.org\/{rel}","templated":true}]}}