{"id":850,"date":"2024-06-11T23:09:30","date_gmt":"2024-06-11T21:09:30","guid":{"rendered":"https:\/\/nyforetagarcentrum.se\/vastraostergotland\/?page_id=850"},"modified":"2026-02-26T17:19:18","modified_gmt":"2026-02-26T16:19:18","slug":"steget-till-eget","status":"publish","type":"page","link":"https:\/\/nyforetagarcentrum.se\/vastraostergotland\/steget-till-eget\/","title":{"rendered":"Steget till Eget"},"content":{"rendered":"<section  class=\"nfc-block-hero alignfull\">\n\n    <img loading=\"lazy\" decoding=\"async\" width=\"1280\" height=\"771\" src=\"https:\/\/nyforetagarcentrum.se\/vastraostergotland\/wp-content\/uploads\/sites\/32\/2024\/06\/job-5382501_1280.jpg\" class=\"attachment-landscape size-landscape\" alt=\"\" srcset=\"https:\/\/nyforetagarcentrum.se\/vastraostergotland\/wp-content\/uploads\/sites\/32\/2024\/06\/job-5382501_1280.jpg 1280w, https:\/\/nyforetagarcentrum.se\/vastraostergotland\/wp-content\/uploads\/sites\/32\/2024\/06\/job-5382501_1280-300x181.jpg 300w, https:\/\/nyforetagarcentrum.se\/vastraostergotland\/wp-content\/uploads\/sites\/32\/2024\/06\/job-5382501_1280-1024x617.jpg 1024w, https:\/\/nyforetagarcentrum.se\/vastraostergotland\/wp-content\/uploads\/sites\/32\/2024\/06\/job-5382501_1280-768x463.jpg 768w\" sizes=\"(max-width: 1280px) 100vw, 1280px\" \/>\n    <div class=\"contained\">\n        <h1 class=\"nfc-block-hero__heading\">Steget till Eget <br \/>\r\nstarta-eget-kurs<\/h1>\n\n            <\/div>\n<\/section>\n\n\n<div style=\"height:50px\" aria-hidden=\"true\" class=\"wp-block-spacer\"><\/div>\n\n\n\n<p>V\u00e5r popul\u00e4ra och kostnadsfria starta-eget-kurs Steget till Eget innefattar <strong>sex steg<\/strong> och vi rekommenderar att du g\u00e5r p\u00e5 samtliga d\u00e5 detta kommer att ge dig mycket av den information som vi p\u00e5 Nyf\u00f6retagarCentrum vet att du som ny f\u00f6retagare har nytta av att k\u00e4nna till i din f\u00f6retagarroll.<\/p>\n\n\n\n<p>Dessutom har du naturligtvis m\u00f6jlighet att st\u00e4lla fr\u00e5gor och du kan \u00e4ven ut\u00f6ka ditt n\u00e4tverk!<\/p>\n\n\n\n<p>F\u00f6rutom en r\u00e5dgivare fr\u00e5n Nyf\u00f6retagarCentrum tr\u00e4ffar du en eller flera av v\u00e5ra samarbetspartners som h\u00e5ller i f\u00f6redraget f\u00f6r kv\u00e4llen. Under kv\u00e4llen har du m\u00f6jlighet att st\u00e4lla fr\u00e5gor och dessutom f\u00e5r du en utm\u00e4rkt m\u00f6jlighet att ut\u00f6ka ditt n\u00e4tverk!<\/p>\n\n\n\n<p>Tr\u00e4ffarna arrangeras l\u00f6pande och du hittar datum, tid och plats under <a href=\"https:\/\/nyforetagarcentrum.se\/vastraostergotland\/evenemang\/\">Evenemang<\/a> h\u00e4r p\u00e5 hemsidan. Har du f\u00f6rhinder n\u00e5gon av tr\u00e4ffarna finns ocks\u00e5 m\u00f6jlighet att g\u00e5 det steget i n\u00e4sta omg\u00e5ng.&nbsp;<\/p>\n\n\n\n<p>Vi bjuder p\u00e5 fika!<br><\/p>\n\n\n\n<p>V\u00e4lkommen!<\/p>\n\n\n\n<div style=\"height:26px\" aria-hidden=\"true\" class=\"wp-block-spacer\"><\/div>\n\n\n\n<figure class=\"wp-block-embed is-type-video is-provider-youtube wp-block-embed-youtube wp-embed-aspect-16-9 wp-has-aspect-ratio\"><div class=\"wp-block-embed__wrapper\">\n<iframe loading=\"lazy\" title=\"Ta Steget till Eget: Susan Ritheim Olsson - V\u00e4tterh\u00e4sten Caf\u00e9 &amp; Restaurang AB\" width=\"500\" height=\"281\" src=\"https:\/\/www.youtube.com\/embed\/JDfaeOeSM-o?feature=oembed\" frameborder=\"0\" allow=\"accelerometer; autoplay; clipboard-write; encrypted-media; gyroscope; picture-in-picture; web-share\" referrerpolicy=\"strict-origin-when-cross-origin\" allowfullscreen><\/iframe>\n<\/div><\/figure>\n\n\n\n<div style=\"height:50px\" aria-hidden=\"true\" class=\"wp-block-spacer\"><\/div>\n\n\n\n<figure class=\"wp-block-image size-full is-resized\" id=\"block-5e8c37eb-0b94-432d-b182-8fc4977b918a\"><img loading=\"lazy\" decoding=\"async\" width=\"250\" height=\"85\" src=\"https:\/\/nyforetagarcentrum.se\/vastraostergotland\/wp-content\/uploads\/sites\/32\/2024\/09\/StegetTillEget-1-250x85-1.jpg\" alt=\"\" class=\"wp-image-1164\" style=\"width:250px\" \/><\/figure>\n\n\n\n<p><strong>TEMA:&nbsp;<\/strong>BANK, FINANSIERING&amp; F\u00d6RS\u00c4KRINGAR<\/p>\n\n\n\n<p>P\u00e5 v\u00e5r n\u00e4tverkstr\u00e4ff&nbsp;<strong>Stegen till Eget 1<\/strong>&nbsp;tr\u00e4ffar du oss p\u00e5 Nyf\u00f6retagarCentrum och f\u00e5r veta mer om vilket st\u00f6d du kan f\u00e5 av oss f\u00f6re, under och efter din f\u00f6retagsstart. Vi tittar ocks\u00e5 p\u00e5 aff\u00e4rsplanen \u2013 ett av de viktiga dokument som du b\u00f6r arbeta igenom inf\u00f6r din f\u00f6retagsstart.<\/p>\n\n\n\n<p>Du f\u00e5r ocks\u00e5 information om vad du beh\u00f6ver t\u00e4nka p\u00e5 n\u00e4r du blir f\u00f6retagskund i banken. Vidare tar vi upp fr\u00e5gan kring hur man kan finansiera sin uppstart. Du f\u00e5r \u00e4ven information om f\u00f6rs\u00e4kringar och vad du beh\u00f6ver t\u00e4nka p\u00e5 kring detta n\u00e4r du blir egen f\u00f6retagare.<\/p>\n\n\n\n<p>&#8211; Vad beh\u00f6ver jag t\u00e4nka p\u00e5 n\u00e4r jag blir f\u00f6retagskund hos banken?<\/p>\n\n\n\n<p>&#8211; Vad kan banken hj\u00e4lpa mig med?<\/p>\n\n\n\n<p>&#8211; Hur kan jag finansiera min uppstart?<\/p>\n\n\n\n<p>&#8211; Varf\u00f6r f\u00f6retagsf\u00f6rs\u00e4kring?&nbsp;<\/p>\n\n\n\n<p>&#8211; Vilket ansvar har jag som arbetsgivare?<\/p>\n\n\n\n<p>&#8211; L\u00e4mpligt f\u00f6rs\u00e4kringsskydd f\u00f6r dig, dina anst\u00e4llda och ditt f\u00f6retag.<\/p>\n\n\n\n<p>&#8211; Trygghet och sparande f\u00f6r dig som&nbsp;f\u00f6retagare.<\/p>\n\n\n\n<p id=\"block-c45f27a7-115c-4328-a3e2-37a1b5e63978\">Du f\u00e5r ocks\u00e5 information om&nbsp;n\u00e4ringslivsfr\u00e5gor i de kommuner&nbsp;som ing\u00e5r i v\u00e5rt verksamhetsomr\u00e5de.<\/p>\n\n\n\n<div style=\"height:50px\" aria-hidden=\"true\" class=\"wp-block-spacer\"><\/div>\n\n\n\n<figure class=\"wp-block-image size-full is-resized\" id=\"block-ea1fffdb-3938-4d5a-89c1-4d17166da0b3\"><img loading=\"lazy\" decoding=\"async\" width=\"250\" height=\"80\" src=\"https:\/\/nyforetagarcentrum.se\/vastraostergotland\/wp-content\/uploads\/sites\/32\/2024\/09\/StegetTillEget-2-250x80-1.jpg\" alt=\"\" class=\"wp-image-1165\" style=\"width:250px\" \/><\/figure>\n\n\n\n<p><strong>TEMA:<\/strong>&nbsp;EKONOMI &amp; KASSAL\u00d6SNINGAR<\/p>\n\n\n\n<p>Som f\u00f6retagare m\u00e5ste du ha kunskap om och koll p\u00e5 ditt&nbsp;f\u00f6retags&nbsp;ekonomi. P\u00e5 <strong>Steget till Eget 2<\/strong> f\u00e5r du mer information och kunskap inom detta omr\u00e5de och vi&nbsp;g\u00e5r igenom grundl\u00e4ggande ekonomi f\u00f6r f\u00f6retagare, du l\u00e4r dig f\u00f6rst\u00e5 resultat och balans och f\u00e5r inblick i hur du ska sk\u00f6ta din bokf\u00f6ring.<\/p>\n\n\n\n<p>Du f\u00e5r \u00e4ven information om olika kassal\u00f6sningar och inl\u00f6senavtal och kopplingen mellan kassasystem och bokf\u00f6ringssystem.<\/p>\n\n\n\n<div style=\"height:50px\" aria-hidden=\"true\" class=\"wp-block-spacer\"><\/div>\n\n\n\n<figure class=\"wp-block-image size-full is-resized\" id=\"block-197427b3-15f8-4de2-9990-cb9fd876f662\"><img loading=\"lazy\" decoding=\"async\" width=\"250\" height=\"78\" src=\"https:\/\/nyforetagarcentrum.se\/vastraostergotland\/wp-content\/uploads\/sites\/32\/2024\/09\/StegetTillEget-3-250x78-1.jpg\" alt=\"\" class=\"wp-image-1166\" style=\"width:250px\" \/><\/figure>\n\n\n\n<p><strong>TEMA:<\/strong>&nbsp;AFF\u00c4RSJURIDIK<\/p>\n\n\n\n<p id=\"block-2bfd9790-524e-40b1-b30c-741868570cc6\"><strong>Bolagsform, styrelseprotokoll, aktiebrev, bolagsst\u00e4mma, aktie\u00e4garavtal, kundavtal, leverant\u00f6rsavtal, standardavtal, allm\u00e4nna villkor, hyresavtal, f\u00f6rs\u00e4kringar, aff\u00e4rsmodeller, anst\u00e4llningsformer, anst\u00e4llningsavtal, sekretessavtal\u2026&nbsp;<\/strong><\/p>\n\n\n\n<p id=\"block-5af0ebef-0c56-4b87-8ad7-ca62a1b0feff\"><em>Tycker du som f\u00f6retagare att det \u00e4r mycket att h\u00e5lla koll p\u00e5?<\/em><\/p>\n\n\n\n<p id=\"block-9b45a793-5f0f-4332-8715-f7093801c695\">P\u00e5&nbsp;<strong>Steget till Eget 3<\/strong>&nbsp;g\u00e5r vi igenom de vanligaste fr\u00e5gorna och situationerna du som f\u00f6retagare st\u00e4lls inf\u00f6r och beh\u00f6ver ha koll p\u00e5 n\u00e4r det g\u00e4ller juridik. Detta f\u00f6r att du ska kunna undvika de juridiska fallgroparna n\u00e4r du blir f\u00f6retagare.<\/p>\n\n\n\n<p id=\"block-6154f708-3170-4153-94fd-cc338ab1fef0\">Du f\u00e5r ocks\u00e5 en f\u00f6rst\u00e5else f\u00f6r att n\u00e4r juridiken till\u00e4mpas p\u00e5 r\u00e4tt s\u00e4tt \u00e4r den ett verktyg som skapar goda f\u00f6ruts\u00e4ttningar f\u00f6r f\u00f6retagets l\u00f6nsamma tillv\u00e4xt.<\/p>\n\n\n\n<div style=\"height:50px\" aria-hidden=\"true\" class=\"wp-block-spacer\"><\/div>\n\n\n\n<figure class=\"wp-block-image size-full is-resized\" id=\"block-42df6f01-b58a-4660-89b8-812c8691c08d\"><img loading=\"lazy\" decoding=\"async\" width=\"250\" height=\"78\" src=\"https:\/\/nyforetagarcentrum.se\/vastraostergotland\/wp-content\/uploads\/sites\/32\/2024\/09\/StegetTillEget-4-250x78-1.jpg\" alt=\"\" class=\"wp-image-1167\" style=\"width:250px\" \/><\/figure>\n\n\n\n<p><strong>TEMA:<\/strong>&nbsp;MARKNADSF\u00d6RING<\/p>\n\n\n\n<p>P\u00e5 <strong>Steget till Eget 4 <\/strong>\u00e4r temat marknadsf\u00f6ring, vilket ju bl a innefattar hur din logo och din grafiska<br>profil ser ut till vilka budskap du v\u00e4ljer att anv\u00e4nda dig av f\u00f6r att n\u00e5 ut till dina m\u00e5lgrupper och de behov<br>de har. Allt f\u00f6r att f\u00e5 fler kunder och nya aff\u00e4rer. <\/p>\n\n\n\n<p>Under kv\u00e4llen g\u00e5r vi bl a igenom:<\/p>\n\n\n\n<p><strong>&#8211; <\/strong>Vad \u00e4r marknadsf\u00f6ring, vad st\u00e5r mitt f\u00f6retag f\u00f6r och hur jag bygger mitt varum\u00e4rke.<\/p>\n\n\n\n<p>&#8211; Logotyp och grafisk profil.<\/p>\n\n\n\n<p>&#8211; Min m\u00e5lgrupp och hur n\u00e5r jag dem.<\/p>\n\n\n\n<p>&#8211; Media och kanalval \u2013 var ska jag synas?<\/p>\n\n\n\n<p>&#8211; Inspiration, kunskap och tips kring tryck och hur ditt varum\u00e4rke kan anv\u00e4nda sig av profilprodukter p\u00e5 b\u00e4sta s\u00e4tt.<\/p>\n\n\n\n<div style=\"height:50px\" aria-hidden=\"true\" class=\"wp-block-spacer\"><\/div>\n\n\n\n<figure class=\"wp-block-image size-full is-resized\"><img loading=\"lazy\" decoding=\"async\" width=\"250\" height=\"77\" src=\"https:\/\/nyforetagarcentrum.se\/vastraostergotland\/wp-content\/uploads\/sites\/32\/2024\/09\/StegetTillEget-5-250x77-1.png\" alt=\"\" class=\"wp-image-1168\" style=\"width:250px\" \/><\/figure>\n\n\n\n<p><strong>TEMA:<\/strong>&nbsp;FUNKTIONELL IT F\u00d6R F\u00d6RETAGARE<\/p>\n\n\n\n<p>P\u00e5 <strong>Steget till Eget 5<\/strong> f\u00e5r du grundl\u00e4ggande information och kunskap inom IT-omr\u00e5det, bl a:<\/p>\n\n\n\n<p><strong>&#8211; <\/strong> Vad du beh\u00f6ver ha f\u00f6r utrustning, mjukvara, abonnemang, tj\u00e4nster, mm.<\/p>\n\n\n\n<p>&#8211; Gratisvarianter j\u00e4mf\u00f6rt med k\u00f6pta l\u00f6sningar.<\/p>\n\n\n\n<p>&#8211; S\u00e4kerhet och eSkydd.<\/p>\n\n\n\n<p>&#8211; Internetmarknadsf\u00f6ring, hemsida, sociala medier.<\/p>\n\n\n\n<div style=\"height:50px\" aria-hidden=\"true\" class=\"wp-block-spacer\"><\/div>\n\n\n\n<figure class=\"wp-block-image size-full is-resized\"><img loading=\"lazy\" decoding=\"async\" width=\"250\" height=\"79\" src=\"https:\/\/nyforetagarcentrum.se\/vastraostergotland\/wp-content\/uploads\/sites\/32\/2024\/09\/StegetTillEget-6-ny-250x79-1.jpg\" alt=\"\" class=\"wp-image-1169\" style=\"width:250px\" \/><\/figure>\n\n\n\n<p><strong>TEMA:&nbsp;<\/strong>H\u00c5LLBART F\u00d6RETAGANDE<\/p>\n\n\n\n<p>Ett h\u00e5llbart f\u00f6retag \u00e4r ett f\u00f6retag d\u00e4r l\u00f6nsamhet, milj\u00f6h\u00e4nsyn och socialt engagemang f\u00f6renas.<br>H\u00e5llbart f\u00f6retagande handlar bland annat om att spara p\u00e5 egna resurser och minska den negativa<br>milj\u00f6p\u00e5verkan.<\/p>\n\n\n\n<p>Att t\u00e4nka h\u00e5llbarhet redan fr\u00e5n start g\u00f6r att ditt f\u00f6retag bl a blir en attraktiv leverant\u00f6r och<br>arbetsgivare. Det leder ocks\u00e5 till en smartare resursanv\u00e4ndning. Men hur g\u00f6r man?<\/p>\n\n\n\n<p>P\u00e5 <strong>Steget till Eget 6<\/strong> f\u00e5r du \u00f6kad kunskap inom detta omr\u00e5de och ocks\u00e5 tips och r\u00e5d om hur du kan t\u00e4nka<br>avseende h\u00e5llbarhet inf\u00f6r din f\u00f6retagsstart och under ditt f\u00f6retags f\u00f6rsta tid. <\/p>\n\n\n\n<div style=\"height:50px\" aria-hidden=\"true\" class=\"wp-block-spacer\"><\/div>\n","protected":false},"excerpt":{"rendered":"<p>V\u00e5r popul\u00e4ra och kostnadsfria starta-eget-kurs Steget till Eget innefattar sex steg och vi rekommenderar att du g\u00e5r p\u00e5 samtliga d\u00e5 detta kommer att ge dig mycket av den information som vi p\u00e5 Nyf\u00f6retagarCentrum vet att du som ny f\u00f6retagare har nytta av att k\u00e4nna till i din f\u00f6retagarroll. Dessutom har du naturligtvis m\u00f6jlighet att st\u00e4lla [&hellip;]<\/p>\n","protected":false},"author":41,"featured_media":0,"parent":0,"menu_order":0,"comment_status":"closed","ping_status":"closed","template":"","meta":{"footnotes":""},"acf":[],"yoast_head":"<!-- This site is optimized with the Yoast SEO plugin v22.9 - https:\/\/yoast.com\/wordpress\/plugins\/seo\/ -->\n<title>Steget till Eget - V\u00e4stra \u00d6sterg\u00f6tland<\/title>\n<meta name=\"robots\" content=\"index, follow, max-snippet:-1, max-image-preview:large, max-video-preview:-1\" \/>\n<link rel=\"canonical\" href=\"https:\/\/nyforetagarcentrum.se\/vastraostergotland\/steget-till-eget\/\" \/>\n<meta property=\"og:locale\" content=\"sv_SE\" \/>\n<meta property=\"og:type\" content=\"article\" \/>\n<meta property=\"og:title\" content=\"Steget till Eget - V\u00e4stra \u00d6sterg\u00f6tland\" \/>\n<meta property=\"og:description\" content=\"V\u00e5r popul\u00e4ra och kostnadsfria starta-eget-kurs Steget till Eget innefattar sex steg och vi rekommenderar att du g\u00e5r p\u00e5 samtliga d\u00e5 detta kommer att ge dig mycket av den information som vi p\u00e5 Nyf\u00f6retagarCentrum vet att du som ny f\u00f6retagare har nytta av att k\u00e4nna till i din f\u00f6retagarroll. Dessutom har du naturligtvis m\u00f6jlighet att st\u00e4lla [&hellip;]\" \/>\n<meta property=\"og:url\" content=\"https:\/\/nyforetagarcentrum.se\/vastraostergotland\/steget-till-eget\/\" \/>\n<meta property=\"og:site_name\" content=\"V\u00e4stra \u00d6sterg\u00f6tland\" \/>\n<meta property=\"article:modified_time\" content=\"2026-02-26T16:19:18+00:00\" \/>\n<meta property=\"og:image\" content=\"https:\/\/nyforetagarcentrum.se\/vastraostergotland\/wp-content\/uploads\/sites\/32\/2024\/09\/StegetTillEget-1-250x85-1.jpg\" \/>\n<meta name=\"twitter:card\" content=\"summary_large_image\" \/>\n<meta name=\"twitter:label1\" content=\"Ber\u00e4knad l\u00e4stid\" \/>\n\t<meta name=\"twitter:data1\" content=\"5 minuter\" \/>\n<script type=\"application\/ld+json\" class=\"yoast-schema-graph\">{\"@context\":\"https:\/\/schema.org\",\"@graph\":[{\"@type\":\"WebPage\",\"@id\":\"https:\/\/nyforetagarcentrum.se\/vastraostergotland\/steget-till-eget\/\",\"url\":\"https:\/\/nyforetagarcentrum.se\/vastraostergotland\/steget-till-eget\/\",\"name\":\"Steget till Eget - V\u00e4stra \u00d6sterg\u00f6tland\",\"isPartOf\":{\"@id\":\"https:\/\/nyforetagarcentrum.se\/vastraostergotland\/#website\"},\"primaryImageOfPage\":{\"@id\":\"https:\/\/nyforetagarcentrum.se\/vastraostergotland\/steget-till-eget\/#primaryimage\"},\"image\":{\"@id\":\"https:\/\/nyforetagarcentrum.se\/vastraostergotland\/steget-till-eget\/#primaryimage\"},\"thumbnailUrl\":\"https:\/\/nyforetagarcentrum.se\/vastraostergotland\/wp-content\/uploads\/sites\/32\/2024\/09\/StegetTillEget-1-250x85-1.jpg\",\"datePublished\":\"2024-06-11T21:09:30+00:00\",\"dateModified\":\"2026-02-26T16:19:18+00:00\",\"breadcrumb\":{\"@id\":\"https:\/\/nyforetagarcentrum.se\/vastraostergotland\/steget-till-eget\/#breadcrumb\"},\"inLanguage\":\"sv-SE\",\"potentialAction\":[{\"@type\":\"ReadAction\",\"target\":[\"https:\/\/nyforetagarcentrum.se\/vastraostergotland\/steget-till-eget\/\"]}]},{\"@type\":\"ImageObject\",\"inLanguage\":\"sv-SE\",\"@id\":\"https:\/\/nyforetagarcentrum.se\/vastraostergotland\/steget-till-eget\/#primaryimage\",\"url\":\"https:\/\/nyforetagarcentrum.se\/vastraostergotland\/wp-content\/uploads\/sites\/32\/2024\/09\/StegetTillEget-1-250x85-1.jpg\",\"contentUrl\":\"https:\/\/nyforetagarcentrum.se\/vastraostergotland\/wp-content\/uploads\/sites\/32\/2024\/09\/StegetTillEget-1-250x85-1.jpg\",\"width\":250,\"height\":85},{\"@type\":\"BreadcrumbList\",\"@id\":\"https:\/\/nyforetagarcentrum.se\/vastraostergotland\/steget-till-eget\/#breadcrumb\",\"itemListElement\":[{\"@type\":\"ListItem\",\"position\":1,\"name\":\"Hem\",\"item\":\"https:\/\/nyforetagarcentrum.se\/vastraostergotland\/\"},{\"@type\":\"ListItem\",\"position\":2,\"name\":\"Steget till Eget\"}]},{\"@type\":\"WebSite\",\"@id\":\"https:\/\/nyforetagarcentrum.se\/vastraostergotland\/#website\",\"url\":\"https:\/\/nyforetagarcentrum.se\/vastraostergotland\/\",\"name\":\"V\u00e4stra \u00d6sterg\u00f6tland\",\"description\":\"Sveriges ledande kraft f\u00f6r fler nya livskraftiga f\u00f6retag\",\"publisher\":{\"@id\":\"https:\/\/nyforetagarcentrum.se\/vastraostergotland\/#organization\"},\"potentialAction\":[{\"@type\":\"SearchAction\",\"target\":{\"@type\":\"EntryPoint\",\"urlTemplate\":\"https:\/\/nyforetagarcentrum.se\/vastraostergotland\/?s={search_term_string}\"},\"query-input\":\"required name=search_term_string\"}],\"inLanguage\":\"sv-SE\"},{\"@type\":\"Organization\",\"@id\":\"https:\/\/nyforetagarcentrum.se\/vastraostergotland\/#organization\",\"name\":\"V\u00e4stra \u00d6sterg\u00f6tland\",\"url\":\"https:\/\/nyforetagarcentrum.se\/vastraostergotland\/\",\"logo\":{\"@type\":\"ImageObject\",\"inLanguage\":\"sv-SE\",\"@id\":\"https:\/\/nyforetagarcentrum.se\/vastraostergotland\/#\/schema\/logo\/image\/\",\"url\":\"https:\/\/nyforetagarcentrum.se\/vastraostergotland\/wp-content\/uploads\/sites\/32\/2024\/04\/Vastra-ostergotland-1.png\",\"contentUrl\":\"https:\/\/nyforetagarcentrum.se\/vastraostergotland\/wp-content\/uploads\/sites\/32\/2024\/04\/Vastra-ostergotland-1.png\",\"width\":1082,\"height\":542,\"caption\":\"V\u00e4stra \u00d6sterg\u00f6tland\"},\"image\":{\"@id\":\"https:\/\/nyforetagarcentrum.se\/vastraostergotland\/#\/schema\/logo\/image\/\"}}]}<\/script>\n<!-- \/ Yoast SEO plugin. -->","yoast_head_json":{"title":"Steget till Eget - V\u00e4stra \u00d6sterg\u00f6tland","robots":{"index":"index","follow":"follow","max-snippet":"max-snippet:-1","max-image-preview":"max-image-preview:large","max-video-preview":"max-video-preview:-1"},"canonical":"https:\/\/nyforetagarcentrum.se\/vastraostergotland\/steget-till-eget\/","og_locale":"sv_SE","og_type":"article","og_title":"Steget till Eget - V\u00e4stra \u00d6sterg\u00f6tland","og_description":"V\u00e5r popul\u00e4ra och kostnadsfria starta-eget-kurs Steget till Eget innefattar sex steg och vi rekommenderar att du g\u00e5r p\u00e5 samtliga d\u00e5 detta kommer att ge dig mycket av den information som vi p\u00e5 Nyf\u00f6retagarCentrum vet att du som ny f\u00f6retagare har nytta av att k\u00e4nna till i din f\u00f6retagarroll. Dessutom har du naturligtvis m\u00f6jlighet att st\u00e4lla [&hellip;]","og_url":"https:\/\/nyforetagarcentrum.se\/vastraostergotland\/steget-till-eget\/","og_site_name":"V\u00e4stra \u00d6sterg\u00f6tland","article_modified_time":"2026-02-26T16:19:18+00:00","og_image":[{"url":"https:\/\/nyforetagarcentrum.se\/vastraostergotland\/wp-content\/uploads\/sites\/32\/2024\/09\/StegetTillEget-1-250x85-1.jpg"}],"twitter_card":"summary_large_image","twitter_misc":{"Ber\u00e4knad l\u00e4stid":"5 minuter"},"schema":{"@context":"https:\/\/schema.org","@graph":[{"@type":"WebPage","@id":"https:\/\/nyforetagarcentrum.se\/vastraostergotland\/steget-till-eget\/","url":"https:\/\/nyforetagarcentrum.se\/vastraostergotland\/steget-till-eget\/","name":"Steget till Eget - V\u00e4stra \u00d6sterg\u00f6tland","isPartOf":{"@id":"https:\/\/nyforetagarcentrum.se\/vastraostergotland\/#website"},"primaryImageOfPage":{"@id":"https:\/\/nyforetagarcentrum.se\/vastraostergotland\/steget-till-eget\/#primaryimage"},"image":{"@id":"https:\/\/nyforetagarcentrum.se\/vastraostergotland\/steget-till-eget\/#primaryimage"},"thumbnailUrl":"https:\/\/nyforetagarcentrum.se\/vastraostergotland\/wp-content\/uploads\/sites\/32\/2024\/09\/StegetTillEget-1-250x85-1.jpg","datePublished":"2024-06-11T21:09:30+00:00","dateModified":"2026-02-26T16:19:18+00:00","breadcrumb":{"@id":"https:\/\/nyforetagarcentrum.se\/vastraostergotland\/steget-till-eget\/#breadcrumb"},"inLanguage":"sv-SE","potentialAction":[{"@type":"ReadAction","target":["https:\/\/nyforetagarcentrum.se\/vastraostergotland\/steget-till-eget\/"]}]},{"@type":"ImageObject","inLanguage":"sv-SE","@id":"https:\/\/nyforetagarcentrum.se\/vastraostergotland\/steget-till-eget\/#primaryimage","url":"https:\/\/nyforetagarcentrum.se\/vastraostergotland\/wp-content\/uploads\/sites\/32\/2024\/09\/StegetTillEget-1-250x85-1.jpg","contentUrl":"https:\/\/nyforetagarcentrum.se\/vastraostergotland\/wp-content\/uploads\/sites\/32\/2024\/09\/StegetTillEget-1-250x85-1.jpg","width":250,"height":85},{"@type":"BreadcrumbList","@id":"https:\/\/nyforetagarcentrum.se\/vastraostergotland\/steget-till-eget\/#breadcrumb","itemListElement":[{"@type":"ListItem","position":1,"name":"Hem","item":"https:\/\/nyforetagarcentrum.se\/vastraostergotland\/"},{"@type":"ListItem","position":2,"name":"Steget till Eget"}]},{"@type":"WebSite","@id":"https:\/\/nyforetagarcentrum.se\/vastraostergotland\/#website","url":"https:\/\/nyforetagarcentrum.se\/vastraostergotland\/","name":"V\u00e4stra \u00d6sterg\u00f6tland","description":"Sveriges ledande kraft f\u00f6r fler nya livskraftiga f\u00f6retag","publisher":{"@id":"https:\/\/nyforetagarcentrum.se\/vastraostergotland\/#organization"},"potentialAction":[{"@type":"SearchAction","target":{"@type":"EntryPoint","urlTemplate":"https:\/\/nyforetagarcentrum.se\/vastraostergotland\/?s={search_term_string}"},"query-input":"required name=search_term_string"}],"inLanguage":"sv-SE"},{"@type":"Organization","@id":"https:\/\/nyforetagarcentrum.se\/vastraostergotland\/#organization","name":"V\u00e4stra \u00d6sterg\u00f6tland","url":"https:\/\/nyforetagarcentrum.se\/vastraostergotland\/","logo":{"@type":"ImageObject","inLanguage":"sv-SE","@id":"https:\/\/nyforetagarcentrum.se\/vastraostergotland\/#\/schema\/logo\/image\/","url":"https:\/\/nyforetagarcentrum.se\/vastraostergotland\/wp-content\/uploads\/sites\/32\/2024\/04\/Vastra-ostergotland-1.png","contentUrl":"https:\/\/nyforetagarcentrum.se\/vastraostergotland\/wp-content\/uploads\/sites\/32\/2024\/04\/Vastra-ostergotland-1.png","width":1082,"height":542,"caption":"V\u00e4stra \u00d6sterg\u00f6tland"},"image":{"@id":"https:\/\/nyforetagarcentrum.se\/vastraostergotland\/#\/schema\/logo\/image\/"}}]}},"_links":{"self":[{"href":"https:\/\/nyforetagarcentrum.se\/vastraostergotland\/wp-json\/wp\/v2\/pages\/850"}],"collection":[{"href":"https:\/\/nyforetagarcentrum.se\/vastraostergotland\/wp-json\/wp\/v2\/pages"}],"about":[{"href":"https:\/\/nyforetagarcentrum.se\/vastraostergotland\/wp-json\/wp\/v2\/types\/page"}],"author":[{"embeddable":true,"href":"https:\/\/nyforetagarcentrum.se\/vastraostergotland\/wp-json\/wp\/v2\/users\/41"}],"replies":[{"embeddable":true,"href":"https:\/\/nyforetagarcentrum.se\/vastraostergotland\/wp-json\/wp\/v2\/comments?post=850"}],"version-history":[{"count":28,"href":"https:\/\/nyforetagarcentrum.se\/vastraostergotland\/wp-json\/wp\/v2\/pages\/850\/revisions"}],"predecessor-version":[{"id":2472,"href":"https:\/\/nyforetagarcentrum.se\/vastraostergotland\/wp-json\/wp\/v2\/pages\/850\/revisions\/2472"}],"wp:attachment":[{"href":"https:\/\/nyforetagarcentrum.se\/vastraostergotland\/wp-json\/wp\/v2\/media?parent=850"}],"curies":[{"name":"wp","href":"https:\/\/api.w.org\/{rel}","templated":true}]}}