{"id":41,"date":"2024-02-22T10:24:51","date_gmt":"2024-02-22T09:24:51","guid":{"rendered":"https:\/\/nyforetagarcentrum.se\/vastmanland\/?page_id=41"},"modified":"2026-02-17T14:18:11","modified_gmt":"2026-02-17T13:18:11","slug":"vara-samarbetspartners","status":"publish","type":"page","link":"https:\/\/nyforetagarcentrum.se\/vastmanland\/vara-samarbetspartners\/","title":{"rendered":"V\u00e5ra samarbetspartners"},"content":{"rendered":"<section  class=\"nfc-block-hero alignfull\">\n\n    <img loading=\"lazy\" decoding=\"async\" width=\"1470\" height=\"980\" src=\"https:\/\/nyforetagarcentrum.se\/vastmanland\/wp-content\/uploads\/sites\/16\/2024\/02\/Medium_JM.png\" class=\"attachment-landscape size-landscape\" alt=\"\" srcset=\"https:\/\/nyforetagarcentrum.se\/vastmanland\/wp-content\/uploads\/sites\/16\/2024\/02\/Medium_JM.png 1470w, https:\/\/nyforetagarcentrum.se\/vastmanland\/wp-content\/uploads\/sites\/16\/2024\/02\/Medium_JM-300x200.png 300w, https:\/\/nyforetagarcentrum.se\/vastmanland\/wp-content\/uploads\/sites\/16\/2024\/02\/Medium_JM-1024x683.png 1024w, https:\/\/nyforetagarcentrum.se\/vastmanland\/wp-content\/uploads\/sites\/16\/2024\/02\/Medium_JM-768x512.png 768w\" sizes=\"(max-width: 1470px) 100vw, 1470px\" \/>\n    <div class=\"contained\">\n        <h1 class=\"nfc-block-hero__heading\">V\u00e5ra samarbetspartners<\/h1>\n\n            <\/div>\n<\/section>\n\n<section  class=\"block-our-partners nfc-block-partners\">\n    <div class=\"contained\">\n            <\/div>\n<\/section>\n\n\n<div style=\"height:50px\" aria-hidden=\"true\" class=\"wp-block-spacer\"><\/div>\n\n\n<section  class=\"nfc-block-breadcrumbs alignwide\">\n    <div class=\"wrapper contained\">\n        <ol class=\"breadcrumbs\" itemscope itemtype=\"https:\/\/schema.org\/BreadcrumbList\">\n            <li itemprop=\"itemListElement\" itemscope itemtype=\"https:\/\/schema.org\/ListItem\">\n            \n\n                            <span class=\"current\" itemprop=\"name\">Hem<\/span>\n            \n            <meta itemprop=\"position\" content=\"1\" \/>\n        <\/li>\n    <\/ol>    <\/div>\n<\/section>\n\n\n<div style=\"height:51px\" aria-hidden=\"true\" class=\"wp-block-spacer\"><\/div>\n\n\n\n<h2 class=\"wp-block-heading alignwide\"><\/h2>\n\n\n<section  class=\"block-our-partners nfc-block-partners alignwide\">\n    <div class=\"contained\">\n                                    <div class=\"partner-card\">\n                    <div class=\"logo-wrapper\">\n                        <img decoding=\"async\" src=\"https:\/\/nyforetagarcentrum.se\/vastmanland\/wp-content\/uploads\/sites\/16\/2024\/04\/Swedbank_pos_128px-2.png\" alt=\"\">\n                    <\/div>\n                    \n                                            <div class=\"h4\"><b>F\u00f6retagskund hos Swedbank<\/b><\/div>\n                                                                <p class=\"description\">Oavsett om f\u00f6retaget \u00e4r stort eller litet, nytt eller etablerat vill vi hj\u00e4lpa er att utveckla verksamheten. F\u00f6r att g\u00f6ra din och f\u00f6retagets vardag enklare erbjuder vi smidiga tj\u00e4nster, produkter och r\u00e5dgivning. V\u00e4lkommen som f\u00f6retagskund hos oss!<\/p>\n                                                                                                        <div class=\"item link\"><b><a href=\"https:\/\/www.swedbank.se\/foretag\/bli-kund.html\" target=\"_blank\" > L\u00e4s mer om Swedbank<\/a><\/b><\/div>\n                                    <\/div>\n                            <div class=\"partner-card\">\n                    <div class=\"logo-wrapper\">\n                        <img decoding=\"async\" src=\"https:\/\/nyforetagarcentrum.se\/vastmanland\/wp-content\/uploads\/sites\/16\/2024\/04\/LF_Logo_Bergslagen_Vanster_RGB_vitbotten-700x213-1.png\" alt=\"\">\n                    <\/div>\n                    \n                                            <div class=\"h4\"><b>F\u00f6retagsf\u00f6rs\u00e4kring och mer<\/b><\/div>\n                                                                <p class=\"description\">F\u00f6rs\u00e4kring f\u00f6r dig som nyligen startat eget. Totalpris 1 000 kronor f\u00f6r 6 m\u00e5nader.\r\nEnkelt att k\u00f6pa direkt.\r\nSkydd f\u00f6r f\u00f6retagets saker och hj\u00e4lp vid skadest\u00e5ndskrav<\/p>\n                                                                                                        <div class=\"item link\"><b><a href=\"https:\/\/www.lansforsakringar.se\/bergslagen\/foretag\/forsakring\/branschforsakring\/starta-foretagsforsakring\/\" target=\"_blank\" > L\u00e4s mer om LF Bergslagen<\/a><\/b><\/div>\n                                    <\/div>\n                        <\/div>\n<\/section>\n\n\n<h2 class=\"wp-block-heading alignwide\">V\u00e5ra Silver-Partners<\/h2>\n\n\n<section  class=\"block-our-partners nfc-block-partners alignwide\">\n    <div class=\"contained\">\n                                    <div class=\"partner-card\">\n                    <div class=\"logo-wrapper\">\n                        <img decoding=\"async\" src=\"https:\/\/nyforetagarcentrum.se\/vastmanland\/wp-content\/uploads\/sites\/16\/2024\/04\/SEB-svart-700x307-1.jpg\" alt=\"\">\n                    <\/div>\n                    \n                                            <div class=\"h4\"><b>Entrepren\u00f6rstrappan<\/b><\/div>\n                                                                <p class=\"description\">Genom v\u00e5ra samarbeten med ledande organisationer vill vi st\u00e4rka f\u00f6retagsklimatet i Sverige och uppmuntra ett h\u00e5llbart entrepren\u00f6rskap. I entrepren\u00f6rstrappan kan du hitta intressanta partners, st\u00e4rkande n\u00e4tverk och bra st\u00f6d f\u00f6r dig och ditt f\u00f6retag.<\/p>\n                                                                                                        <div class=\"item link\"><b><a href=\"https:\/\/seb.se\/foretag\/foretagsfaser\/starta\/vara-samarbeten-for-ett-starkare-foretagsklimat\" target=\"_blank\" > L\u00e4s mer om Entrepren\u00f6rstrappan<\/a><\/b><\/div>\n                                    <\/div>\n                            <div class=\"partner-card\">\n                    <div class=\"logo-wrapper\">\n                        <img decoding=\"async\" src=\"https:\/\/nyforetagarcentrum.se\/vastmanland\/wp-content\/uploads\/sites\/16\/2024\/04\/aspia_logo_blue-1-700x494-1.png\" alt=\"\">\n                    <\/div>\n                    \n                                            <div class=\"h4\"><b>Det kr\u00e5ngliga blir enkelt<\/b><\/div>\n                                                                <p class=\"description\">Det var inte f\u00f6r bokf\u00f6ringens skull du startade eget. D\u00e4rf\u00f6r har Aspia en ekonomitj\u00e4nst f\u00f6r dig som hellre fokuserar p\u00e5 det du kan b\u00e4st. Klicka p\u00e5 l\u00e4nken f\u00f6r att l\u00e4sa mer om Aspia Go och My business och Aspias erbjudande.\r\n\r\n<\/p>\n                                                                                                        <div class=\"item link\"><b><a href=\"https:\/\/www.aspia.se\/digitalisering\/nyforetagarcentrum-vastmanland\/\" target=\"_blank\" > L\u00e4s mer om Aspia<\/a><\/b><\/div>\n                                    <\/div>\n                            <div class=\"partner-card\">\n                    <div class=\"logo-wrapper\">\n                        <img decoding=\"async\" src=\"https:\/\/nyforetagarcentrum.se\/vastmanland\/wp-content\/uploads\/sites\/16\/2026\/02\/logga-Crowe.png\" alt=\"\">\n                    <\/div>\n                    \n                                            <div class=\"h4\"><b>Crowe V\u00e4ster\u00e5s AB<\/b><\/div>\n                                                                <p class=\"description\">Crowe V\u00e4ster\u00e5s AB drivs av ett v\u00e4letablerat team redovisningskonsulter, revisorer och r\u00e5dgivare med stark lokal f\u00f6rankring.\r\n\r\nVi \u00e4r en fullservicebyr\u00e5 som erbjuder kundn\u00e4ra r\u00e5dgivning baserad p\u00e5 bred kompetens, stort engagemang och h\u00f6g tillg\u00e4nglighet.\r\n\r\nF\u00f6rtroende \u00e4r en k\u00e4nsla. V\u00e4lj byr\u00e5 d\u00e4refter.<\/p>\n                                                                                                        <div class=\"item link\"><b><a href=\"https:\/\/www.crowe.com\/se\/about-us\/vasteras\" target=\"_blank\" > L\u00e4s mer om Crowe<\/a><\/b><\/div>\n                                    <\/div>\n                        <\/div>\n<\/section>\n\n\n<h2 class=\"wp-block-heading alignwide\"><\/h2>\n\n\n<section  class=\"block-our-partners nfc-block-partners alignwide\">\n    <div class=\"contained\">\n                                    <div class=\"partner-card\">\n                    <div class=\"logo-wrapper\">\n                        <img decoding=\"async\" src=\"https:\/\/nyforetagarcentrum.se\/vastmanland\/wp-content\/uploads\/sites\/16\/2024\/04\/Sparbank-mellan-Malardalen-2.png\" alt=\"\">\n                    <\/div>\n                    \n                                            <div class=\"h4\"><b>En enklare vardag<\/b><\/div>\n                                                                <p class=\"description\">Oavsett om f\u00f6retaget \u00e4r stort eller litet, nytt eller etablerat vill vi hj\u00e4lpa er att utveckla verksamheten.\r\nV\u00e4lkommen som f\u00f6retagskund hos oss!<\/p>\n                                                                                                        <div class=\"item link\"><b><a href=\"https:\/\/www.sparbankenvm.se\/foretag\/bli-kund.html\" target=\"_blank\" > L\u00e4s mer <\/a><\/b><\/div>\n                                    <\/div>\n                            <div class=\"partner-card\">\n                    <div class=\"logo-wrapper\">\n                        <img decoding=\"async\" src=\"https:\/\/nyforetagarcentrum.se\/vastmanland\/wp-content\/uploads\/sites\/16\/2024\/04\/Sala_Sparbank_Svart_logga-1-700x180-1.png\" alt=\"\">\n                    <\/div>\n                    \n                                            <div class=\"h4\"><b>F\u00f6retagspaket<\/b><\/div>\n                                                                <p class=\"description\">V\u00e5rt f\u00f6retagspaket \u00e4r en helhetsl\u00f6sning d\u00e4r ni f\u00e5r tillg\u00e5ng till det ni beh\u00f6ver f\u00f6r att kunna sk\u00f6ta f\u00f6retagets bank\u00e4renden p\u00e5 ett smidigt s\u00e4tt.\r\n\r\n<\/p>\n                                                                                                        <div class=\"item link\"><b><a href=\"https:\/\/salasparbank.se\/foretag\/bli-kund\/foretagspaket.html\" target=\"_blank\" > L\u00e4s mer<\/a><\/b><\/div>\n                                    <\/div>\n                            <div class=\"partner-card\">\n                    <div class=\"logo-wrapper\">\n                        <img decoding=\"async\" src=\"https:\/\/nyforetagarcentrum.se\/vastmanland\/wp-content\/uploads\/sites\/16\/2024\/04\/Bjerken-Hynell-Logotyp.png\" alt=\"\">\n                    <\/div>\n                    \n                                            <div class=\"h4\"><b>Varum\u00e4rke, patent &amp; design<\/b><\/div>\n                                                                <p class=\"description\">De produkter och tj\u00e4nster du sj\u00e4lv skapar ska endast komma ditt eget f\u00f6retag tillgodo. Se d\u00e4rf\u00f6r till att \u00e4ga ensamr\u00e4tten till din uppfinning, k\u00e4nnetecken eller produkt genom att skaffa ett optimalt skydd inom patent, varum\u00e4rke och design.\r\n\r\n<\/p>\n                                                                                                        <div class=\"item link\"><b><a href=\"https:\/\/www.bjerken.se\/index.php\" target=\"_blank\" > L\u00e4s mer<\/a><\/b><\/div>\n                                    <\/div>\n                            <div class=\"partner-card\">\n                    <div class=\"logo-wrapper\">\n                        <img decoding=\"async\" src=\"https:\/\/nyforetagarcentrum.se\/vastmanland\/wp-content\/uploads\/sites\/16\/2024\/04\/Floristutbildarna-1rad-BK-01-700x84-1.png\" alt=\"\">\n                    <\/div>\n                    \n                                            <div class=\"h4\"><b>Florist &amp; f\u00f6retagare<\/b><\/div>\n                                                                <p class=\"description\">Att vara florist \u00e4r att ha v\u00e4rldens roligaste jobb om du fr\u00e5gar oss p\u00e5 Floristutbildarna. Vi erbjuder en branschn\u00e4ra floristutbildning inklusive kunskap om att starta-eget.\r\n\r\n<\/p>\n                                                                                                        <div class=\"item link\"><b><a href=\"https:\/\/floristutbildarna.se\/\" target=\"_blank\" > L\u00e4s mer<\/a><\/b><\/div>\n                                    <\/div>\n                            <div class=\"partner-card\">\n                    <div class=\"logo-wrapper\">\n                        <img decoding=\"async\" src=\"https:\/\/nyforetagarcentrum.se\/vastmanland\/wp-content\/uploads\/sites\/16\/2024\/04\/Handelsbanken-700x73-1.png\" alt=\"\">\n                    <\/div>\n                    \n                                            <div class=\"h4\"><b>V\u00e4lkommen till f\u00f6retagarnas bank!<\/b><\/div>\n                                                                <p class=\"description\">Hos oss kan du vara trygg med att vi s\u00e4tter dig och f\u00f6retagets b\u00e4sta f\u00f6rst. Vi v\u00e4rderar l\u00e5ngsiktiga relationer och st\u00f6ttar dig vid varje beslut.\r\n\r\n<\/p>\n                                                                                                        <div class=\"item link\"><b><a href=\"https:\/\/www.handelsbanken.se\/sv\/\" target=\"_blank\" > L\u00e4s mer<\/a><\/b><\/div>\n                                    <\/div>\n                            <div class=\"partner-card\">\n                    <div class=\"logo-wrapper\">\n                        <img decoding=\"async\" src=\"https:\/\/nyforetagarcentrum.se\/vastmanland\/wp-content\/uploads\/sites\/16\/2024\/04\/lyrev-logo-1.png\" alt=\"\">\n                    <\/div>\n                    \n                                            <div class=\"h4\"><b>En lokal redovisningsbyr\u00e5<\/b><\/div>\n                                                                <p class=\"description\">Vi erbjuder f\u00f6retag och organisationer revision och konsultation inom redovisning och beskattning.\r\n\r\n<\/p>\n                                                                                                        <div class=\"item link\"><b><a href=\"https:\/\/www.lyrevision.se\/om\/\" target=\"_blank\" > L\u00e4s mer<\/a><\/b><\/div>\n                                    <\/div>\n                            <div class=\"partner-card\">\n                    <div class=\"logo-wrapper\">\n                        <img decoding=\"async\" src=\"https:\/\/nyforetagarcentrum.se\/vastmanland\/wp-content\/uploads\/sites\/16\/2024\/04\/Danska-bank.png\" alt=\"\">\n                    <\/div>\n                    \n                                            <div class=\"h4\"><b>Marketplace<\/b><\/div>\n                                                                <p class=\"description\">En ny sj\u00e4lvbetj\u00e4ningsfunktion. Lanseringen inneb\u00e4r att du som anv\u00e4ndare nu p\u00e5 egen hand, n\u00e4r det passar dig, kan best\u00e4lla era finansiella produkter och tj\u00e4nster.\r\n\r\n<\/p>\n                                                                                                        <div class=\"item link\"><b><a href=\"https:\/\/danskebank.se\/privat?sc_cid=ppc_google_791141695_43957315631&amp;ps_kw=danske%20bank&amp;gad_source=1&amp;gclid=Cj0KCQjwn7mwBhCiARIsAGoxjaJi8RPI5hfqJJwNIbScybC3ZOSVU6YtLWjIG2C_F3QxbqhmIvIVV5oaAtZ6EALw_wcB&amp;gclsrc=aw.ds\" target=\"_blank\" > L\u00e4s mer<\/a><\/b><\/div>\n                                    <\/div>\n                        <\/div>\n<\/section>\n\n\n<div style=\"height:80px\" aria-hidden=\"true\" class=\"wp-block-spacer\"><\/div>\n","protected":false},"excerpt":{"rendered":"<p>V\u00e5ra Silver-Partners<\/p>\n","protected":false},"author":1,"featured_media":0,"parent":0,"menu_order":0,"comment_status":"closed","ping_status":"closed","template":"","meta":{"footnotes":""},"acf":[],"yoast_head":"<!-- This site is optimized with the Yoast SEO plugin v22.9 - https:\/\/yoast.com\/wordpress\/plugins\/seo\/ -->\n<title>V\u00e5ra samarbetspartners | NFC V\u00e4stmanland<\/title>\n<meta name=\"description\" content=\"Uppt\u00e4ck v\u00e5ra partners i V\u00e4stmanland som bidrar med resurser, expertis och n\u00e4tverk f\u00f6r att hj\u00e4lpa nya f\u00f6retagare att lyckas i sin verksamhet.\" \/>\n<meta name=\"robots\" content=\"index, follow, max-snippet:-1, max-image-preview:large, max-video-preview:-1\" \/>\n<link rel=\"canonical\" href=\"https:\/\/nyforetagarcentrum.se\/vastmanland\/vara-samarbetspartners\/\" \/>\n<meta property=\"og:locale\" content=\"sv_SE\" \/>\n<meta property=\"og:type\" content=\"article\" \/>\n<meta property=\"og:title\" content=\"V\u00e5ra samarbetspartners | NFC V\u00e4stmanland\" \/>\n<meta property=\"og:description\" content=\"Uppt\u00e4ck v\u00e5ra partners i V\u00e4stmanland som bidrar med resurser, expertis och n\u00e4tverk f\u00f6r att hj\u00e4lpa nya f\u00f6retagare att lyckas i sin verksamhet.\" \/>\n<meta property=\"og:url\" content=\"https:\/\/nyforetagarcentrum.se\/vastmanland\/vara-samarbetspartners\/\" \/>\n<meta property=\"og:site_name\" content=\"V\u00e4stmanland\" \/>\n<meta property=\"article:modified_time\" content=\"2026-02-17T13:18:11+00:00\" \/>\n<meta name=\"twitter:card\" content=\"summary_large_image\" \/>\n<meta name=\"twitter:label1\" content=\"Ber\u00e4knad l\u00e4stid\" \/>\n\t<meta name=\"twitter:data1\" content=\"1 minut\" \/>\n<script type=\"application\/ld+json\" class=\"yoast-schema-graph\">{\"@context\":\"https:\/\/schema.org\",\"@graph\":[{\"@type\":\"WebPage\",\"@id\":\"https:\/\/nyforetagarcentrum.se\/vastmanland\/vara-samarbetspartners\/\",\"url\":\"https:\/\/nyforetagarcentrum.se\/vastmanland\/vara-samarbetspartners\/\",\"name\":\"V\u00e5ra samarbetspartners | NFC V\u00e4stmanland\",\"isPartOf\":{\"@id\":\"https:\/\/nyforetagarcentrum.se\/vastmanland\/#website\"},\"datePublished\":\"2024-02-22T09:24:51+00:00\",\"dateModified\":\"2026-02-17T13:18:11+00:00\",\"description\":\"Uppt\u00e4ck v\u00e5ra partners i V\u00e4stmanland som bidrar med resurser, expertis och n\u00e4tverk f\u00f6r att hj\u00e4lpa nya f\u00f6retagare att lyckas i sin verksamhet.\",\"breadcrumb\":{\"@id\":\"https:\/\/nyforetagarcentrum.se\/vastmanland\/vara-samarbetspartners\/#breadcrumb\"},\"inLanguage\":\"sv-SE\",\"potentialAction\":[{\"@type\":\"ReadAction\",\"target\":[\"https:\/\/nyforetagarcentrum.se\/vastmanland\/vara-samarbetspartners\/\"]}]},{\"@type\":\"BreadcrumbList\",\"@id\":\"https:\/\/nyforetagarcentrum.se\/vastmanland\/vara-samarbetspartners\/#breadcrumb\",\"itemListElement\":[{\"@type\":\"ListItem\",\"position\":1,\"name\":\"Hem\",\"item\":\"https:\/\/nyforetagarcentrum.se\/vastmanland\/\"},{\"@type\":\"ListItem\",\"position\":2,\"name\":\"V\u00e5ra samarbetspartners\"}]},{\"@type\":\"WebSite\",\"@id\":\"https:\/\/nyforetagarcentrum.se\/vastmanland\/#website\",\"url\":\"https:\/\/nyforetagarcentrum.se\/vastmanland\/\",\"name\":\"V\u00e4stmanland\",\"description\":\"Sveriges ledande kraft f\u00f6r fler nya livskraftiga f\u00f6retag\",\"publisher\":{\"@id\":\"https:\/\/nyforetagarcentrum.se\/vastmanland\/#organization\"},\"potentialAction\":[{\"@type\":\"SearchAction\",\"target\":{\"@type\":\"EntryPoint\",\"urlTemplate\":\"https:\/\/nyforetagarcentrum.se\/vastmanland\/?s={search_term_string}\"},\"query-input\":\"required name=search_term_string\"}],\"inLanguage\":\"sv-SE\"},{\"@type\":\"Organization\",\"@id\":\"https:\/\/nyforetagarcentrum.se\/vastmanland\/#organization\",\"name\":\"V\u00e4stmanland\",\"url\":\"https:\/\/nyforetagarcentrum.se\/vastmanland\/\",\"logo\":{\"@type\":\"ImageObject\",\"inLanguage\":\"sv-SE\",\"@id\":\"https:\/\/nyforetagarcentrum.se\/vastmanland\/#\/schema\/logo\/image\/\",\"url\":\"https:\/\/nyforetagarcentrum.se\/vastmanland\/wp-content\/uploads\/sites\/16\/2024\/04\/Vastmanland.png\",\"contentUrl\":\"https:\/\/nyforetagarcentrum.se\/vastmanland\/wp-content\/uploads\/sites\/16\/2024\/04\/Vastmanland.png\",\"width\":1082,\"height\":542,\"caption\":\"V\u00e4stmanland\"},\"image\":{\"@id\":\"https:\/\/nyforetagarcentrum.se\/vastmanland\/#\/schema\/logo\/image\/\"}}]}<\/script>\n<!-- \/ Yoast SEO plugin. -->","yoast_head_json":{"title":"V\u00e5ra samarbetspartners | NFC V\u00e4stmanland","description":"Uppt\u00e4ck v\u00e5ra partners i V\u00e4stmanland som bidrar med resurser, expertis och n\u00e4tverk f\u00f6r att hj\u00e4lpa nya f\u00f6retagare att lyckas i sin verksamhet.","robots":{"index":"index","follow":"follow","max-snippet":"max-snippet:-1","max-image-preview":"max-image-preview:large","max-video-preview":"max-video-preview:-1"},"canonical":"https:\/\/nyforetagarcentrum.se\/vastmanland\/vara-samarbetspartners\/","og_locale":"sv_SE","og_type":"article","og_title":"V\u00e5ra samarbetspartners | NFC V\u00e4stmanland","og_description":"Uppt\u00e4ck v\u00e5ra partners i V\u00e4stmanland som bidrar med resurser, expertis och n\u00e4tverk f\u00f6r att hj\u00e4lpa nya f\u00f6retagare att lyckas i sin verksamhet.","og_url":"https:\/\/nyforetagarcentrum.se\/vastmanland\/vara-samarbetspartners\/","og_site_name":"V\u00e4stmanland","article_modified_time":"2026-02-17T13:18:11+00:00","twitter_card":"summary_large_image","twitter_misc":{"Ber\u00e4knad l\u00e4stid":"1 minut"},"schema":{"@context":"https:\/\/schema.org","@graph":[{"@type":"WebPage","@id":"https:\/\/nyforetagarcentrum.se\/vastmanland\/vara-samarbetspartners\/","url":"https:\/\/nyforetagarcentrum.se\/vastmanland\/vara-samarbetspartners\/","name":"V\u00e5ra samarbetspartners | NFC V\u00e4stmanland","isPartOf":{"@id":"https:\/\/nyforetagarcentrum.se\/vastmanland\/#website"},"datePublished":"2024-02-22T09:24:51+00:00","dateModified":"2026-02-17T13:18:11+00:00","description":"Uppt\u00e4ck v\u00e5ra partners i V\u00e4stmanland som bidrar med resurser, expertis och n\u00e4tverk f\u00f6r att hj\u00e4lpa nya f\u00f6retagare att lyckas i sin verksamhet.","breadcrumb":{"@id":"https:\/\/nyforetagarcentrum.se\/vastmanland\/vara-samarbetspartners\/#breadcrumb"},"inLanguage":"sv-SE","potentialAction":[{"@type":"ReadAction","target":["https:\/\/nyforetagarcentrum.se\/vastmanland\/vara-samarbetspartners\/"]}]},{"@type":"BreadcrumbList","@id":"https:\/\/nyforetagarcentrum.se\/vastmanland\/vara-samarbetspartners\/#breadcrumb","itemListElement":[{"@type":"ListItem","position":1,"name":"Hem","item":"https:\/\/nyforetagarcentrum.se\/vastmanland\/"},{"@type":"ListItem","position":2,"name":"V\u00e5ra samarbetspartners"}]},{"@type":"WebSite","@id":"https:\/\/nyforetagarcentrum.se\/vastmanland\/#website","url":"https:\/\/nyforetagarcentrum.se\/vastmanland\/","name":"V\u00e4stmanland","description":"Sveriges ledande kraft f\u00f6r fler nya livskraftiga f\u00f6retag","publisher":{"@id":"https:\/\/nyforetagarcentrum.se\/vastmanland\/#organization"},"potentialAction":[{"@type":"SearchAction","target":{"@type":"EntryPoint","urlTemplate":"https:\/\/nyforetagarcentrum.se\/vastmanland\/?s={search_term_string}"},"query-input":"required name=search_term_string"}],"inLanguage":"sv-SE"},{"@type":"Organization","@id":"https:\/\/nyforetagarcentrum.se\/vastmanland\/#organization","name":"V\u00e4stmanland","url":"https:\/\/nyforetagarcentrum.se\/vastmanland\/","logo":{"@type":"ImageObject","inLanguage":"sv-SE","@id":"https:\/\/nyforetagarcentrum.se\/vastmanland\/#\/schema\/logo\/image\/","url":"https:\/\/nyforetagarcentrum.se\/vastmanland\/wp-content\/uploads\/sites\/16\/2024\/04\/Vastmanland.png","contentUrl":"https:\/\/nyforetagarcentrum.se\/vastmanland\/wp-content\/uploads\/sites\/16\/2024\/04\/Vastmanland.png","width":1082,"height":542,"caption":"V\u00e4stmanland"},"image":{"@id":"https:\/\/nyforetagarcentrum.se\/vastmanland\/#\/schema\/logo\/image\/"}}]}},"_links":{"self":[{"href":"https:\/\/nyforetagarcentrum.se\/vastmanland\/wp-json\/wp\/v2\/pages\/41"}],"collection":[{"href":"https:\/\/nyforetagarcentrum.se\/vastmanland\/wp-json\/wp\/v2\/pages"}],"about":[{"href":"https:\/\/nyforetagarcentrum.se\/vastmanland\/wp-json\/wp\/v2\/types\/page"}],"author":[{"embeddable":true,"href":"https:\/\/nyforetagarcentrum.se\/vastmanland\/wp-json\/wp\/v2\/users\/1"}],"replies":[{"embeddable":true,"href":"https:\/\/nyforetagarcentrum.se\/vastmanland\/wp-json\/wp\/v2\/comments?post=41"}],"version-history":[{"count":77,"href":"https:\/\/nyforetagarcentrum.se\/vastmanland\/wp-json\/wp\/v2\/pages\/41\/revisions"}],"predecessor-version":[{"id":1178,"href":"https:\/\/nyforetagarcentrum.se\/vastmanland\/wp-json\/wp\/v2\/pages\/41\/revisions\/1178"}],"wp:attachment":[{"href":"https:\/\/nyforetagarcentrum.se\/vastmanland\/wp-json\/wp\/v2\/media?parent=41"}],"curies":[{"name":"wp","href":"https:\/\/api.w.org\/{rel}","templated":true}]}}