{"id":746,"date":"2024-05-28T16:12:42","date_gmt":"2024-05-28T14:12:42","guid":{"rendered":"https:\/\/nyforetagarcentrum.se\/vast\/?page_id=746"},"modified":"2024-05-30T16:41:47","modified_gmt":"2024-05-30T14:41:47","slug":"anvandbara-lankar","status":"publish","type":"page","link":"https:\/\/nyforetagarcentrum.se\/vast\/anvandbara-lankar\/","title":{"rendered":"Anv\u00e4ndbara l\u00e4nkar"},"content":{"rendered":"\n<figure class=\"wp-block-image size-full\"><img loading=\"lazy\" decoding=\"async\" width=\"468\" height=\"88\" src=\"https:\/\/nyforetagarcentrum.se\/vast\/wp-content\/uploads\/sites\/78\/2024\/05\/SkatteverketLogo-1.png\" alt=\"\" class=\"wp-image-765\" srcset=\"https:\/\/nyforetagarcentrum.se\/vast\/wp-content\/uploads\/sites\/78\/2024\/05\/SkatteverketLogo-1.png 468w, https:\/\/nyforetagarcentrum.se\/vast\/wp-content\/uploads\/sites\/78\/2024\/05\/SkatteverketLogo-1-300x56.png 300w\" sizes=\"(max-width: 468px) 100vw, 468px\" \/><\/figure>\n\n\n\n<p>V\u00e4lkommen till Skatteverkets digitala utbildningar!<\/p>\n\n\n\n<p>Boka plats p\u00e5 kostnadsfria webbseminarier. Skatteverket har digitala informationstr\u00e4ffar med teman som kan vara intressant f\u00f6r dig som \u00e4r ny f\u00f6retagare eller funderar p\u00e5 att bli.<\/p>\n\n\n\n<p>Klicka <a href=\"https:\/\/www.skatteverket.se\/foretag\/drivaforetag\/webbseminarier.4.18e1b10334ebe8bc80001513.html\">h\u00e4r<\/a> f\u00f6r att se alla webinarier p\u00e5 Skatteverkets hemsida.<\/p>\n","protected":false},"excerpt":{"rendered":"<p>V\u00e4lkommen till Skatteverkets digitala utbildningar! Boka plats p\u00e5 kostnadsfria webbseminarier. Skatteverket har digitala informationstr\u00e4ffar med teman som kan vara intressant f\u00f6r dig som \u00e4r ny f\u00f6retagare eller funderar p\u00e5 att bli. Klicka h\u00e4r f\u00f6r att se alla webinarier p\u00e5 Skatteverkets hemsida.<\/p>\n","protected":false},"author":28,"featured_media":0,"parent":0,"menu_order":0,"comment_status":"closed","ping_status":"closed","template":"","meta":{"footnotes":""},"acf":[],"yoast_head":"<!-- This site is optimized with the Yoast SEO plugin v22.9 - https:\/\/yoast.com\/wordpress\/plugins\/seo\/ -->\n<title>Anv\u00e4ndbara l\u00e4nkar - V\u00e4st<\/title>\n<meta name=\"robots\" content=\"index, follow, max-snippet:-1, max-image-preview:large, max-video-preview:-1\" \/>\n<link rel=\"canonical\" href=\"https:\/\/nyforetagarcentrum.se\/vast\/anvandbara-lankar\/\" \/>\n<meta property=\"og:locale\" content=\"sv_SE\" \/>\n<meta property=\"og:type\" content=\"article\" \/>\n<meta property=\"og:title\" content=\"Anv\u00e4ndbara l\u00e4nkar - V\u00e4st\" \/>\n<meta property=\"og:description\" content=\"V\u00e4lkommen till Skatteverkets digitala utbildningar! Boka plats p\u00e5 kostnadsfria webbseminarier. Skatteverket har digitala informationstr\u00e4ffar med teman som kan vara intressant f\u00f6r dig som \u00e4r ny f\u00f6retagare eller funderar p\u00e5 att bli. Klicka h\u00e4r f\u00f6r att se alla webinarier p\u00e5 Skatteverkets hemsida.\" \/>\n<meta property=\"og:url\" content=\"https:\/\/nyforetagarcentrum.se\/vast\/anvandbara-lankar\/\" \/>\n<meta property=\"og:site_name\" content=\"V\u00e4st\" \/>\n<meta property=\"article:modified_time\" content=\"2024-05-30T14:41:47+00:00\" \/>\n<meta property=\"og:image\" content=\"https:\/\/nyforetagarcentrum.se\/vast\/wp-content\/uploads\/sites\/78\/2024\/05\/SkatteverketLogo-1.png\" \/>\n<meta name=\"twitter:card\" content=\"summary_large_image\" \/>\n<script type=\"application\/ld+json\" class=\"yoast-schema-graph\">{\"@context\":\"https:\/\/schema.org\",\"@graph\":[{\"@type\":\"WebPage\",\"@id\":\"https:\/\/nyforetagarcentrum.se\/vast\/anvandbara-lankar\/\",\"url\":\"https:\/\/nyforetagarcentrum.se\/vast\/anvandbara-lankar\/\",\"name\":\"Anv\u00e4ndbara l\u00e4nkar - V\u00e4st\",\"isPartOf\":{\"@id\":\"https:\/\/nyforetagarcentrum.se\/vast\/#website\"},\"primaryImageOfPage\":{\"@id\":\"https:\/\/nyforetagarcentrum.se\/vast\/anvandbara-lankar\/#primaryimage\"},\"image\":{\"@id\":\"https:\/\/nyforetagarcentrum.se\/vast\/anvandbara-lankar\/#primaryimage\"},\"thumbnailUrl\":\"https:\/\/nyforetagarcentrum.se\/vast\/wp-content\/uploads\/sites\/78\/2024\/05\/SkatteverketLogo-1.png\",\"datePublished\":\"2024-05-28T14:12:42+00:00\",\"dateModified\":\"2024-05-30T14:41:47+00:00\",\"breadcrumb\":{\"@id\":\"https:\/\/nyforetagarcentrum.se\/vast\/anvandbara-lankar\/#breadcrumb\"},\"inLanguage\":\"sv-SE\",\"potentialAction\":[{\"@type\":\"ReadAction\",\"target\":[\"https:\/\/nyforetagarcentrum.se\/vast\/anvandbara-lankar\/\"]}]},{\"@type\":\"ImageObject\",\"inLanguage\":\"sv-SE\",\"@id\":\"https:\/\/nyforetagarcentrum.se\/vast\/anvandbara-lankar\/#primaryimage\",\"url\":\"https:\/\/nyforetagarcentrum.se\/vast\/wp-content\/uploads\/sites\/78\/2024\/05\/SkatteverketLogo-1.png\",\"contentUrl\":\"https:\/\/nyforetagarcentrum.se\/vast\/wp-content\/uploads\/sites\/78\/2024\/05\/SkatteverketLogo-1.png\",\"width\":468,\"height\":88},{\"@type\":\"BreadcrumbList\",\"@id\":\"https:\/\/nyforetagarcentrum.se\/vast\/anvandbara-lankar\/#breadcrumb\",\"itemListElement\":[{\"@type\":\"ListItem\",\"position\":1,\"name\":\"Hem\",\"item\":\"https:\/\/nyforetagarcentrum.se\/vast\/\"},{\"@type\":\"ListItem\",\"position\":2,\"name\":\"Anv\u00e4ndbara l\u00e4nkar\"}]},{\"@type\":\"WebSite\",\"@id\":\"https:\/\/nyforetagarcentrum.se\/vast\/#website\",\"url\":\"https:\/\/nyforetagarcentrum.se\/vast\/\",\"name\":\"V\u00e4st\",\"description\":\"Sveriges ledande kraft f\u00f6r fler nya livskraftiga f\u00f6retag\",\"publisher\":{\"@id\":\"https:\/\/nyforetagarcentrum.se\/vast\/#organization\"},\"potentialAction\":[{\"@type\":\"SearchAction\",\"target\":{\"@type\":\"EntryPoint\",\"urlTemplate\":\"https:\/\/nyforetagarcentrum.se\/vast\/?s={search_term_string}\"},\"query-input\":\"required name=search_term_string\"}],\"inLanguage\":\"sv-SE\"},{\"@type\":\"Organization\",\"@id\":\"https:\/\/nyforetagarcentrum.se\/vast\/#organization\",\"name\":\"V\u00e4st\",\"url\":\"https:\/\/nyforetagarcentrum.se\/vast\/\",\"logo\":{\"@type\":\"ImageObject\",\"inLanguage\":\"sv-SE\",\"@id\":\"https:\/\/nyforetagarcentrum.se\/vast\/#\/schema\/logo\/image\/\",\"url\":\"https:\/\/nyforetagarcentrum.se\/vast\/wp-content\/uploads\/sites\/78\/2024\/04\/Vast-1.png\",\"contentUrl\":\"https:\/\/nyforetagarcentrum.se\/vast\/wp-content\/uploads\/sites\/78\/2024\/04\/Vast-1.png\",\"width\":1082,\"height\":542,\"caption\":\"V\u00e4st\"},\"image\":{\"@id\":\"https:\/\/nyforetagarcentrum.se\/vast\/#\/schema\/logo\/image\/\"}}]}<\/script>\n<!-- \/ Yoast SEO plugin. -->","yoast_head_json":{"title":"Anv\u00e4ndbara l\u00e4nkar - V\u00e4st","robots":{"index":"index","follow":"follow","max-snippet":"max-snippet:-1","max-image-preview":"max-image-preview:large","max-video-preview":"max-video-preview:-1"},"canonical":"https:\/\/nyforetagarcentrum.se\/vast\/anvandbara-lankar\/","og_locale":"sv_SE","og_type":"article","og_title":"Anv\u00e4ndbara l\u00e4nkar - V\u00e4st","og_description":"V\u00e4lkommen till Skatteverkets digitala utbildningar! Boka plats p\u00e5 kostnadsfria webbseminarier. Skatteverket har digitala informationstr\u00e4ffar med teman som kan vara intressant f\u00f6r dig som \u00e4r ny f\u00f6retagare eller funderar p\u00e5 att bli. Klicka h\u00e4r f\u00f6r att se alla webinarier p\u00e5 Skatteverkets hemsida.","og_url":"https:\/\/nyforetagarcentrum.se\/vast\/anvandbara-lankar\/","og_site_name":"V\u00e4st","article_modified_time":"2024-05-30T14:41:47+00:00","og_image":[{"url":"https:\/\/nyforetagarcentrum.se\/vast\/wp-content\/uploads\/sites\/78\/2024\/05\/SkatteverketLogo-1.png"}],"twitter_card":"summary_large_image","schema":{"@context":"https:\/\/schema.org","@graph":[{"@type":"WebPage","@id":"https:\/\/nyforetagarcentrum.se\/vast\/anvandbara-lankar\/","url":"https:\/\/nyforetagarcentrum.se\/vast\/anvandbara-lankar\/","name":"Anv\u00e4ndbara l\u00e4nkar - V\u00e4st","isPartOf":{"@id":"https:\/\/nyforetagarcentrum.se\/vast\/#website"},"primaryImageOfPage":{"@id":"https:\/\/nyforetagarcentrum.se\/vast\/anvandbara-lankar\/#primaryimage"},"image":{"@id":"https:\/\/nyforetagarcentrum.se\/vast\/anvandbara-lankar\/#primaryimage"},"thumbnailUrl":"https:\/\/nyforetagarcentrum.se\/vast\/wp-content\/uploads\/sites\/78\/2024\/05\/SkatteverketLogo-1.png","datePublished":"2024-05-28T14:12:42+00:00","dateModified":"2024-05-30T14:41:47+00:00","breadcrumb":{"@id":"https:\/\/nyforetagarcentrum.se\/vast\/anvandbara-lankar\/#breadcrumb"},"inLanguage":"sv-SE","potentialAction":[{"@type":"ReadAction","target":["https:\/\/nyforetagarcentrum.se\/vast\/anvandbara-lankar\/"]}]},{"@type":"ImageObject","inLanguage":"sv-SE","@id":"https:\/\/nyforetagarcentrum.se\/vast\/anvandbara-lankar\/#primaryimage","url":"https:\/\/nyforetagarcentrum.se\/vast\/wp-content\/uploads\/sites\/78\/2024\/05\/SkatteverketLogo-1.png","contentUrl":"https:\/\/nyforetagarcentrum.se\/vast\/wp-content\/uploads\/sites\/78\/2024\/05\/SkatteverketLogo-1.png","width":468,"height":88},{"@type":"BreadcrumbList","@id":"https:\/\/nyforetagarcentrum.se\/vast\/anvandbara-lankar\/#breadcrumb","itemListElement":[{"@type":"ListItem","position":1,"name":"Hem","item":"https:\/\/nyforetagarcentrum.se\/vast\/"},{"@type":"ListItem","position":2,"name":"Anv\u00e4ndbara l\u00e4nkar"}]},{"@type":"WebSite","@id":"https:\/\/nyforetagarcentrum.se\/vast\/#website","url":"https:\/\/nyforetagarcentrum.se\/vast\/","name":"V\u00e4st","description":"Sveriges ledande kraft f\u00f6r fler nya livskraftiga f\u00f6retag","publisher":{"@id":"https:\/\/nyforetagarcentrum.se\/vast\/#organization"},"potentialAction":[{"@type":"SearchAction","target":{"@type":"EntryPoint","urlTemplate":"https:\/\/nyforetagarcentrum.se\/vast\/?s={search_term_string}"},"query-input":"required name=search_term_string"}],"inLanguage":"sv-SE"},{"@type":"Organization","@id":"https:\/\/nyforetagarcentrum.se\/vast\/#organization","name":"V\u00e4st","url":"https:\/\/nyforetagarcentrum.se\/vast\/","logo":{"@type":"ImageObject","inLanguage":"sv-SE","@id":"https:\/\/nyforetagarcentrum.se\/vast\/#\/schema\/logo\/image\/","url":"https:\/\/nyforetagarcentrum.se\/vast\/wp-content\/uploads\/sites\/78\/2024\/04\/Vast-1.png","contentUrl":"https:\/\/nyforetagarcentrum.se\/vast\/wp-content\/uploads\/sites\/78\/2024\/04\/Vast-1.png","width":1082,"height":542,"caption":"V\u00e4st"},"image":{"@id":"https:\/\/nyforetagarcentrum.se\/vast\/#\/schema\/logo\/image\/"}}]}},"_links":{"self":[{"href":"https:\/\/nyforetagarcentrum.se\/vast\/wp-json\/wp\/v2\/pages\/746"}],"collection":[{"href":"https:\/\/nyforetagarcentrum.se\/vast\/wp-json\/wp\/v2\/pages"}],"about":[{"href":"https:\/\/nyforetagarcentrum.se\/vast\/wp-json\/wp\/v2\/types\/page"}],"author":[{"embeddable":true,"href":"https:\/\/nyforetagarcentrum.se\/vast\/wp-json\/wp\/v2\/users\/28"}],"replies":[{"embeddable":true,"href":"https:\/\/nyforetagarcentrum.se\/vast\/wp-json\/wp\/v2\/comments?post=746"}],"version-history":[{"count":3,"href":"https:\/\/nyforetagarcentrum.se\/vast\/wp-json\/wp\/v2\/pages\/746\/revisions"}],"predecessor-version":[{"id":766,"href":"https:\/\/nyforetagarcentrum.se\/vast\/wp-json\/wp\/v2\/pages\/746\/revisions\/766"}],"wp:attachment":[{"href":"https:\/\/nyforetagarcentrum.se\/vast\/wp-json\/wp\/v2\/media?parent=746"}],"curies":[{"name":"wp","href":"https:\/\/api.w.org\/{rel}","templated":true}]}}