{"id":239,"date":"2024-02-29T13:59:39","date_gmt":"2024-02-29T12:59:39","guid":{"rendered":"https:\/\/nyforetagarcentrum.se\/vast\/?page_id=239"},"modified":"2025-08-05T13:42:48","modified_gmt":"2025-08-05T11:42:48","slug":"vara-radgivare","status":"publish","type":"page","link":"https:\/\/nyforetagarcentrum.se\/vast\/vara-radgivare\/","title":{"rendered":"V\u00e5ra r\u00e5dgivare"},"content":{"rendered":"<section  class=\"nfc-block-hero alignfull\">\n\n    <img loading=\"lazy\" decoding=\"async\" width=\"1476\" height=\"984\" src=\"https:\/\/nyforetagarcentrum.se\/vast\/wp-content\/uploads\/sites\/78\/2024\/02\/Nyforetagare-ung-LOW.jpg\" class=\"attachment-landscape size-landscape\" alt=\"\" srcset=\"https:\/\/nyforetagarcentrum.se\/vast\/wp-content\/uploads\/sites\/78\/2024\/02\/Nyforetagare-ung-LOW.jpg 1476w, https:\/\/nyforetagarcentrum.se\/vast\/wp-content\/uploads\/sites\/78\/2024\/02\/Nyforetagare-ung-LOW-300x200.jpg 300w, https:\/\/nyforetagarcentrum.se\/vast\/wp-content\/uploads\/sites\/78\/2024\/02\/Nyforetagare-ung-LOW-1024x683.jpg 1024w, https:\/\/nyforetagarcentrum.se\/vast\/wp-content\/uploads\/sites\/78\/2024\/02\/Nyforetagare-ung-LOW-768x512.jpg 768w\" sizes=\"(max-width: 1476px) 100vw, 1476px\" \/>\n    <div class=\"contained\">\n        <h1 class=\"nfc-block-hero__heading\">V\u00e5ra r\u00e5dgivare<\/h1>\n\n            <\/div>\n<\/section>\n\n\n<div style=\"height:49px\" aria-hidden=\"true\" class=\"wp-block-spacer\"><\/div>\n\n\n<section  class=\"nfc-block-breadcrumbs\">\n    <div class=\"wrapper contained\">\n        <ol class=\"breadcrumbs\" itemscope itemtype=\"https:\/\/schema.org\/BreadcrumbList\">\n            <li itemprop=\"itemListElement\" itemscope itemtype=\"https:\/\/schema.org\/ListItem\">\n            \n\n                            <span class=\"current\" itemprop=\"name\">Hem<\/span>\n            \n            <meta itemprop=\"position\" content=\"1\" \/>\n        <\/li>\n    <\/ol>    <\/div>\n<\/section>\n\n\n<div style=\"height:100px\" aria-hidden=\"true\" class=\"wp-block-spacer\"><\/div>\n\n\n<section  class=\"nfc-block-person_grid alignwide layout-featured\">\n    <div class=\"contained\">\n        <div class=\"grid\">\n            <div class=\"person-featured-card\">\n    \n    <div class=\"featured_image\">\n                    <img loading=\"lazy\" decoding=\"async\" width=\"768\" height=\"1024\" src=\"https:\/\/nyforetagarcentrum.se\/vast\/wp-content\/uploads\/sites\/78\/2024\/04\/IMG_93181003.jpg\" class=\"attachment-large size-large\" alt=\"\" srcset=\"https:\/\/nyforetagarcentrum.se\/vast\/wp-content\/uploads\/sites\/78\/2024\/04\/IMG_93181003.jpg 768w, https:\/\/nyforetagarcentrum.se\/vast\/wp-content\/uploads\/sites\/78\/2024\/04\/IMG_93181003-225x300.jpg 225w\" sizes=\"(max-width: 768px) 100vw, 768px\" \/>            <\/div>\n\n    <div class=\"content-wrapper\">\n        <h3>Teres Johansson<\/h3>\n\n        \n                    <div class=\"excerpt\">\n                Jag kommer fr\u00e5n n\u00e4ringslivet och har drivit flera f\u00f6retag inom bageri och konditori. Jag startade mitt f\u00f6rsta bolag som 25 \u00e5ring med 3 sm\u00e5 barn. Och nu drivit f\u00f6retag i snart 25 \u00e5r! Jag har k\u00f6pt och s\u00e5lt bolag, haft m\u00e5nga anst\u00e4llda, kompanjoner, jobbat med ledarskap, och medarbetarskap. \u00c4r \u00e4ven utbildad coach. Jag hoppas med hj\u00e4lp av min l\u00e5nga erfarenhet att driva eget kunna inspirera andra att v\u00e5ga ta steget. Jag drivs av passion och \u00e4lskar att se gl\u00f6den av drivkraft hos andra. Jag ser framemot att f\u00e5 hj\u00e4lpa andra att hitta sitt inre driv och v\u00e5ga ta steget till att ha eget f\u00f6retag.<br \/>\r\nJag \u00e4r glad att jag nu f\u00e5tt m\u00f6jligheten att jobba som r\u00e5dgivare, mentorhandledare och verksamhetsledare p\u00e5 Nyf\u00f6retagarcentrum.<br \/>\r\nT\u00e4nk att f\u00e5 hj\u00e4lpa andra att starta resan att driva eget\u2764\ufe0f<br \/>\r\n<br \/>\r\nV\u00e4lkommen att boka kostnadsfri r\u00e5dgivning med mig via vast@nyforetagarcentrum.se eller 073-405 56 00<br \/>\r\n<br \/>\r\nVi ses p\u00e5 Nyf\u00f6retagarcentrum\ud83d\ude0a<br \/>\r\n<br \/>\r\n                <br\/>\n                            <\/div>\n        \n            <\/div>\n<\/div><div class=\"person-featured-card\">\n    \n    <div class=\"featured_image\">\n                    <img loading=\"lazy\" decoding=\"async\" width=\"512\" height=\"683\" src=\"https:\/\/nyforetagarcentrum.se\/vast\/wp-content\/uploads\/sites\/78\/2026\/01\/Petra.jpg\" class=\"attachment-large size-large\" alt=\"\" srcset=\"https:\/\/nyforetagarcentrum.se\/vast\/wp-content\/uploads\/sites\/78\/2026\/01\/Petra.jpg 512w, https:\/\/nyforetagarcentrum.se\/vast\/wp-content\/uploads\/sites\/78\/2026\/01\/Petra-225x300.jpg 225w\" sizes=\"(max-width: 512px) 100vw, 512px\" \/>            <\/div>\n\n    <div class=\"content-wrapper\">\n        <h3>Petra Arlebo<\/h3>\n\n        \n                    <div class=\"excerpt\">\n                Jag har jobbat med aff\u00e4rsr\u00e5dgivning i 14 \u00e5r och \u00e4r \u00e4ven certifierad handledare f\u00f6r mentorprogrammet Starta F\u00f6retag.<br \/>\r\nTill mig kan du komma om du vill bolla en id\u00e9 eller om du har kommit l\u00e4ngre och vet vad du vill g\u00f6ra i ditt f\u00f6retag.<br \/>\r\nMina styrkor \u00e4r att jag kan se utanf\u00f6r boxen och kan hj\u00e4lpa dig att vidga dina tankar. R\u00e5dgivningen utg\u00e5r ifr\u00e5n dig <br \/>\r\noch din id\u00e9 och jag bist\u00e5r g\u00e4rna med mina erfarenheter om du vill ta fram en aff\u00e4rsplan f\u00f6r ditt f\u00f6retag.<br \/>\r\nVi arbetar tillsammans med att se dina styrkor och f\u00f6rm\u00e5gor och arbetar fram marknadsplan, f\u00f6rs\u00e4ljningsbudget och alla de underlag du beh\u00f6ver f\u00f6r att kunna driva ett l\u00e5ngsiktigt h\u00e5llbart f\u00f6retag.<br \/>\r\n<br \/>\r\nV\u00e4lkommen att boka kostnadsfri r\u00e5dgivning med mig via petra.arlebo@nyforetagarcentrum.se eller 0707-35 25 68<br \/>\r\n                <br\/>\n                            <\/div>\n        \n            <\/div>\n<\/div><div class=\"person-featured-card\">\n    \n    <div class=\"featured_image\">\n                    <img loading=\"lazy\" decoding=\"async\" width=\"480\" height=\"640\" src=\"https:\/\/nyforetagarcentrum.se\/vast\/wp-content\/uploads\/sites\/78\/2024\/04\/Annette3.jpg\" class=\"attachment-large size-large\" alt=\"\" srcset=\"https:\/\/nyforetagarcentrum.se\/vast\/wp-content\/uploads\/sites\/78\/2024\/04\/Annette3.jpg 480w, https:\/\/nyforetagarcentrum.se\/vast\/wp-content\/uploads\/sites\/78\/2024\/04\/Annette3-225x300.jpg 225w\" sizes=\"(max-width: 480px) 100vw, 480px\" \/>            <\/div>\n\n    <div class=\"content-wrapper\">\n        <h3>Annette Palmqvist<\/h3>\n\n        \n                    <div class=\"excerpt\">\n                Som erfaren r\u00e5dgivare p\u00e5 Nyf\u00f6retagarCentrum och med en gedigen bakgrund inom f\u00f6retagande och ledarutveckling, v\u00e4gleder och st\u00f6djer jag blivande f\u00f6retagare mot h\u00e5llbara och l\u00f6nsamma aff\u00e4rsid\u00e9er. Mitt fokus \u00e4r bl a p\u00e5 digital marknadsf\u00f6ring, budget och rollen som f\u00f6retagare. Med m\u00e5ng\u00e5rig erfarenhet som f\u00f6retagare sj\u00e4lv, str\u00e4var jag efter att ge dig konkret och praktisk hj\u00e4lp som g\u00f6r dig s\u00e5 f\u00f6rberedd som m\u00f6jligt inf\u00f6r din f\u00f6retagsstart.  <br \/>\r\n<br \/>\r\nV\u00e4lkommen att boka kostnadsfri r\u00e5dgivning med mig via annette.palmqvist@nyforetagarcentrum.se eller 0708-25 05 40                <br\/>\n                            <\/div>\n        \n            <\/div>\n<\/div>        <\/div>\n    <\/div>\n<\/section>\n\n\n<div style=\"height:100px\" aria-hidden=\"true\" class=\"wp-block-spacer\"><\/div>\n","protected":false},"excerpt":{"rendered":"","protected":false},"author":1,"featured_media":0,"parent":0,"menu_order":0,"comment_status":"closed","ping_status":"closed","template":"","meta":{"footnotes":""},"acf":[],"yoast_head":"<!-- This site is optimized with the Yoast SEO plugin v22.9 - https:\/\/yoast.com\/wordpress\/plugins\/seo\/ -->\n<title>V\u00e5ra r\u00e5dgivare - V\u00e4st<\/title>\n<meta name=\"robots\" content=\"index, follow, max-snippet:-1, max-image-preview:large, max-video-preview:-1\" \/>\n<link rel=\"canonical\" href=\"https:\/\/nyforetagarcentrum.se\/vast\/vara-radgivare\/\" \/>\n<meta property=\"og:locale\" content=\"sv_SE\" \/>\n<meta property=\"og:type\" content=\"article\" \/>\n<meta property=\"og:title\" content=\"V\u00e5ra r\u00e5dgivare - V\u00e4st\" \/>\n<meta property=\"og:url\" content=\"https:\/\/nyforetagarcentrum.se\/vast\/vara-radgivare\/\" \/>\n<meta property=\"og:site_name\" content=\"V\u00e4st\" \/>\n<meta property=\"article:modified_time\" content=\"2025-08-05T11:42:48+00:00\" \/>\n<meta name=\"twitter:card\" content=\"summary_large_image\" \/>\n<script type=\"application\/ld+json\" class=\"yoast-schema-graph\">{\"@context\":\"https:\/\/schema.org\",\"@graph\":[{\"@type\":\"WebPage\",\"@id\":\"https:\/\/nyforetagarcentrum.se\/vast\/vara-radgivare\/\",\"url\":\"https:\/\/nyforetagarcentrum.se\/vast\/vara-radgivare\/\",\"name\":\"V\u00e5ra r\u00e5dgivare - V\u00e4st\",\"isPartOf\":{\"@id\":\"https:\/\/nyforetagarcentrum.se\/vast\/#website\"},\"datePublished\":\"2024-02-29T12:59:39+00:00\",\"dateModified\":\"2025-08-05T11:42:48+00:00\",\"breadcrumb\":{\"@id\":\"https:\/\/nyforetagarcentrum.se\/vast\/vara-radgivare\/#breadcrumb\"},\"inLanguage\":\"sv-SE\",\"potentialAction\":[{\"@type\":\"ReadAction\",\"target\":[\"https:\/\/nyforetagarcentrum.se\/vast\/vara-radgivare\/\"]}]},{\"@type\":\"BreadcrumbList\",\"@id\":\"https:\/\/nyforetagarcentrum.se\/vast\/vara-radgivare\/#breadcrumb\",\"itemListElement\":[{\"@type\":\"ListItem\",\"position\":1,\"name\":\"Hem\",\"item\":\"https:\/\/nyforetagarcentrum.se\/vast\/\"},{\"@type\":\"ListItem\",\"position\":2,\"name\":\"V\u00e5ra r\u00e5dgivare\"}]},{\"@type\":\"WebSite\",\"@id\":\"https:\/\/nyforetagarcentrum.se\/vast\/#website\",\"url\":\"https:\/\/nyforetagarcentrum.se\/vast\/\",\"name\":\"V\u00e4st\",\"description\":\"Sveriges ledande kraft f\u00f6r fler nya livskraftiga f\u00f6retag\",\"publisher\":{\"@id\":\"https:\/\/nyforetagarcentrum.se\/vast\/#organization\"},\"potentialAction\":[{\"@type\":\"SearchAction\",\"target\":{\"@type\":\"EntryPoint\",\"urlTemplate\":\"https:\/\/nyforetagarcentrum.se\/vast\/?s={search_term_string}\"},\"query-input\":\"required name=search_term_string\"}],\"inLanguage\":\"sv-SE\"},{\"@type\":\"Organization\",\"@id\":\"https:\/\/nyforetagarcentrum.se\/vast\/#organization\",\"name\":\"V\u00e4st\",\"url\":\"https:\/\/nyforetagarcentrum.se\/vast\/\",\"logo\":{\"@type\":\"ImageObject\",\"inLanguage\":\"sv-SE\",\"@id\":\"https:\/\/nyforetagarcentrum.se\/vast\/#\/schema\/logo\/image\/\",\"url\":\"https:\/\/nyforetagarcentrum.se\/vast\/wp-content\/uploads\/sites\/78\/2024\/04\/Vast-1.png\",\"contentUrl\":\"https:\/\/nyforetagarcentrum.se\/vast\/wp-content\/uploads\/sites\/78\/2024\/04\/Vast-1.png\",\"width\":1082,\"height\":542,\"caption\":\"V\u00e4st\"},\"image\":{\"@id\":\"https:\/\/nyforetagarcentrum.se\/vast\/#\/schema\/logo\/image\/\"}}]}<\/script>\n<!-- \/ Yoast SEO plugin. -->","yoast_head_json":{"title":"V\u00e5ra r\u00e5dgivare - V\u00e4st","robots":{"index":"index","follow":"follow","max-snippet":"max-snippet:-1","max-image-preview":"max-image-preview:large","max-video-preview":"max-video-preview:-1"},"canonical":"https:\/\/nyforetagarcentrum.se\/vast\/vara-radgivare\/","og_locale":"sv_SE","og_type":"article","og_title":"V\u00e5ra r\u00e5dgivare - V\u00e4st","og_url":"https:\/\/nyforetagarcentrum.se\/vast\/vara-radgivare\/","og_site_name":"V\u00e4st","article_modified_time":"2025-08-05T11:42:48+00:00","twitter_card":"summary_large_image","schema":{"@context":"https:\/\/schema.org","@graph":[{"@type":"WebPage","@id":"https:\/\/nyforetagarcentrum.se\/vast\/vara-radgivare\/","url":"https:\/\/nyforetagarcentrum.se\/vast\/vara-radgivare\/","name":"V\u00e5ra r\u00e5dgivare - V\u00e4st","isPartOf":{"@id":"https:\/\/nyforetagarcentrum.se\/vast\/#website"},"datePublished":"2024-02-29T12:59:39+00:00","dateModified":"2025-08-05T11:42:48+00:00","breadcrumb":{"@id":"https:\/\/nyforetagarcentrum.se\/vast\/vara-radgivare\/#breadcrumb"},"inLanguage":"sv-SE","potentialAction":[{"@type":"ReadAction","target":["https:\/\/nyforetagarcentrum.se\/vast\/vara-radgivare\/"]}]},{"@type":"BreadcrumbList","@id":"https:\/\/nyforetagarcentrum.se\/vast\/vara-radgivare\/#breadcrumb","itemListElement":[{"@type":"ListItem","position":1,"name":"Hem","item":"https:\/\/nyforetagarcentrum.se\/vast\/"},{"@type":"ListItem","position":2,"name":"V\u00e5ra r\u00e5dgivare"}]},{"@type":"WebSite","@id":"https:\/\/nyforetagarcentrum.se\/vast\/#website","url":"https:\/\/nyforetagarcentrum.se\/vast\/","name":"V\u00e4st","description":"Sveriges ledande kraft f\u00f6r fler nya livskraftiga f\u00f6retag","publisher":{"@id":"https:\/\/nyforetagarcentrum.se\/vast\/#organization"},"potentialAction":[{"@type":"SearchAction","target":{"@type":"EntryPoint","urlTemplate":"https:\/\/nyforetagarcentrum.se\/vast\/?s={search_term_string}"},"query-input":"required name=search_term_string"}],"inLanguage":"sv-SE"},{"@type":"Organization","@id":"https:\/\/nyforetagarcentrum.se\/vast\/#organization","name":"V\u00e4st","url":"https:\/\/nyforetagarcentrum.se\/vast\/","logo":{"@type":"ImageObject","inLanguage":"sv-SE","@id":"https:\/\/nyforetagarcentrum.se\/vast\/#\/schema\/logo\/image\/","url":"https:\/\/nyforetagarcentrum.se\/vast\/wp-content\/uploads\/sites\/78\/2024\/04\/Vast-1.png","contentUrl":"https:\/\/nyforetagarcentrum.se\/vast\/wp-content\/uploads\/sites\/78\/2024\/04\/Vast-1.png","width":1082,"height":542,"caption":"V\u00e4st"},"image":{"@id":"https:\/\/nyforetagarcentrum.se\/vast\/#\/schema\/logo\/image\/"}}]}},"_links":{"self":[{"href":"https:\/\/nyforetagarcentrum.se\/vast\/wp-json\/wp\/v2\/pages\/239"}],"collection":[{"href":"https:\/\/nyforetagarcentrum.se\/vast\/wp-json\/wp\/v2\/pages"}],"about":[{"href":"https:\/\/nyforetagarcentrum.se\/vast\/wp-json\/wp\/v2\/types\/page"}],"author":[{"embeddable":true,"href":"https:\/\/nyforetagarcentrum.se\/vast\/wp-json\/wp\/v2\/users\/1"}],"replies":[{"embeddable":true,"href":"https:\/\/nyforetagarcentrum.se\/vast\/wp-json\/wp\/v2\/comments?post=239"}],"version-history":[{"count":11,"href":"https:\/\/nyforetagarcentrum.se\/vast\/wp-json\/wp\/v2\/pages\/239\/revisions"}],"predecessor-version":[{"id":1301,"href":"https:\/\/nyforetagarcentrum.se\/vast\/wp-json\/wp\/v2\/pages\/239\/revisions\/1301"}],"wp:attachment":[{"href":"https:\/\/nyforetagarcentrum.se\/vast\/wp-json\/wp\/v2\/media?parent=239"}],"curies":[{"name":"wp","href":"https:\/\/api.w.org\/{rel}","templated":true}]}}