{"id":452,"date":"2025-04-29T09:47:49","date_gmt":"2025-04-29T07:47:49","guid":{"rendered":"https:\/\/nyforetagarcentrum.se\/solvesborg\/?page_id=452"},"modified":"2025-05-13T10:31:47","modified_gmt":"2025-05-13T08:31:47","slug":"gratis-tips","status":"publish","type":"page","link":"https:\/\/nyforetagarcentrum.se\/solvesborg\/gratis-tips\/","title":{"rendered":"Gratis tips"},"content":{"rendered":"\n<h2 class=\"wp-block-heading\">Gratis tips<\/h2>\n\n\n\n<p>H\u00e4r har vi samlat information, verktyg och l\u00e4nkar f\u00f6r dig som ska starta f\u00f6retag.&nbsp;<\/p>\n\n\n\n<p><a href=\"https:\/\/www.nyforetagarcentrum.se\/solvesborg\/samarbetspartners\/\"><strong>Ta en titt p\u00e5 v\u00e5ra samarbetspartners!<\/strong><\/a><a href=\"https:\/\/www.nyforetagarcentrum.se\/solvesborg\/erbjudanden-till-nyforetagare\/gratistips\/\">&nbsp;<\/a>Alla de f\u00f6retagen ing\u00e5r i v\u00e5rt n\u00e4tverk och vill att fler nya f\u00f6retag ska v\u00e4xa. Kanske hittar du din blivande leverant\u00f6r, ett givande samarbete eller rent av framtida kund?<\/p>\n\n\n\n<h3 class=\"wp-block-heading\">S\u00e5 startar du ett f\u00f6retag<\/h3>\n\n\n\n<ul>\n<li>P\u00e5&nbsp;<a href=\"https:\/\/www.verksamt.se\/\" target=\"_blank\" rel=\"noreferrer noopener\">Verksamt.se<\/a>&nbsp;registrerar du f\u00f6retaget (och hittar mycket information och tips)<\/li>\n\n\n\n<li><a href=\"https:\/\/www.drivaforetag.com\/\" target=\"_blank\" rel=\"noreferrer noopener\">Handbok&nbsp;i att starta och driva eget.<\/a><\/li>\n\n\n\n<li><a href=\"https:\/\/www.nyforetagarcentrum.se\/hassleholm\/wp-content\/uploads\/sites\/35\/2017\/10\/Valj-foretagsform-2015-1.pdf\" target=\"_blank\" rel=\"noreferrer noopener\">Vilken typ av bolag passar dig b\u00e4st? En guide f\u00f6r att v\u00e4lja bolagsform.<\/a><\/li>\n\n\n\n<li><a href=\"https:\/\/www.affarsplanen.com\/\" target=\"_blank\" rel=\"noreferrer noopener\">Aff\u00e4rsplan \u2013 gratis, enkel, digital och med automatisk budget.<\/a><\/li>\n\n\n\n<li><a href=\"https:\/\/www.nyforetagarcentrum.se\/solvesborg\/wp-content\/uploads\/sites\/84\/2021\/01\/Starta_Eget-guiden_A4_2020.pdf\" target=\"_blank\" rel=\"noreferrer noopener\">Starta Eget Guiden<\/a><\/li>\n\n\n\n<li><a href=\"https:\/\/www.driva-eget.se\/uploads\/2016\/07\/Startguide_20161.pdf\" target=\"_blank\" rel=\"noreferrer noopener\">Gratis guide: S\u00e5 startar du f\u00f6retag \u2013 steg f\u00f6r steg!&nbsp;<\/a><\/li>\n\n\n\n<li>Starta ekonomisk f\u00f6rening:&nbsp;<a href=\"https:\/\/blekinge.coompanion.se\/\" target=\"_blank\" rel=\"noreferrer noopener\">Coompanion<\/a><\/li>\n<\/ul>\n\n\n\n<h3 class=\"wp-block-heading\">Ekonomi<\/h3>\n\n\n\n<ul>\n<li>Bokf\u00f6ringsprogram, t.ex:&nbsp;<a href=\"https:\/\/www.visma.se\/\" target=\"_blank\" rel=\"noreferrer noopener\">Visma<\/a>,&nbsp;<a href=\"https:\/\/www.fortnox.se\/foretagare\/\" target=\"_blank\" rel=\"noreferrer noopener\">Fortnox<\/a>&nbsp;(speciella erbjudanden finns f\u00f6r dig som ny f\u00f6retagare, se mer under fliken erbjudanden) eller&nbsp;<a href=\"https:\/\/www.speedledger.se\/\" target=\"_blank\" rel=\"noreferrer noopener\">Speedledger<\/a>&nbsp;eller kanske&nbsp;<a href=\"https:\/\/wint.se\/\" target=\"_blank\" rel=\"noreferrer noopener\">Wint<\/a><\/li>\n\n\n\n<li><a href=\"https:\/\/www.bfn.se\/sv\/informationsmaterial\/att-fora-bok\" target=\"_blank\" rel=\"noreferrer noopener\">\u201dAtt f\u00f6ra bok\u201d<\/a>&nbsp;\u2013 en gratis guide om bokf\u00f6ring fr\u00e5n Bokf\u00f6ringsn\u00e4mnden.<\/li>\n\n\n\n<li>Gratis bokf\u00f6ringstips:&nbsp;<a href=\"https:\/\/www.bokforingstips.se\/\">https:\/\/www.bokforingstips.se\/<\/a><\/li>\n\n\n\n<li>Komplett kassaregister, ta emot kortbetalningar och webshop:&nbsp;<a href=\"https:\/\/www.izettle.com\/se\" target=\"_blank\" rel=\"noreferrer noopener\">https:\/\/www.izettle.com\/se<\/a><\/li>\n\n\n\n<li>Moms, prelimin\u00e4rskatt och bokf\u00f6ring:&nbsp;<a href=\"https:\/\/www.skatteverket.se\/foretagorganisationer\/foretagare\/%EF%AC%81lmerfornyforetagare.4.71004e4c133e23bf6db800092601.html\" target=\"_blank\" rel=\"noreferrer noopener\">korta och nyttiga filmer fr\u00e5n Skatteverket<\/a><\/li>\n\n\n\n<li><a href=\"https:\/\/www.almi.se\/Kronoberg\/Projekt\/Finansieringsoversikt\/\" target=\"_blank\" rel=\"noreferrer noopener\">Finansierings\u00f6versikt<\/a>&nbsp;av Almi Blekinge. Du kan \u00e4ven kontakta n\u00e5gon av v\u00e5ra banker som \u00e4r&nbsp;<a href=\"https:\/\/www.nyforetagarcentrum.se\/karlskrona\/samarbetspartners\/\">partner till Nyf\u00f6retagarCentrum<\/a>.<\/li>\n\n\n\n<li><a href=\"https:\/\/www.nyforetagarcentrum.se\/vaxjo\/wp-content\/uploads\/sites\/60\/2019\/09\/Kan-din-id%C3%A9-bli-l%C3%B6nsam-mall.xlsx\">\u201dKan din id\u00e9 bli l\u00f6nsam?\u201d<\/a>&nbsp;L\u00f6nsamhetskalkyl f\u00f6r timmar eller produkter.<\/li>\n<\/ul>\n\n\n\n<h3 class=\"wp-block-heading\">Tips &amp; id\u00e9er<\/h3>\n\n\n\n<ul>\n<li>Tidning om att driva eget:&nbsp;<a href=\"https:\/\/www.driva-eget.se\/\" target=\"_blank\" rel=\"noreferrer noopener\">https:\/\/www.driva-eget.se<\/a><\/li>\n\n\n\n<li>Information och inspiration:&nbsp;<a href=\"https:\/\/mittforetag.com\/\" target=\"_blank\" rel=\"noreferrer noopener\">https:\/\/mittforetag.com<\/a><\/li>\n\n\n\n<li>Fakta och konkreta tips f\u00f6r dig som ska starta eget:&nbsp;<a href=\"https:\/\/www.starta-eget.se\/\" target=\"_blank\" rel=\"noreferrer noopener\">https:\/\/www.starta-eget.se\/<\/a><\/li>\n\n\n\n<li>M\u00f6tesplats f\u00f6r f\u00f6rpackningar:&nbsp;<a href=\"https:\/\/packbridge.se\/\" target=\"_blank\" rel=\"noreferrer noopener\">https:\/\/packbridge.se\/&nbsp;<\/a><\/li>\n\n\n\n<li>Spara pengar p\u00e5 frakt:&nbsp;<a href=\"https:\/\/pluskontot.se\/\" target=\"_blank\" rel=\"noreferrer noopener\">https:\/\/pluskontot.se\/&nbsp;<\/a><\/li>\n\n\n\n<li>Enkel tidsbokning:&nbsp;<a href=\"https:\/\/www.timecenter.se\/\" target=\"_blank\" rel=\"noreferrer noopener\">https:\/\/www.timecenter.se\/<\/a><\/li>\n\n\n\n<li><a href=\"https:\/\/www.redaktionen.se\/artiklar.php\" target=\"_blank\" rel=\"noreferrer noopener\">Gratis tips om marknadsf\u00f6ring<\/a><\/li>\n\n\n\n<li><a href=\"https:\/\/www.redaktionen.se\/bocker.php?visa=rivstart\" target=\"_blank\" rel=\"noreferrer noopener\">Boken Rivstart \u2013 om att starta och f\u00e5 fart p\u00e5 ett f\u00f6retag inom ett halv\u00e5r.<\/a><\/li>\n<\/ul>\n\n\n\n<h3 class=\"wp-block-heading\">Samh\u00e4llsinformation och internationella aff\u00e4rer<\/h3>\n\n\n\n<ul>\n<li>S\u00f6kfunktion p\u00e5 bransch, storlek och geografi och nyckeltal:&nbsp;<a href=\"https:\/\/www.allabolag.se\/\" target=\"_blank\" rel=\"noreferrer noopener\">https:\/\/www.allabolag.se<\/a><\/li>\n\n\n\n<li>Gratis \u00e5rsredovisningar p\u00e5&nbsp;<a href=\"https:\/\/www.hitta.se\/redovisningar\" target=\"_blank\" rel=\"noreferrer noopener\">https:\/\/www.hitta.se\/redovisningar<\/a><\/li>\n\n\n\n<li>Gratis statistik om Sverige, samh\u00e4llet och kommuner:&nbsp;<a href=\"https:\/\/www.ekonomifakta.se\/\">Ekonomifakta.se<\/a><\/li>\n\n\n\n<li>Kostnadsfri r\u00e5dgivning f\u00f6r import\/export:&nbsp;<a href=\"https:\/\/enterpriseeurope.se\/kontakt\/kontakter\/almi-karlskrona.html\" target=\"_blank\" rel=\"noreferrer noopener\">Enterprise Europe Network<\/a><\/li>\n\n\n\n<li>Expandera internationellt:&nbsp;<a href=\"https:\/\/www.business-sweden.se\/kontakt\/regionala-exportradgivare\/Blekinge\/Blekinge\/\" target=\"_blank\" rel=\"noreferrer noopener\">Business Sweden<\/a><\/li>\n\n\n\n<li>S\u00f6k efter lokaler, fastigheter, f\u00f6retag och mark i hela Sverige:&nbsp;<a href=\"https:\/\/objektvision.se\/\">ObjektVision.se<\/a><\/li>\n<\/ul>\n\n\n\n<h3 class=\"wp-block-heading\">Uppfinningar, patent, varum\u00e4rke, upphovsr\u00e4tt m.m.<\/h3>\n\n\n\n<ul>\n<li>Allt om varum\u00e4rke, patent, designskydd och upphovsr\u00e4tt:&nbsp;<a href=\"https:\/\/www.prv.se\/\" target=\"_blank\" rel=\"noreferrer noopener\">https:\/\/www.prv.se<\/a><\/li>\n\n\n\n<li><a href=\"https:\/\/www.prv.se\/sv\/mer-tjanster\/prv-skolan-online\/\" target=\"_blank\" rel=\"noreferrer noopener\">Gratis skola f\u00f6r immaterialr\u00e4tt (PRV)<\/a><\/li>\n\n\n\n<li>Fr\u00e5n id\u00e9 till innovation;&nbsp;<a href=\"https:\/\/innovationonline.se\/\">En digital innovationsr\u00e5dgivare<\/a>.<\/li>\n\n\n\n<li>Almi Blekinge erbjuder&nbsp;<a href=\"https:\/\/www.almi.se\/Kronoberg\/Erbjudanden\/Beskriv-din-innovativa-ide-\/\" target=\"_blank\" rel=\"noreferrer noopener\">Innovationsr\u00e5dgivning<\/a><\/li>\n\n\n\n<li>H\u00f6gskolan i Bor\u00e5s&nbsp;<a href=\"https:\/\/libguides.hb.se\/c.php?g=539808&amp;p=3700244\">Libguides<\/a><\/li>\n<\/ul>\n\n\n\n<h3 class=\"wp-block-heading\">N\u00e4tverk och akt\u00f6rer som vill hj\u00e4lpa dig lyckas<\/h3>\n\n\n\n<p>Runt om i Blekinge finns det flera organisationer som vill hj\u00e4lpa dig lyckas. De ordnar event f\u00f6r entrepren\u00f6rer och det finns ocks\u00e5 s\u00e4rskilda n\u00e4tverk f\u00f6r f\u00f6retagare.<\/p>\n\n\n\n<ul>\n<li><a href=\"https:\/\/www.karlskrona.se\/naringsliv\/naringslivet-i-karlskrona\/\" target=\"_blank\" rel=\"noreferrer noopener\">Karlskrona&nbsp;<\/a><a href=\"https:\/\/solvesborg.se\/naringsliv-och-arbete.html\">kommun<\/a><a href=\"https:\/\/www.karlskrona.se\/naringsliv\/naringslivet-i-karlskrona\/\" target=\"_blank\" rel=\"noreferrer noopener\">&nbsp;n\u00e4ringsliv,<\/a>&nbsp;samlingssida f\u00f6r Karlskrona Kommun. Organisationer, n\u00e4tverk, mark, lokaler, tillst\u00e5nd m.m.<\/li>\n\n\n\n<li>Business Network International (BNI), n\u00e4tverk f\u00f6r aff\u00e4rer.&nbsp;<a href=\"https:\/\/bni.nu\/blekinge-bni-team-jarramas\/sv\/index\" target=\"_blank\" rel=\"noreferrer noopener\">Team Jarramas<\/a><\/li>\n\n\n\n<li><a href=\"https:\/\/www.almi.se\/blekinge\" target=\"_blank\" rel=\"noreferrer noopener\">Almi blekinge<\/a><\/li>\n\n\n\n<li><a href=\"https:\/\/www.bluesciencepark.se\/\" target=\"_blank\" rel=\"noreferrer noopener\">Blue Science Park<\/a><\/li>\n\n\n\n<li><a href=\"https:\/\/www.b-b-i.se\/\" target=\"_blank\" rel=\"noreferrer noopener\">BBI<\/a><\/li>\n\n\n\n<li><a href=\"https:\/\/www.almi.se\/kalendarium\/\" target=\"_blank\" rel=\"noreferrer noopener\">\u201dAlmanackan\u201d \u2013 Almi Blekinge<\/a><\/li>\n\n\n\n<li><a href=\"https:\/\/ideinstitutet.se\/\">Id\u00e9institutet<\/a><\/li>\n\n\n\n<li><a href=\"https:\/\/www.kfh.se\/\">KFH<\/a><\/li>\n\n\n\n<li><a href=\"https:\/\/www.foretagarna.se\/regioner\/syd\/?gclid=EAIaIQobChMIrea57-ug5QIVU6maCh3_mwJNEAAYASAAEgJop_D_BwE\">F\u00f6retagarna<\/a><\/li>\n\n\n\n<li><a href=\"https:\/\/ungforetagsamhet.se\/blekinge\/kontakt\">Ung F\u00f6retagsamhet<\/a><\/li>\n<\/ul>\n\n\n\n<h3 class=\"wp-block-heading\">Popul\u00e4ra genv\u00e4gar<\/h3>\n\n\n\n<ul>\n<li><a href=\"https:\/\/www.nyforetagarcentrum.se\/hassleholm\/wp-content\/uploads\/sites\/35\/2018\/04\/20180410-D%C3%A4rf%C3%B6r-l%C3%A4mnar-kunderna-din-webshop.pdf\">D\u00e4rf\u00f6r l\u00e4mnar kunderna din webshop<\/a><\/li>\n\n\n\n<li><a href=\"https:\/\/www.nyforetagarcentrum.se\/hassleholm\/wp-content\/uploads\/sites\/35\/2018\/03\/20180316-S%C3%A5-f%C3%A5r-du-media-att-skriva-om-dig.pdf\" target=\"_blank\" rel=\"noreferrer noopener\">S\u00e5 f\u00e5r du media att skriva om dig<\/a><\/li>\n\n\n\n<li><a href=\"https:\/\/www.nyforetagarcentrum.se\/hassleholm\/wp-content\/uploads\/sites\/35\/2018\/02\/20180212-10-s%C3%A4tt-att-lyckas-p%C3%A5-m%C3%A4ssan.pdf\" target=\"_blank\" rel=\"noreferrer noopener\">10 s\u00e4tt att lyckas p\u00e5 m\u00e4ssan<\/a><\/li>\n\n\n\n<li><a href=\"https:\/\/www.nyforetagarcentrum.se\/hassleholm\/wp-content\/uploads\/sites\/35\/2018\/01\/20180109-Ditt-b%C3%A4sta-2018.pdf\" target=\"_blank\" rel=\"noreferrer noopener\">Ditt b\u00e4sta 2020<\/a>&nbsp;\u2013 tips f\u00f6r att planera din marknadsf\u00f6ring<\/li>\n\n\n\n<li><a href=\"https:\/\/www.nyforetagarcentrum.se\/hassleholm\/wp-content\/uploads\/sites\/35\/2017\/10\/20-s%C3%A4tt-att-spara-tid.pdf\" target=\"_blank\" rel=\"noreferrer noopener\">20 s\u00e4tt att spara tid i ditt f\u00f6retag<\/a><\/li>\n\n\n\n<li><a href=\"https:\/\/www.nyforetagarcentrum.se\/hassleholm\/wp-content\/uploads\/sites\/35\/2017\/12\/Checklista_A7_okt_2017.pdf\" target=\"_blank\" rel=\"noreferrer noopener\">Checklista f\u00f6r nyf\u00f6retagare<\/a>.<\/li>\n<\/ul>\n\n\n\n<div style=\"height:100px\" aria-hidden=\"true\" class=\"wp-block-spacer\"><\/div>\n\n\n\n<div style=\"height:100px\" aria-hidden=\"true\" class=\"wp-block-spacer\"><\/div>\n\n\n\n<div style=\"height:100px\" aria-hidden=\"true\" class=\"wp-block-spacer\"><\/div>\n","protected":false},"excerpt":{"rendered":"<p>Gratis tips H\u00e4r har vi samlat information, verktyg och l\u00e4nkar f\u00f6r dig som ska starta f\u00f6retag.&nbsp; Ta en titt p\u00e5 v\u00e5ra samarbetspartners!&nbsp;Alla de f\u00f6retagen ing\u00e5r i v\u00e5rt n\u00e4tverk och vill att fler nya f\u00f6retag ska v\u00e4xa. Kanske hittar du din blivande leverant\u00f6r, ett givande samarbete eller rent av framtida kund? S\u00e5 startar du ett f\u00f6retag [&hellip;]<\/p>\n","protected":false},"author":18,"featured_media":0,"parent":0,"menu_order":0,"comment_status":"closed","ping_status":"closed","template":"","meta":{"footnotes":""},"acf":[],"yoast_head":"<!-- This site is optimized with the Yoast SEO plugin v22.9 - https:\/\/yoast.com\/wordpress\/plugins\/seo\/ -->\n<title>Gratis tips - S\u00f6lvesborg<\/title>\n<meta name=\"robots\" content=\"index, follow, max-snippet:-1, max-image-preview:large, max-video-preview:-1\" \/>\n<link rel=\"canonical\" href=\"https:\/\/nyforetagarcentrum.se\/solvesborg\/gratis-tips\/\" \/>\n<meta property=\"og:locale\" content=\"sv_SE\" \/>\n<meta property=\"og:type\" content=\"article\" \/>\n<meta property=\"og:title\" content=\"Gratis tips - S\u00f6lvesborg\" \/>\n<meta property=\"og:description\" content=\"Gratis tips H\u00e4r har vi samlat information, verktyg och l\u00e4nkar f\u00f6r dig som ska starta f\u00f6retag.&nbsp; Ta en titt p\u00e5 v\u00e5ra samarbetspartners!&nbsp;Alla de f\u00f6retagen ing\u00e5r i v\u00e5rt n\u00e4tverk och vill att fler nya f\u00f6retag ska v\u00e4xa. Kanske hittar du din blivande leverant\u00f6r, ett givande samarbete eller rent av framtida kund? S\u00e5 startar du ett f\u00f6retag [&hellip;]\" \/>\n<meta property=\"og:url\" content=\"https:\/\/nyforetagarcentrum.se\/solvesborg\/gratis-tips\/\" \/>\n<meta property=\"og:site_name\" content=\"S\u00f6lvesborg\" \/>\n<meta property=\"article:modified_time\" content=\"2025-05-13T08:31:47+00:00\" \/>\n<meta name=\"twitter:card\" content=\"summary_large_image\" \/>\n<meta name=\"twitter:label1\" content=\"Ber\u00e4knad l\u00e4stid\" \/>\n\t<meta name=\"twitter:data1\" content=\"3 minuter\" \/>\n<script type=\"application\/ld+json\" class=\"yoast-schema-graph\">{\"@context\":\"https:\/\/schema.org\",\"@graph\":[{\"@type\":\"WebPage\",\"@id\":\"https:\/\/nyforetagarcentrum.se\/solvesborg\/gratis-tips\/\",\"url\":\"https:\/\/nyforetagarcentrum.se\/solvesborg\/gratis-tips\/\",\"name\":\"Gratis tips - S\u00f6lvesborg\",\"isPartOf\":{\"@id\":\"https:\/\/nyforetagarcentrum.se\/solvesborg\/#website\"},\"datePublished\":\"2025-04-29T07:47:49+00:00\",\"dateModified\":\"2025-05-13T08:31:47+00:00\",\"breadcrumb\":{\"@id\":\"https:\/\/nyforetagarcentrum.se\/solvesborg\/gratis-tips\/#breadcrumb\"},\"inLanguage\":\"sv-SE\",\"potentialAction\":[{\"@type\":\"ReadAction\",\"target\":[\"https:\/\/nyforetagarcentrum.se\/solvesborg\/gratis-tips\/\"]}]},{\"@type\":\"BreadcrumbList\",\"@id\":\"https:\/\/nyforetagarcentrum.se\/solvesborg\/gratis-tips\/#breadcrumb\",\"itemListElement\":[{\"@type\":\"ListItem\",\"position\":1,\"name\":\"Hem\",\"item\":\"https:\/\/nyforetagarcentrum.se\/solvesborg\/\"},{\"@type\":\"ListItem\",\"position\":2,\"name\":\"Gratis tips\"}]},{\"@type\":\"WebSite\",\"@id\":\"https:\/\/nyforetagarcentrum.se\/solvesborg\/#website\",\"url\":\"https:\/\/nyforetagarcentrum.se\/solvesborg\/\",\"name\":\"S\u00f6lvesborg\",\"description\":\"Sveriges ledande kraft f\u00f6r fler nya livskraftiga f\u00f6retag\",\"publisher\":{\"@id\":\"https:\/\/nyforetagarcentrum.se\/solvesborg\/#organization\"},\"potentialAction\":[{\"@type\":\"SearchAction\",\"target\":{\"@type\":\"EntryPoint\",\"urlTemplate\":\"https:\/\/nyforetagarcentrum.se\/solvesborg\/?s={search_term_string}\"},\"query-input\":\"required name=search_term_string\"}],\"inLanguage\":\"sv-SE\"},{\"@type\":\"Organization\",\"@id\":\"https:\/\/nyforetagarcentrum.se\/solvesborg\/#organization\",\"name\":\"S\u00f6lvesborg\",\"url\":\"https:\/\/nyforetagarcentrum.se\/solvesborg\/\",\"logo\":{\"@type\":\"ImageObject\",\"inLanguage\":\"sv-SE\",\"@id\":\"https:\/\/nyforetagarcentrum.se\/solvesborg\/#\/schema\/logo\/image\/\",\"url\":\"https:\/\/nyforetagarcentrum.se\/solvesborg\/wp-content\/uploads\/sites\/67\/2024\/04\/Solvesborg-1.png\",\"contentUrl\":\"https:\/\/nyforetagarcentrum.se\/solvesborg\/wp-content\/uploads\/sites\/67\/2024\/04\/Solvesborg-1.png\",\"width\":1082,\"height\":542,\"caption\":\"S\u00f6lvesborg\"},\"image\":{\"@id\":\"https:\/\/nyforetagarcentrum.se\/solvesborg\/#\/schema\/logo\/image\/\"}}]}<\/script>\n<!-- \/ Yoast SEO plugin. -->","yoast_head_json":{"title":"Gratis tips - S\u00f6lvesborg","robots":{"index":"index","follow":"follow","max-snippet":"max-snippet:-1","max-image-preview":"max-image-preview:large","max-video-preview":"max-video-preview:-1"},"canonical":"https:\/\/nyforetagarcentrum.se\/solvesborg\/gratis-tips\/","og_locale":"sv_SE","og_type":"article","og_title":"Gratis tips - S\u00f6lvesborg","og_description":"Gratis tips H\u00e4r har vi samlat information, verktyg och l\u00e4nkar f\u00f6r dig som ska starta f\u00f6retag.&nbsp; Ta en titt p\u00e5 v\u00e5ra samarbetspartners!&nbsp;Alla de f\u00f6retagen ing\u00e5r i v\u00e5rt n\u00e4tverk och vill att fler nya f\u00f6retag ska v\u00e4xa. Kanske hittar du din blivande leverant\u00f6r, ett givande samarbete eller rent av framtida kund? S\u00e5 startar du ett f\u00f6retag [&hellip;]","og_url":"https:\/\/nyforetagarcentrum.se\/solvesborg\/gratis-tips\/","og_site_name":"S\u00f6lvesborg","article_modified_time":"2025-05-13T08:31:47+00:00","twitter_card":"summary_large_image","twitter_misc":{"Ber\u00e4knad l\u00e4stid":"3 minuter"},"schema":{"@context":"https:\/\/schema.org","@graph":[{"@type":"WebPage","@id":"https:\/\/nyforetagarcentrum.se\/solvesborg\/gratis-tips\/","url":"https:\/\/nyforetagarcentrum.se\/solvesborg\/gratis-tips\/","name":"Gratis tips - S\u00f6lvesborg","isPartOf":{"@id":"https:\/\/nyforetagarcentrum.se\/solvesborg\/#website"},"datePublished":"2025-04-29T07:47:49+00:00","dateModified":"2025-05-13T08:31:47+00:00","breadcrumb":{"@id":"https:\/\/nyforetagarcentrum.se\/solvesborg\/gratis-tips\/#breadcrumb"},"inLanguage":"sv-SE","potentialAction":[{"@type":"ReadAction","target":["https:\/\/nyforetagarcentrum.se\/solvesborg\/gratis-tips\/"]}]},{"@type":"BreadcrumbList","@id":"https:\/\/nyforetagarcentrum.se\/solvesborg\/gratis-tips\/#breadcrumb","itemListElement":[{"@type":"ListItem","position":1,"name":"Hem","item":"https:\/\/nyforetagarcentrum.se\/solvesborg\/"},{"@type":"ListItem","position":2,"name":"Gratis tips"}]},{"@type":"WebSite","@id":"https:\/\/nyforetagarcentrum.se\/solvesborg\/#website","url":"https:\/\/nyforetagarcentrum.se\/solvesborg\/","name":"S\u00f6lvesborg","description":"Sveriges ledande kraft f\u00f6r fler nya livskraftiga f\u00f6retag","publisher":{"@id":"https:\/\/nyforetagarcentrum.se\/solvesborg\/#organization"},"potentialAction":[{"@type":"SearchAction","target":{"@type":"EntryPoint","urlTemplate":"https:\/\/nyforetagarcentrum.se\/solvesborg\/?s={search_term_string}"},"query-input":"required name=search_term_string"}],"inLanguage":"sv-SE"},{"@type":"Organization","@id":"https:\/\/nyforetagarcentrum.se\/solvesborg\/#organization","name":"S\u00f6lvesborg","url":"https:\/\/nyforetagarcentrum.se\/solvesborg\/","logo":{"@type":"ImageObject","inLanguage":"sv-SE","@id":"https:\/\/nyforetagarcentrum.se\/solvesborg\/#\/schema\/logo\/image\/","url":"https:\/\/nyforetagarcentrum.se\/solvesborg\/wp-content\/uploads\/sites\/67\/2024\/04\/Solvesborg-1.png","contentUrl":"https:\/\/nyforetagarcentrum.se\/solvesborg\/wp-content\/uploads\/sites\/67\/2024\/04\/Solvesborg-1.png","width":1082,"height":542,"caption":"S\u00f6lvesborg"},"image":{"@id":"https:\/\/nyforetagarcentrum.se\/solvesborg\/#\/schema\/logo\/image\/"}}]}},"_links":{"self":[{"href":"https:\/\/nyforetagarcentrum.se\/solvesborg\/wp-json\/wp\/v2\/pages\/452"}],"collection":[{"href":"https:\/\/nyforetagarcentrum.se\/solvesborg\/wp-json\/wp\/v2\/pages"}],"about":[{"href":"https:\/\/nyforetagarcentrum.se\/solvesborg\/wp-json\/wp\/v2\/types\/page"}],"author":[{"embeddable":true,"href":"https:\/\/nyforetagarcentrum.se\/solvesborg\/wp-json\/wp\/v2\/users\/18"}],"replies":[{"embeddable":true,"href":"https:\/\/nyforetagarcentrum.se\/solvesborg\/wp-json\/wp\/v2\/comments?post=452"}],"version-history":[{"count":7,"href":"https:\/\/nyforetagarcentrum.se\/solvesborg\/wp-json\/wp\/v2\/pages\/452\/revisions"}],"predecessor-version":[{"id":490,"href":"https:\/\/nyforetagarcentrum.se\/solvesborg\/wp-json\/wp\/v2\/pages\/452\/revisions\/490"}],"wp:attachment":[{"href":"https:\/\/nyforetagarcentrum.se\/solvesborg\/wp-json\/wp\/v2\/media?parent=452"}],"curies":[{"name":"wp","href":"https:\/\/api.w.org\/{rel}","templated":true}]}}