{"id":169,"date":"2024-02-27T16:06:59","date_gmt":"2024-02-27T15:06:59","guid":{"rendered":"https:\/\/nyforetagarcentrum.se\/solna\/?page_id=169"},"modified":"2025-03-18T11:49:59","modified_gmt":"2025-03-18T10:49:59","slug":"kontakt","status":"publish","type":"page","link":"https:\/\/nyforetagarcentrum.se\/solnasundbyberg\/kontakt\/","title":{"rendered":"Kontakt"},"content":{"rendered":"<section  class=\"nfc-block-breadcrumbs\">\n    <div class=\"wrapper contained\">\n        <ol class=\"breadcrumbs\" itemscope itemtype=\"https:\/\/schema.org\/BreadcrumbList\">\n            <li itemprop=\"itemListElement\" itemscope itemtype=\"https:\/\/schema.org\/ListItem\">\n            \n\n                            <span class=\"current\" itemprop=\"name\">Hem<\/span>\n            \n            <meta itemprop=\"position\" content=\"1\" \/>\n        <\/li>\n    <\/ol>    <\/div>\n<\/section>\n\n\n<div style=\"height:100px\" aria-hidden=\"true\" class=\"wp-block-spacer\"><\/div>\n\n\n\n<div class=\"wp-block-group alignwide is-layout-constrained wp-block-group-is-layout-constrained\">\n<div class=\"wp-block-columns alignfull is-layout-flex wp-container-core-columns-is-layout-1 wp-block-columns-is-layout-flex\">\n<div class=\"wp-block-column is-layout-flow wp-block-column-is-layout-flow\">\n<p><\/p>\n\n\n\n<h1 class=\"wp-block-heading has-text-align-center\">Kontakta oss!<\/h1>\n<\/div>\n\n\n\n<div class=\"wp-block-column is-layout-flow wp-block-column-is-layout-flow\">\n<h2 class=\"wp-block-heading\">Vill du boka tid med en r\u00e5dgivare? <\/h2>\n\n\n\n<p><strong>R\u00e5dgivning, seminarium och n\u00e4tverkstr\u00e4ffar bokas online.<\/strong> <\/p>\n\n\n\n<p>Har du andra fr\u00e5gor n\u00e5r du oss l\u00e4ttast via e-post, d\u00e4r vi har snabba svarstider. Maila&nbsp;solna@nyforetagarcentrum.se&nbsp;eller&nbsp;sundbyberg@nyforetegarcentrum.se.<\/p>\n\n\n\n<p>Varmt v\u00e4lkommen!<\/p>\n\n\n\n<div style=\"height:16px\" aria-hidden=\"true\" class=\"wp-block-spacer\"><\/div>\n\n\n\n<div class=\"wp-block-buttons is-layout-flex wp-block-buttons-is-layout-flex\">\n<div class=\"wp-block-button\"><a class=\"wp-block-button__link wp-element-button\" href=\"https:\/\/jobsdata-nyforetagarcentrum.se\/ExternBooking?OfficeId=f8f6e205-5496-e811-80d7-0050568571f4&amp;_gl=1*1j8eags*_ga*MTIzNTE1NDI1Mi4xNzIzNjI1MjYy*_ga_9RRJJK0Y4R*MTc0MDU4MDk3NS4xMjYuMS4xNzQwNTgwOTc5LjU2LjAuMA..\">Boka r\u00e5dgivning<\/a><\/div>\n<\/div>\n<\/div>\n<\/div>\n<\/div>\n\n\n\n<div style=\"height:44px\" aria-hidden=\"true\" class=\"wp-block-spacer\"><\/div>\n\n\n\n<h2 class=\"wp-block-heading\">Vill du st\u00f6tta oss? Bli partner! <\/h2>\n\n\n\n<p><strong>Tack vare v\u00e5ra partners kan vi erbjuda kostnadsfritt st\u00f6d till nyf\u00f6retagare i Solna och Sundbyberg.<\/strong> <\/p>\n\n\n\n<p>Vill du ocks\u00e5 st\u00f6tta oss? Kontakta Sara Strand, VD\/Verksamhetsledare, e-post sara.strand@nyforetagarcentrum.se.<\/p>\n\n\n\n<div style=\"height:61px\" aria-hidden=\"true\" class=\"wp-block-spacer\"><\/div>\n\n\n<section  class=\"nfc-block-split_screen alignwide image_alignment-right theme-dark\">\n    <div class=\"wrapper\">\n        <div class=\"nfc-block-split_screen__image-wrapper\">\n            <img loading=\"lazy\" decoding=\"async\" width=\"720\" height=\"1080\" src=\"https:\/\/nyforetagarcentrum.se\/solnasundbyberg\/wp-content\/uploads\/sites\/27\/2024\/02\/074fbd4f185748329fcc0d3630a184b2-720x1080-1.png\" class=\"attachment-landscape size-landscape\" alt=\"\" srcset=\"https:\/\/nyforetagarcentrum.se\/solnasundbyberg\/wp-content\/uploads\/sites\/27\/2024\/02\/074fbd4f185748329fcc0d3630a184b2-720x1080-1.png 720w, https:\/\/nyforetagarcentrum.se\/solnasundbyberg\/wp-content\/uploads\/sites\/27\/2024\/02\/074fbd4f185748329fcc0d3630a184b2-720x1080-1-200x300.png 200w, https:\/\/nyforetagarcentrum.se\/solnasundbyberg\/wp-content\/uploads\/sites\/27\/2024\/02\/074fbd4f185748329fcc0d3630a184b2-720x1080-1-683x1024.png 683w\" sizes=\"(max-width: 720px) 100vw, 720px\" \/>        <\/div>\n\n        <div class=\"nfc-block-split_screen__content-wrapper\">\n            <h2>Kontakta oss<\/h2>\n<h2>Nyf\u00f6retagarCentrum Solna Sundbyberg<\/h2>\n<p>solna@nyforetagarcentrum.se<br \/>\nsundbyberg@nyforetagarcentrum.se<br \/>\n010-148 41 60<\/p>\n<p><strong>R\u00e5dgivare:<\/strong><br \/>\n<strong>Jan Bj\u00f6rklund:<\/strong>\u00a0jan.bjorklund@nyforetagarcentrum.se<br \/>\n<strong>Maria Ekman:<\/strong> maria.ekman@nyforetagarcentrum.se<br \/>\n<strong>Rut Semere:<\/strong> rut.semere@nyforetagarcentrum.se<\/p>\n<p><strong>VD\/Verksamhetsledare:<\/strong><br \/>\n<strong>Sara Strand:<\/strong> sara.strand@nyforetagarcentrum.se<\/p>\n<p><strong>Nyf\u00f6retagarCentrum Solna Sundbyberg<\/strong><\/p>\n<p>Stadshusg\u00e5ngen 2, 171 86 Solna<\/p>\n\n            \n        <\/div>\n    <\/div>\n<\/section>\n\n\n<div style=\"height:100px\" aria-hidden=\"true\" class=\"wp-block-spacer\"><\/div>\n\n\n<script>const member_map_block_6032f5d9090156dec633acf9603881e1 = [{\"id\":\"27-904\",\"lng\":\"18.0002477\",\"lat\":\"59.3598358\",\"title\":\"Nyf\\u00f6retagarCentrum Solna Sundbyberg, Best Western Plus Park City Solna (bemannat vid bokat m\\u00f6te)\",\"address\":\"Hotellgatan 11, 17125 Solna\"},{\"id\":\"27-575\",\"lng\":\"18.00612\",\"lat\":\"59.36767\",\"title\":\"Nyf\\u00f6retagarCentrum Solna Sundbyberg, CoW Arenastaden Solna - Obs, v\\u00e4nta vid entr\\u00e9n p\\u00e5 BV, r\\u00e5dgivaren h\\u00e4mtar dig n\\u00e4r m\\u00f6tet startar (bemannat vid bokat m\\u00f6te)\",\"address\":\"Pyramidv\\u00e4gen 7, 16956 Solna\"},{\"id\":\"27-586\",\"lng\":\"17.9683662\",\"lat\":\"59.3754396\",\"title\":\"Nyf\\u00f6retagarCentrum Solna Sundbyberg, Hallonbergens bibliotek, Sundbyberg (bemannat vid bokat m\\u00f6te)\",\"address\":\"Hallonbergsplan 7, 17452 Sundbyberg\"},{\"id\":\"27-356\",\"lng\":\"17.9640652\",\"lat\":\"59.3611783\",\"title\":\"Nyf\\u00f6retagarCentrum Solna Sundbyberg, Handelsbanken Sundbyberg (bemannat vid bokat m\\u00f6te)\",\"address\":\"Landsv\\u00e4gen 57, 172 64 Sundbyberg\"},{\"id\":\"27-326\",\"lng\":\"18.0000029\",\"lat\":\"59.3591035\",\"title\":\"Nyf\\u00f6retagarCentrum Solna Sundbyberg, Solna stadshus (bemannat vid bokat m\\u00f6te)\",\"address\":\"Stadshusg\\u00e5ngen 2, Solna centrum, 171 45 Solna\"}];<\/script>\n\n<!-- Loads the google map api. -->\n<script type=\"text\/javascript\" src=\"\/\/maps.googleapis.com\/maps\/api\/js?key=AIzaSyDGhZjiYRUYd9Gp8cEzhhoiQNx5apfS6jM&#038;sensor=false\"><\/script>\n\n<section  class=\"nfc-block-locations alignwide\">\n\n    <div class=\"search-wrapper\">\n        <input type=\"text\" id=\"search-location\" placeholder=\"S\u00f6k p\u00e5 ort eller adress\">\n    <\/div>\n\n    <div class=\"location-list\">\n\n                    <div class=\"location\" id=\"location-27-904\">\n                <h2 class=\"location-title\">Nyf\u00f6retagarCentrum Solna Sundbyberg, Best Western Plus Park City Solna (bemannat vid bokat m\u00f6te)<\/h2>\n\n                <div class=\"address-container\">\n                    <p>Hotellgatan 11<\/p>\n                    <p>17125 Solna<\/p>\n                <\/div>\n\n                                    <a href=\"https:\/\/www.nyforetagarcentrum.se\/solnasundbyberg\" class=\"location-link\" target=\"_blank\" rel=\"noopener noreferrer\">https:\/\/www.nyforetagarcentrum.se\/solnasundbyberg<\/a>\n                \n            <\/div>\n                    <div class=\"location\" id=\"location-27-575\">\n                <h2 class=\"location-title\">Nyf\u00f6retagarCentrum Solna Sundbyberg, CoW Arenastaden Solna &#8211; Obs, v\u00e4nta vid entr\u00e9n p\u00e5 BV, r\u00e5dgivaren h\u00e4mtar dig n\u00e4r m\u00f6tet startar (bemannat vid bokat m\u00f6te)<\/h2>\n\n                <div class=\"address-container\">\n                    <p>Pyramidv\u00e4gen 7<\/p>\n                    <p>16956 Solna<\/p>\n                <\/div>\n\n                                    <a href=\"https:\/\/www.nyforetagarcentrum.se\/solnasundbyberg\" class=\"location-link\" target=\"_blank\" rel=\"noopener noreferrer\">https:\/\/www.nyforetagarcentrum.se\/solnasundbyberg<\/a>\n                \n            <\/div>\n                    <div class=\"location\" id=\"location-27-586\">\n                <h2 class=\"location-title\">Nyf\u00f6retagarCentrum Solna Sundbyberg, Hallonbergens bibliotek, Sundbyberg (bemannat vid bokat m\u00f6te)<\/h2>\n\n                <div class=\"address-container\">\n                    <p>Hallonbergsplan 7<\/p>\n                    <p>17452 Sundbyberg<\/p>\n                <\/div>\n\n                                    <a href=\"https:\/\/www.nyforetagarcentrum.se\/solnasundbyberg\" class=\"location-link\" target=\"_blank\" rel=\"noopener noreferrer\">https:\/\/www.nyforetagarcentrum.se\/solnasundbyberg<\/a>\n                \n            <\/div>\n                    <div class=\"location\" id=\"location-27-356\">\n                <h2 class=\"location-title\">Nyf\u00f6retagarCentrum Solna Sundbyberg, Handelsbanken Sundbyberg (bemannat vid bokat m\u00f6te)<\/h2>\n\n                <div class=\"address-container\">\n                    <p>Landsv\u00e4gen 57<\/p>\n                    <p>172 64 Sundbyberg<\/p>\n                <\/div>\n\n                                    <a href=\"https:\/\/www.nyforetagarcentrum.se\/solnasundbyberg\" class=\"location-link\" target=\"_blank\" rel=\"noopener noreferrer\">https:\/\/www.nyforetagarcentrum.se\/solnasundbyberg<\/a>\n                \n            <\/div>\n                    <div class=\"location\" id=\"location-27-326\">\n                <h2 class=\"location-title\">Nyf\u00f6retagarCentrum Solna Sundbyberg, Solna stadshus (bemannat vid bokat m\u00f6te)<\/h2>\n\n                <div class=\"address-container\">\n                    <p>Stadshusg\u00e5ngen 2, Solna centrum<\/p>\n                    <p>171 45 Solna<\/p>\n                <\/div>\n\n                                    <a href=\"https:\/\/www.nyforetagarcentrum.se\/solnasundbyberg\" class=\"location-link\" target=\"_blank\" rel=\"noopener noreferrer\">https:\/\/www.nyforetagarcentrum.se\/solnasundbyberg<\/a>\n                \n            <\/div>\n        \n    <\/div>\n    <div class=\"location-map\" id=\"map\">\n        <noscript><p>JavaScript is required to render the Google Map.<\/p><\/noscript>\n    <\/div>\n<\/section>\n\n\n\n<script>\n\n\t\/\/ Initialize and add the map\n\tlet map;\n\n\tasync function initMap() {\n\n        \/\/ Fetch the current position based on the user's IP address.\n        const userLocation = await fetch('https:\/\/ipapi.co\/json\/')\n            .then(response => response.json())\n            .then(data => {\n                return {\n                    lat: data.latitude,\n                    lng: data.longitude\n                };\n            })\n            .catch(error => {\n                console.error('Error:', error);\n            });\n\n\n\n\t\t\/\/ Request needed libraries.\n\t\tconst { Map } = await google.maps.importLibrary(\"maps\");\n\t\tconst { AdvancedMarkerElement } = await google.maps.importLibrary(\"marker\");\n\n\t\t\/\/ The map, centered at Uluru\n\t\tmap = new google.maps.Map(document.getElementById(\"map\"), {\n\t\t\tzoom: 5,\n\t\t\tmapId: \"7883236a355b0892\"\n\t\t});\n\n\n\t\t\/\/ Add the pins\n\t\tconst pins = member_map_block_6032f5d9090156dec633acf9603881e1;\n\t\tconst markers = pins.map(pin => {\n\n\t\t\tconst marker = new AdvancedMarkerElement({\n\t\t\t\tposition: { lat: Number(pin.lat), lng: Number(pin.lng) },\n\t\t\t\tmap,\n\t\t\t\ttitle: pin.title,\n\t\t\t});\n\n\t\t\tmarker.addListener('gmp-click', () => {\n                const el = document.getElementById('location-' + pin.id);\n                if ( ! el ) {\n                    return;\n                }\n\n                el.scrollIntoView({ behavior: 'smooth', block: 'nearest', inline: 'start' })\n                el.classList.add('highlighted');\n                setTimeout(() => el.classList.remove('highlighted'), 1000);\n\t\t\t})\n\n\t\t\treturn {marker, pin};\n\t\t});\n\n\n        const bounds = new google.maps.LatLngBounds();\n        markers.forEach(marker => bounds.extend(marker.marker.position));\n\n\n        \/\/ Center the map on the user location\n        if (userLocation && bounds.contains(userLocation)) {\n            map.setCenter(userLocation);\n            map.setZoom(9);\n        } else {\n            map.fitBounds(bounds);\n        }\n\n        google.maps.event.addListener(map, 'idle', function() {\n            if (markers.some(marker => map.getBounds().contains(marker.marker.position))) {\n            } else {\n                map.setZoom(map.getZoom() - 1);\n            }\n        });\n\n\n\n        const searchInput = document.getElementById('search-location');\n        if (searchInput) {\n            searchInput.addEventListener('input', (e) => {\n                const search = e.target.value.toLowerCase();\n                const locations = document.querySelectorAll('.location');\n                locations.forEach(location => {\n                    const title = location.querySelector('.location-title').textContent.toLowerCase();\n                    const address = location.querySelector('.address-container').textContent.toLowerCase();\n                    if (title.includes(search) || address.includes(search)) {\n                        location.style.display = 'block';\n                    } else {\n                        location.style.display = 'none';\n                    }\n                });\n\n                const bounds = new google.maps.LatLngBounds();\n\n\n                let hasMarker = false;\n                markers.forEach(marker => {\n                    const title = marker.pin.title.toLowerCase();\n                    const address = marker.pin.address.toLowerCase();\n                    if (title.includes(search) || address.includes(search)) {\n                        marker.marker.setMap(map);\n                        bounds.extend(marker.marker.position)\n                        hasMarker = true;\n                    } else {\n                        marker.marker.setMap(null);\n                    }\n                });\n\n                if (!hasMarker) {\n                    map.setCenter({ lat: 62.3908, lng: 16.3252 });\n                    map.setZoom(5);\n                } else {\n                    map.fitBounds(bounds);\n                }\n            });\n        }\n\t}\n\n\tinitMap();\n\n\n<\/script>\n\n\n<div style=\"height:100px\" aria-hidden=\"true\" class=\"wp-block-spacer\"><\/div>\n","protected":false},"excerpt":{"rendered":"<p>Kontakta oss! Vill du boka tid med en r\u00e5dgivare? R\u00e5dgivning, seminarium och n\u00e4tverkstr\u00e4ffar bokas online. Har du andra fr\u00e5gor n\u00e5r du oss l\u00e4ttast via e-post, d\u00e4r vi har snabba svarstider. Maila&nbsp;solna@nyforetagarcentrum.se&nbsp;eller&nbsp;sundbyberg@nyforetegarcentrum.se. Varmt v\u00e4lkommen! Vill du st\u00f6tta oss? Bli partner! Tack vare v\u00e5ra partners kan vi erbjuda kostnadsfritt st\u00f6d till nyf\u00f6retagare i Solna och Sundbyberg. Vill [&hellip;]<\/p>\n","protected":false},"author":1,"featured_media":0,"parent":0,"menu_order":0,"comment_status":"closed","ping_status":"closed","template":"","meta":{"footnotes":""},"acf":[],"yoast_head":"<!-- This site is optimized with the Yoast SEO plugin v22.9 - https:\/\/yoast.com\/wordpress\/plugins\/seo\/ -->\n<title>Kontakt - Solna Sundbyberg<\/title>\n<meta name=\"robots\" content=\"index, follow, max-snippet:-1, max-image-preview:large, max-video-preview:-1\" \/>\n<link rel=\"canonical\" href=\"https:\/\/nyforetagarcentrum.se\/solnasundbyberg\/kontakt\/\" \/>\n<meta property=\"og:locale\" content=\"sv_SE\" \/>\n<meta property=\"og:type\" content=\"article\" \/>\n<meta property=\"og:title\" content=\"Kontakt - Solna Sundbyberg\" \/>\n<meta property=\"og:description\" content=\"Kontakta oss! Vill du boka tid med en r\u00e5dgivare? R\u00e5dgivning, seminarium och n\u00e4tverkstr\u00e4ffar bokas online. Har du andra fr\u00e5gor n\u00e5r du oss l\u00e4ttast via e-post, d\u00e4r vi har snabba svarstider. Maila&nbsp;solna@nyforetagarcentrum.se&nbsp;eller&nbsp;sundbyberg@nyforetegarcentrum.se. Varmt v\u00e4lkommen! Vill du st\u00f6tta oss? Bli partner! Tack vare v\u00e5ra partners kan vi erbjuda kostnadsfritt st\u00f6d till nyf\u00f6retagare i Solna och Sundbyberg. Vill [&hellip;]\" \/>\n<meta property=\"og:url\" content=\"https:\/\/nyforetagarcentrum.se\/solnasundbyberg\/kontakt\/\" \/>\n<meta property=\"og:site_name\" content=\"Solna Sundbyberg\" \/>\n<meta property=\"article:modified_time\" content=\"2025-03-18T10:49:59+00:00\" \/>\n<meta name=\"twitter:card\" content=\"summary_large_image\" \/>\n<meta name=\"twitter:label1\" content=\"Ber\u00e4knad l\u00e4stid\" \/>\n\t<meta name=\"twitter:data1\" content=\"1 minut\" \/>\n<script type=\"application\/ld+json\" class=\"yoast-schema-graph\">{\"@context\":\"https:\/\/schema.org\",\"@graph\":[{\"@type\":\"WebPage\",\"@id\":\"https:\/\/nyforetagarcentrum.se\/solnasundbyberg\/kontakt\/\",\"url\":\"https:\/\/nyforetagarcentrum.se\/solnasundbyberg\/kontakt\/\",\"name\":\"Kontakt - Solna Sundbyberg\",\"isPartOf\":{\"@id\":\"https:\/\/nyforetagarcentrum.se\/solnasundbyberg\/#website\"},\"datePublished\":\"2024-02-27T15:06:59+00:00\",\"dateModified\":\"2025-03-18T10:49:59+00:00\",\"breadcrumb\":{\"@id\":\"https:\/\/nyforetagarcentrum.se\/solnasundbyberg\/kontakt\/#breadcrumb\"},\"inLanguage\":\"sv-SE\",\"potentialAction\":[{\"@type\":\"ReadAction\",\"target\":[\"https:\/\/nyforetagarcentrum.se\/solnasundbyberg\/kontakt\/\"]}]},{\"@type\":\"BreadcrumbList\",\"@id\":\"https:\/\/nyforetagarcentrum.se\/solnasundbyberg\/kontakt\/#breadcrumb\",\"itemListElement\":[{\"@type\":\"ListItem\",\"position\":1,\"name\":\"Hem\",\"item\":\"https:\/\/nyforetagarcentrum.se\/solnasundbyberg\/\"},{\"@type\":\"ListItem\",\"position\":2,\"name\":\"Kontakt\"}]},{\"@type\":\"WebSite\",\"@id\":\"https:\/\/nyforetagarcentrum.se\/solnasundbyberg\/#website\",\"url\":\"https:\/\/nyforetagarcentrum.se\/solnasundbyberg\/\",\"name\":\"Solna Sundbyberg\",\"description\":\"Sveriges ledande kraft f\u00f6r fler nya livskraftiga f\u00f6retag\",\"publisher\":{\"@id\":\"https:\/\/nyforetagarcentrum.se\/solnasundbyberg\/#organization\"},\"potentialAction\":[{\"@type\":\"SearchAction\",\"target\":{\"@type\":\"EntryPoint\",\"urlTemplate\":\"https:\/\/nyforetagarcentrum.se\/solnasundbyberg\/?s={search_term_string}\"},\"query-input\":\"required name=search_term_string\"}],\"inLanguage\":\"sv-SE\"},{\"@type\":\"Organization\",\"@id\":\"https:\/\/nyforetagarcentrum.se\/solnasundbyberg\/#organization\",\"name\":\"Solna Sundbyberg\",\"url\":\"https:\/\/nyforetagarcentrum.se\/solnasundbyberg\/\",\"logo\":{\"@type\":\"ImageObject\",\"inLanguage\":\"sv-SE\",\"@id\":\"https:\/\/nyforetagarcentrum.se\/solnasundbyberg\/#\/schema\/logo\/image\/\",\"url\":\"https:\/\/nyforetagarcentrum.se\/solnasundbyberg\/wp-content\/uploads\/sites\/27\/2025\/03\/cropped-NFC-Solna-Sundbyberg-logo-blue.png\",\"contentUrl\":\"https:\/\/nyforetagarcentrum.se\/solnasundbyberg\/wp-content\/uploads\/sites\/27\/2025\/03\/cropped-NFC-Solna-Sundbyberg-logo-blue.png\",\"width\":967,\"height\":454,\"caption\":\"Solna Sundbyberg\"},\"image\":{\"@id\":\"https:\/\/nyforetagarcentrum.se\/solnasundbyberg\/#\/schema\/logo\/image\/\"}}]}<\/script>\n<!-- \/ Yoast SEO plugin. -->","yoast_head_json":{"title":"Kontakt - Solna Sundbyberg","robots":{"index":"index","follow":"follow","max-snippet":"max-snippet:-1","max-image-preview":"max-image-preview:large","max-video-preview":"max-video-preview:-1"},"canonical":"https:\/\/nyforetagarcentrum.se\/solnasundbyberg\/kontakt\/","og_locale":"sv_SE","og_type":"article","og_title":"Kontakt - Solna Sundbyberg","og_description":"Kontakta oss! Vill du boka tid med en r\u00e5dgivare? R\u00e5dgivning, seminarium och n\u00e4tverkstr\u00e4ffar bokas online. Har du andra fr\u00e5gor n\u00e5r du oss l\u00e4ttast via e-post, d\u00e4r vi har snabba svarstider. Maila&nbsp;solna@nyforetagarcentrum.se&nbsp;eller&nbsp;sundbyberg@nyforetegarcentrum.se. Varmt v\u00e4lkommen! Vill du st\u00f6tta oss? Bli partner! Tack vare v\u00e5ra partners kan vi erbjuda kostnadsfritt st\u00f6d till nyf\u00f6retagare i Solna och Sundbyberg. Vill [&hellip;]","og_url":"https:\/\/nyforetagarcentrum.se\/solnasundbyberg\/kontakt\/","og_site_name":"Solna Sundbyberg","article_modified_time":"2025-03-18T10:49:59+00:00","twitter_card":"summary_large_image","twitter_misc":{"Ber\u00e4knad l\u00e4stid":"1 minut"},"schema":{"@context":"https:\/\/schema.org","@graph":[{"@type":"WebPage","@id":"https:\/\/nyforetagarcentrum.se\/solnasundbyberg\/kontakt\/","url":"https:\/\/nyforetagarcentrum.se\/solnasundbyberg\/kontakt\/","name":"Kontakt - Solna Sundbyberg","isPartOf":{"@id":"https:\/\/nyforetagarcentrum.se\/solnasundbyberg\/#website"},"datePublished":"2024-02-27T15:06:59+00:00","dateModified":"2025-03-18T10:49:59+00:00","breadcrumb":{"@id":"https:\/\/nyforetagarcentrum.se\/solnasundbyberg\/kontakt\/#breadcrumb"},"inLanguage":"sv-SE","potentialAction":[{"@type":"ReadAction","target":["https:\/\/nyforetagarcentrum.se\/solnasundbyberg\/kontakt\/"]}]},{"@type":"BreadcrumbList","@id":"https:\/\/nyforetagarcentrum.se\/solnasundbyberg\/kontakt\/#breadcrumb","itemListElement":[{"@type":"ListItem","position":1,"name":"Hem","item":"https:\/\/nyforetagarcentrum.se\/solnasundbyberg\/"},{"@type":"ListItem","position":2,"name":"Kontakt"}]},{"@type":"WebSite","@id":"https:\/\/nyforetagarcentrum.se\/solnasundbyberg\/#website","url":"https:\/\/nyforetagarcentrum.se\/solnasundbyberg\/","name":"Solna Sundbyberg","description":"Sveriges ledande kraft f\u00f6r fler nya livskraftiga f\u00f6retag","publisher":{"@id":"https:\/\/nyforetagarcentrum.se\/solnasundbyberg\/#organization"},"potentialAction":[{"@type":"SearchAction","target":{"@type":"EntryPoint","urlTemplate":"https:\/\/nyforetagarcentrum.se\/solnasundbyberg\/?s={search_term_string}"},"query-input":"required name=search_term_string"}],"inLanguage":"sv-SE"},{"@type":"Organization","@id":"https:\/\/nyforetagarcentrum.se\/solnasundbyberg\/#organization","name":"Solna Sundbyberg","url":"https:\/\/nyforetagarcentrum.se\/solnasundbyberg\/","logo":{"@type":"ImageObject","inLanguage":"sv-SE","@id":"https:\/\/nyforetagarcentrum.se\/solnasundbyberg\/#\/schema\/logo\/image\/","url":"https:\/\/nyforetagarcentrum.se\/solnasundbyberg\/wp-content\/uploads\/sites\/27\/2025\/03\/cropped-NFC-Solna-Sundbyberg-logo-blue.png","contentUrl":"https:\/\/nyforetagarcentrum.se\/solnasundbyberg\/wp-content\/uploads\/sites\/27\/2025\/03\/cropped-NFC-Solna-Sundbyberg-logo-blue.png","width":967,"height":454,"caption":"Solna Sundbyberg"},"image":{"@id":"https:\/\/nyforetagarcentrum.se\/solnasundbyberg\/#\/schema\/logo\/image\/"}}]}},"_links":{"self":[{"href":"https:\/\/nyforetagarcentrum.se\/solnasundbyberg\/wp-json\/wp\/v2\/pages\/169"}],"collection":[{"href":"https:\/\/nyforetagarcentrum.se\/solnasundbyberg\/wp-json\/wp\/v2\/pages"}],"about":[{"href":"https:\/\/nyforetagarcentrum.se\/solnasundbyberg\/wp-json\/wp\/v2\/types\/page"}],"author":[{"embeddable":true,"href":"https:\/\/nyforetagarcentrum.se\/solnasundbyberg\/wp-json\/wp\/v2\/users\/1"}],"replies":[{"embeddable":true,"href":"https:\/\/nyforetagarcentrum.se\/solnasundbyberg\/wp-json\/wp\/v2\/comments?post=169"}],"version-history":[{"count":44,"href":"https:\/\/nyforetagarcentrum.se\/solnasundbyberg\/wp-json\/wp\/v2\/pages\/169\/revisions"}],"predecessor-version":[{"id":929,"href":"https:\/\/nyforetagarcentrum.se\/solnasundbyberg\/wp-json\/wp\/v2\/pages\/169\/revisions\/929"}],"wp:attachment":[{"href":"https:\/\/nyforetagarcentrum.se\/solnasundbyberg\/wp-json\/wp\/v2\/media?parent=169"}],"curies":[{"name":"wp","href":"https:\/\/api.w.org\/{rel}","templated":true}]}}