{"id":128,"date":"2024-02-22T11:27:10","date_gmt":"2024-02-22T10:27:10","guid":{"rendered":"https:\/\/nyforetagarcentrum.se\/skaraborg\/?page_id=128"},"modified":"2025-05-05T23:22:17","modified_gmt":"2025-05-05T21:22:17","slug":"mentor","status":"publish","type":"page","link":"https:\/\/nyforetagarcentrum.se\/skaraborg\/mentor\/","title":{"rendered":"Mentor"},"content":{"rendered":"\n<p><\/p>\n\n\n<section  class=\"nfc-block-breadcrumbs alignwide\">\n    <div class=\"wrapper contained\">\n        <ol class=\"breadcrumbs\" itemscope itemtype=\"https:\/\/schema.org\/BreadcrumbList\">\n            <li itemprop=\"itemListElement\" itemscope itemtype=\"https:\/\/schema.org\/ListItem\">\n            \n\n                            <span class=\"current\" itemprop=\"name\">Hem<\/span>\n            \n            <meta itemprop=\"position\" content=\"1\" \/>\n        <\/li>\n    <\/ol>    <\/div>\n<\/section>\n\n\n<div style=\"height:var(--wp--preset--spacing--50)\" aria-hidden=\"true\" class=\"wp-block-spacer\"><\/div>\n\n\n<section  class=\"nfc-block-split_screen alignwide image_alignment-left\">\n    <div class=\"wrapper\">\n        <div class=\"nfc-block-split_screen__image-wrapper\">\n            <img loading=\"lazy\" decoding=\"async\" width=\"742\" height=\"707\" src=\"https:\/\/nyforetagarcentrum.se\/skaraborg\/wp-content\/uploads\/sites\/85\/2024\/02\/Allman-bild-23.png\" class=\"attachment-landscape size-landscape\" alt=\"\" srcset=\"https:\/\/nyforetagarcentrum.se\/skaraborg\/wp-content\/uploads\/sites\/85\/2024\/02\/Allman-bild-23.png 742w, https:\/\/nyforetagarcentrum.se\/skaraborg\/wp-content\/uploads\/sites\/85\/2024\/02\/Allman-bild-23-300x286.png 300w\" sizes=\"(max-width: 742px) 100vw, 742px\" \/>        <\/div>\n\n        <div class=\"nfc-block-split_screen__content-wrapper\">\n            <h1>\u00c4r du intresserad av att delta i v\u00e5rt mentorsprogram?<\/h1>\n<div>\n<p>Livet som ny f\u00f6retagare \u00e4r inte l\u00e4tt, det \u00e4r m\u00e5nga utmaningar och problem man st\u00e4lls inf\u00f6r. Med\u00a0<b>st\u00f6d och support<\/b>\u00a0av en mentor, en\u00a0<b>oberoende och erfaren<\/b>\u00a0f\u00f6retagare, underl\u00e4ttas starten enormt.<\/p>\n<p>Nyf\u00f6retagarCentrums mentorer arbetar\u00a0<b>ideellt<\/b>\u00a0och erbjuder adepterna sina\u00a0<b>erfarenheter och kunskaper<\/b>\u00a0likv\u00e4l som sina\u00a0<b>n\u00e4tverk<\/b>. Under 12 m\u00e5nader har man m\u00f6jlighet att\u00a0<b>kostnadsfritt<\/b>\u00a0f\u00e5: n\u00e5gon att\u00a0<b>bolla med<\/b>\u00a0och utmana id\u00e9er, hj\u00e4lpen att hitta de l\u00e4mpligaste l\u00f6sningarna och komma till beslut, utveckling av\u00a0<b>kommunikation<\/b>\u00a0och\u00a0<b>n\u00e4tverkande\u00a0<\/b>men framf\u00f6r allt\u2026. n\u00e5gon som utan baktankar <b>st\u00f6ttar, motiverar<\/b>\u00a0och hj\u00e4lper till att\u00a0<b>h\u00e5lla fokus<\/b>\u00a0fram\u00e5t.<\/p>\n<\/div>\n\n                            <div class=\"nfc-block-split_screen__buttons\">\n                                            <a href=\"\/mentor\" class=\"button primary\">L\u00e4s mer <\/a>\n                                    <\/div>\n            \n        <\/div>\n    <\/div>\n<\/section>\n\n\n<div style=\"height:54px\" aria-hidden=\"true\" class=\"wp-block-spacer\"><\/div>\n\n\n\n<h2 class=\"wp-block-heading alignwide has-x-large-font-size\">Mentorhandledare hos Nyf\u00f6retagarCentrum Skaraborg<\/h2>\n\n\n\n<div style=\"height:34px\" aria-hidden=\"true\" class=\"wp-block-spacer\"><\/div>\n\n\n<section  class=\"nfc-block-person_grid alignwide layout-large\">\n    <div class=\"contained\">\n        <div class=\"grid\">\n            <div class=\"person-large-card\">\n    \n    <div class=\"featured_image\">\n                    <img loading=\"lazy\" decoding=\"async\" width=\"798\" height=\"1024\" src=\"https:\/\/nyforetagarcentrum.se\/skaraborg\/wp-content\/uploads\/sites\/85\/2024\/05\/lena-scaled-e1719870937991-798x1024.jpg\" class=\"attachment-large size-large\" alt=\"\" srcset=\"https:\/\/nyforetagarcentrum.se\/skaraborg\/wp-content\/uploads\/sites\/85\/2024\/05\/lena-scaled-e1719870937991-798x1024.jpg 798w, https:\/\/nyforetagarcentrum.se\/skaraborg\/wp-content\/uploads\/sites\/85\/2024\/05\/lena-scaled-e1719870937991-234x300.jpg 234w, https:\/\/nyforetagarcentrum.se\/skaraborg\/wp-content\/uploads\/sites\/85\/2024\/05\/lena-scaled-e1719870937991-768x986.jpg 768w, https:\/\/nyforetagarcentrum.se\/skaraborg\/wp-content\/uploads\/sites\/85\/2024\/05\/lena-scaled-e1719870937991-1196x1536.jpg 1196w, https:\/\/nyforetagarcentrum.se\/skaraborg\/wp-content\/uploads\/sites\/85\/2024\/05\/lena-scaled-e1719870937991-841x1080.jpg 841w, https:\/\/nyforetagarcentrum.se\/skaraborg\/wp-content\/uploads\/sites\/85\/2024\/05\/lena-scaled-e1719870937991.jpg 1222w\" sizes=\"(max-width: 798px) 100vw, 798px\" \/>            <\/div>\n\n    <div class=\"content-wrapper\">\n        <h3>Lena Tilstam<\/h3>\n\n                    <div class=\"excerpt\">\n                Diplomerad R\u00e5dgivare <br \/>\r\nMariestad<br \/>\r\nGullsp\u00e5ng <br \/>\r\nT\u00f6reboda <br \/>\r\n<br \/>\r\nR\u00e5dgivare och mentorshandledare<br \/>\r\n<br \/>\r\nLena arbetar hos Nyf\u00f6retagarCentrum Skaraborg som r\u00e5dgivare och mentorshandledare. Hon ansvarar f\u00f6r Nationella Mentorsprogrammet \u2013 Mentor Eget F\u00f6retag.<br \/>\r\n<br \/>\r\nVill du ha en mentor \u2013 eller sj\u00e4lv vara mentor \u00e5t en nyf\u00f6retagare \u2013 \u00e4r det Lena du ska kontakta.<br \/>\r\n<br \/>\r\nR\u00e5dgivning erbjuds i Mariestad, T\u00f6reboda och Gullsp\u00e5ng samt p\u00e5 annan plats enligt \u00f6verenskommelse.            <\/div>\n        \n        <div class=\"links\">\n\n                            <a href=\"tel:0707 -43 03 75\">\n                    0707 -43 03 75                <\/a>\n            \n                            <a href=\"mailto:lena.tilstam@nyforetagarcentrum.se\">\n                    lena.tilstam@nyforetagarcentrum.se                <\/a>\n                    <\/div>\n        \n    <\/div>\n<\/div>        <\/div>\n    <\/div>\n<\/section>\n\n\n<div style=\"height:100px\" aria-hidden=\"true\" class=\"wp-block-spacer\"><\/div>\n\n\n<section  class=\"nfc-block-posts_carousel alignwide type-post\">\n    \n            <div class=\"carousel-wrapper grab-to-scroll\">\n                                            <div class=\"post-card\" itemscope itemtype=\"https:\/\/schema.org\/NewsArticle\">\n    \n    <div class=\"featured_image\">\n                    <meta itemprop=\"image\" content=\"https:\/\/nyforetagarcentrum.se\/skaraborg\/wp-content\/uploads\/sites\/85\/2025\/06\/mot-ett-mentorpar-linus-och-jocke.png\">\n            <img loading=\"lazy\" decoding=\"async\" width=\"1080\" height=\"1080\" src=\"https:\/\/nyforetagarcentrum.se\/skaraborg\/wp-content\/uploads\/sites\/85\/2025\/06\/mot-ett-mentorpar-linus-och-jocke.png\" class=\"attachment-medium-large size-medium-large\" alt=\"\" srcset=\"https:\/\/nyforetagarcentrum.se\/skaraborg\/wp-content\/uploads\/sites\/85\/2025\/06\/mot-ett-mentorpar-linus-och-jocke.png 1080w, https:\/\/nyforetagarcentrum.se\/skaraborg\/wp-content\/uploads\/sites\/85\/2025\/06\/mot-ett-mentorpar-linus-och-jocke-300x300.png 300w, https:\/\/nyforetagarcentrum.se\/skaraborg\/wp-content\/uploads\/sites\/85\/2025\/06\/mot-ett-mentorpar-linus-och-jocke-1024x1024.png 1024w, https:\/\/nyforetagarcentrum.se\/skaraborg\/wp-content\/uploads\/sites\/85\/2025\/06\/mot-ett-mentorpar-linus-och-jocke-150x150.png 150w, https:\/\/nyforetagarcentrum.se\/skaraborg\/wp-content\/uploads\/sites\/85\/2025\/06\/mot-ett-mentorpar-linus-och-jocke-768x768.png 768w\" sizes=\"(max-width: 1080px) 100vw, 1080px\" \/>            <\/div>\n\n    <div class=\"content-wrapper\">\n        <div class=\"top\">\n                            <div class=\"categories\">\n                    <a tabindex=\"-1\" class=\"tag\" href=\"https:\/\/nyforetagarcentrum.se\/skaraborg\/category\/mentor\/\">mentor<\/a>                <\/div>\n            \n            <div class=\"date\" itemprop=\"datePublished\" content=\"2025-11-05\">\n                2025.11.05            <\/div>\n        <\/div>\n        \n        <h3 class=\"title\" itemprop=\"headline\">\n            <a tabindex=\"-1\" href=\"https:\/\/nyforetagarcentrum.se\/skaraborg\/2025\/11\/05\/mentorskap-mellan-linus-och-jocke\/\">Mentorskap mellan Linus och Jocke<\/a>\n        <\/h3>\n\n        <p class=\"excerpt\">\n            I Mariestad m\u00f6ter vi adepten Linus Wadstr\u00f6m, qreativet, och hans mentor Joakim Ebbeson. De deltar i mentorprogrammet hos Nyf\u00f6retagarCentrum Skaraborg och \u00e4r ett av de par vi kommer f\u00f6lja lite n\u00e4rmare under ett \u00e5r. Att utvecklas med staden Linus och Joakim bor b\u00e5da i Mariestad. En stad i utveckling vid V\u00e4nern. Det \u00e4r mycket som [&hellip;]        <\/p>\n\n        <a class=\"read-more\" href=\"https:\/\/nyforetagarcentrum.se\/skaraborg\/2025\/11\/05\/mentorskap-mellan-linus-och-jocke\/\">L\u00e4s mer<span class=\"screenreader\"> om Mentorskap mellan Linus och Jocke<\/span><div class=\"icon icon-chevron-right\"><\/div><\/a>\n    <\/div>\n<\/div>                                            <div class=\"post-card\" itemscope itemtype=\"https:\/\/schema.org\/NewsArticle\">\n    \n    <div class=\"featured_image\">\n                    <meta itemprop=\"image\" content=\"https:\/\/nyforetagarcentrum.se\/skaraborg\/wp-content\/uploads\/sites\/85\/2024\/03\/melina-poljkak-kall-e1719350653401.png\">\n            <img loading=\"lazy\" decoding=\"async\" width=\"510\" height=\"576\" src=\"https:\/\/nyforetagarcentrum.se\/skaraborg\/wp-content\/uploads\/sites\/85\/2024\/03\/melina-poljkak-kall-e1719350653401.png\" class=\"attachment-medium-large size-medium-large\" alt=\"\" srcset=\"https:\/\/nyforetagarcentrum.se\/skaraborg\/wp-content\/uploads\/sites\/85\/2024\/03\/melina-poljkak-kall-e1719350653401.png 510w, https:\/\/nyforetagarcentrum.se\/skaraborg\/wp-content\/uploads\/sites\/85\/2024\/03\/melina-poljkak-kall-e1719350653401-266x300.png 266w\" sizes=\"(max-width: 510px) 100vw, 510px\" \/>            <\/div>\n\n    <div class=\"content-wrapper\">\n        <div class=\"top\">\n                            <div class=\"categories\">\n                    <a tabindex=\"-1\" class=\"tag\" href=\"https:\/\/nyforetagarcentrum.se\/skaraborg\/category\/mentor\/\">mentor<\/a>                <\/div>\n            \n            <div class=\"date\" itemprop=\"datePublished\" content=\"2024-06-25\">\n                2024.06.25            <\/div>\n        <\/div>\n        \n        <h3 class=\"title\" itemprop=\"headline\">\n            <a tabindex=\"-1\" href=\"https:\/\/nyforetagarcentrum.se\/skaraborg\/2024\/06\/25\/mentor-nyforetagarcentrum-skaraborg\/\">Merlina Poljak K\u00e4ll<\/a>\n        <\/h3>\n\n        <p class=\"excerpt\">\n            &#8221;Actions prove who someone is, Words just prove who they want to be\u201d Merlina har en bred och varierad bakgrund bakom sig som g\u00f6r att de adepter som f\u00e5r ta del av hennes kunskaper och erfarenheter f\u00e5r ett v\u00e4rdefullt st\u00f6d p\u00e5 v\u00e4gen.&nbsp;Idag driver hon MM Fokus d\u00e4r hon fokuserar p\u00e5 aff\u00e4rs- och ledarskapsutveckling, men hon [&hellip;]        <\/p>\n\n        <a class=\"read-more\" href=\"https:\/\/nyforetagarcentrum.se\/skaraborg\/2024\/06\/25\/mentor-nyforetagarcentrum-skaraborg\/\">L\u00e4s mer<span class=\"screenreader\"> om Merlina Poljak K\u00e4ll<\/span><div class=\"icon icon-chevron-right\"><\/div><\/a>\n    <\/div>\n<\/div>                                <\/div>\n    \n<\/section>\n\n\n<div style=\"height:100px\" aria-hidden=\"true\" class=\"wp-block-spacer\"><\/div>\n","protected":false},"excerpt":{"rendered":"<p>Mentorhandledare hos Nyf\u00f6retagarCentrum Skaraborg<\/p>\n","protected":false},"author":1,"featured_media":0,"parent":0,"menu_order":0,"comment_status":"closed","ping_status":"closed","template":"","meta":{"footnotes":""},"acf":[],"yoast_head":"<!-- This site is optimized with the Yoast SEO plugin v22.9 - https:\/\/yoast.com\/wordpress\/plugins\/seo\/ -->\n<title>Mentor - Skaraborg<\/title>\n<meta name=\"robots\" content=\"index, follow, max-snippet:-1, max-image-preview:large, max-video-preview:-1\" \/>\n<link rel=\"canonical\" href=\"https:\/\/nyforetagarcentrum.se\/skaraborg\/mentor\/\" \/>\n<meta property=\"og:locale\" content=\"sv_SE\" \/>\n<meta property=\"og:type\" content=\"article\" \/>\n<meta property=\"og:title\" content=\"Mentor - Skaraborg\" \/>\n<meta property=\"og:description\" content=\"Mentorhandledare hos Nyf\u00f6retagarCentrum Skaraborg\" \/>\n<meta property=\"og:url\" content=\"https:\/\/nyforetagarcentrum.se\/skaraborg\/mentor\/\" \/>\n<meta property=\"og:site_name\" content=\"Skaraborg\" \/>\n<meta property=\"article:modified_time\" content=\"2025-05-05T21:22:17+00:00\" \/>\n<meta name=\"twitter:card\" content=\"summary_large_image\" \/>\n<meta name=\"twitter:label1\" content=\"Ber\u00e4knad l\u00e4stid\" \/>\n\t<meta name=\"twitter:data1\" content=\"1 minut\" \/>\n<script type=\"application\/ld+json\" class=\"yoast-schema-graph\">{\"@context\":\"https:\/\/schema.org\",\"@graph\":[{\"@type\":\"WebPage\",\"@id\":\"https:\/\/nyforetagarcentrum.se\/skaraborg\/mentor\/\",\"url\":\"https:\/\/nyforetagarcentrum.se\/skaraborg\/mentor\/\",\"name\":\"Mentor - Skaraborg\",\"isPartOf\":{\"@id\":\"https:\/\/nyforetagarcentrum.se\/skaraborg\/#website\"},\"datePublished\":\"2024-02-22T10:27:10+00:00\",\"dateModified\":\"2025-05-05T21:22:17+00:00\",\"breadcrumb\":{\"@id\":\"https:\/\/nyforetagarcentrum.se\/skaraborg\/mentor\/#breadcrumb\"},\"inLanguage\":\"sv-SE\",\"potentialAction\":[{\"@type\":\"ReadAction\",\"target\":[\"https:\/\/nyforetagarcentrum.se\/skaraborg\/mentor\/\"]}]},{\"@type\":\"BreadcrumbList\",\"@id\":\"https:\/\/nyforetagarcentrum.se\/skaraborg\/mentor\/#breadcrumb\",\"itemListElement\":[{\"@type\":\"ListItem\",\"position\":1,\"name\":\"Hem\",\"item\":\"https:\/\/nyforetagarcentrum.se\/skaraborg\/\"},{\"@type\":\"ListItem\",\"position\":2,\"name\":\"Mentor\"}]},{\"@type\":\"WebSite\",\"@id\":\"https:\/\/nyforetagarcentrum.se\/skaraborg\/#website\",\"url\":\"https:\/\/nyforetagarcentrum.se\/skaraborg\/\",\"name\":\"Skaraborg\",\"description\":\"Sveriges ledande kraft f\u00f6r fler nya livskraftiga f\u00f6retag\",\"publisher\":{\"@id\":\"https:\/\/nyforetagarcentrum.se\/skaraborg\/#organization\"},\"potentialAction\":[{\"@type\":\"SearchAction\",\"target\":{\"@type\":\"EntryPoint\",\"urlTemplate\":\"https:\/\/nyforetagarcentrum.se\/skaraborg\/?s={search_term_string}\"},\"query-input\":\"required name=search_term_string\"}],\"inLanguage\":\"sv-SE\"},{\"@type\":\"Organization\",\"@id\":\"https:\/\/nyforetagarcentrum.se\/skaraborg\/#organization\",\"name\":\"Skaraborg\",\"url\":\"https:\/\/nyforetagarcentrum.se\/skaraborg\/\",\"logo\":{\"@type\":\"ImageObject\",\"inLanguage\":\"sv-SE\",\"@id\":\"https:\/\/nyforetagarcentrum.se\/skaraborg\/#\/schema\/logo\/image\/\",\"url\":\"https:\/\/nyforetagarcentrum.se\/skaraborg\/wp-content\/uploads\/sites\/85\/2024\/04\/Skaraborg.png\",\"contentUrl\":\"https:\/\/nyforetagarcentrum.se\/skaraborg\/wp-content\/uploads\/sites\/85\/2024\/04\/Skaraborg.png\",\"width\":1082,\"height\":542,\"caption\":\"Skaraborg\"},\"image\":{\"@id\":\"https:\/\/nyforetagarcentrum.se\/skaraborg\/#\/schema\/logo\/image\/\"}}]}<\/script>\n<!-- \/ Yoast SEO plugin. -->","yoast_head_json":{"title":"Mentor - Skaraborg","robots":{"index":"index","follow":"follow","max-snippet":"max-snippet:-1","max-image-preview":"max-image-preview:large","max-video-preview":"max-video-preview:-1"},"canonical":"https:\/\/nyforetagarcentrum.se\/skaraborg\/mentor\/","og_locale":"sv_SE","og_type":"article","og_title":"Mentor - Skaraborg","og_description":"Mentorhandledare hos Nyf\u00f6retagarCentrum Skaraborg","og_url":"https:\/\/nyforetagarcentrum.se\/skaraborg\/mentor\/","og_site_name":"Skaraborg","article_modified_time":"2025-05-05T21:22:17+00:00","twitter_card":"summary_large_image","twitter_misc":{"Ber\u00e4knad l\u00e4stid":"1 minut"},"schema":{"@context":"https:\/\/schema.org","@graph":[{"@type":"WebPage","@id":"https:\/\/nyforetagarcentrum.se\/skaraborg\/mentor\/","url":"https:\/\/nyforetagarcentrum.se\/skaraborg\/mentor\/","name":"Mentor - Skaraborg","isPartOf":{"@id":"https:\/\/nyforetagarcentrum.se\/skaraborg\/#website"},"datePublished":"2024-02-22T10:27:10+00:00","dateModified":"2025-05-05T21:22:17+00:00","breadcrumb":{"@id":"https:\/\/nyforetagarcentrum.se\/skaraborg\/mentor\/#breadcrumb"},"inLanguage":"sv-SE","potentialAction":[{"@type":"ReadAction","target":["https:\/\/nyforetagarcentrum.se\/skaraborg\/mentor\/"]}]},{"@type":"BreadcrumbList","@id":"https:\/\/nyforetagarcentrum.se\/skaraborg\/mentor\/#breadcrumb","itemListElement":[{"@type":"ListItem","position":1,"name":"Hem","item":"https:\/\/nyforetagarcentrum.se\/skaraborg\/"},{"@type":"ListItem","position":2,"name":"Mentor"}]},{"@type":"WebSite","@id":"https:\/\/nyforetagarcentrum.se\/skaraborg\/#website","url":"https:\/\/nyforetagarcentrum.se\/skaraborg\/","name":"Skaraborg","description":"Sveriges ledande kraft f\u00f6r fler nya livskraftiga f\u00f6retag","publisher":{"@id":"https:\/\/nyforetagarcentrum.se\/skaraborg\/#organization"},"potentialAction":[{"@type":"SearchAction","target":{"@type":"EntryPoint","urlTemplate":"https:\/\/nyforetagarcentrum.se\/skaraborg\/?s={search_term_string}"},"query-input":"required name=search_term_string"}],"inLanguage":"sv-SE"},{"@type":"Organization","@id":"https:\/\/nyforetagarcentrum.se\/skaraborg\/#organization","name":"Skaraborg","url":"https:\/\/nyforetagarcentrum.se\/skaraborg\/","logo":{"@type":"ImageObject","inLanguage":"sv-SE","@id":"https:\/\/nyforetagarcentrum.se\/skaraborg\/#\/schema\/logo\/image\/","url":"https:\/\/nyforetagarcentrum.se\/skaraborg\/wp-content\/uploads\/sites\/85\/2024\/04\/Skaraborg.png","contentUrl":"https:\/\/nyforetagarcentrum.se\/skaraborg\/wp-content\/uploads\/sites\/85\/2024\/04\/Skaraborg.png","width":1082,"height":542,"caption":"Skaraborg"},"image":{"@id":"https:\/\/nyforetagarcentrum.se\/skaraborg\/#\/schema\/logo\/image\/"}}]}},"_links":{"self":[{"href":"https:\/\/nyforetagarcentrum.se\/skaraborg\/wp-json\/wp\/v2\/pages\/128"}],"collection":[{"href":"https:\/\/nyforetagarcentrum.se\/skaraborg\/wp-json\/wp\/v2\/pages"}],"about":[{"href":"https:\/\/nyforetagarcentrum.se\/skaraborg\/wp-json\/wp\/v2\/types\/page"}],"author":[{"embeddable":true,"href":"https:\/\/nyforetagarcentrum.se\/skaraborg\/wp-json\/wp\/v2\/users\/1"}],"replies":[{"embeddable":true,"href":"https:\/\/nyforetagarcentrum.se\/skaraborg\/wp-json\/wp\/v2\/comments?post=128"}],"version-history":[{"count":76,"href":"https:\/\/nyforetagarcentrum.se\/skaraborg\/wp-json\/wp\/v2\/pages\/128\/revisions"}],"predecessor-version":[{"id":2227,"href":"https:\/\/nyforetagarcentrum.se\/skaraborg\/wp-json\/wp\/v2\/pages\/128\/revisions\/2227"}],"wp:attachment":[{"href":"https:\/\/nyforetagarcentrum.se\/skaraborg\/wp-json\/wp\/v2\/media?parent=128"}],"curies":[{"name":"wp","href":"https:\/\/api.w.org\/{rel}","templated":true}]}}