{"id":41,"date":"2024-02-22T10:24:51","date_gmt":"2024-02-22T09:24:51","guid":{"rendered":"https:\/\/nyforetagarcentrum.se\/osby\/?page_id=41"},"modified":"2024-12-13T13:33:28","modified_gmt":"2024-12-13T12:33:28","slug":"vara-samarbetspartners","status":"publish","type":"page","link":"https:\/\/nyforetagarcentrum.se\/osby\/vara-samarbetspartners\/","title":{"rendered":"V\u00e5ra samarbetspartners"},"content":{"rendered":"<section  class=\"nfc-block-hero alignfull\">\n\n    <img loading=\"lazy\" decoding=\"async\" width=\"1470\" height=\"980\" src=\"https:\/\/nyforetagarcentrum.se\/osby\/wp-content\/uploads\/sites\/47\/2024\/02\/0e791fc7a813b73286933adf78fc31c9.png\" class=\"attachment-landscape size-landscape\" alt=\"\" srcset=\"https:\/\/nyforetagarcentrum.se\/osby\/wp-content\/uploads\/sites\/47\/2024\/02\/0e791fc7a813b73286933adf78fc31c9.png 1470w, https:\/\/nyforetagarcentrum.se\/osby\/wp-content\/uploads\/sites\/47\/2024\/02\/0e791fc7a813b73286933adf78fc31c9-300x200.png 300w, https:\/\/nyforetagarcentrum.se\/osby\/wp-content\/uploads\/sites\/47\/2024\/02\/0e791fc7a813b73286933adf78fc31c9-1024x683.png 1024w, https:\/\/nyforetagarcentrum.se\/osby\/wp-content\/uploads\/sites\/47\/2024\/02\/0e791fc7a813b73286933adf78fc31c9-768x512.png 768w\" sizes=\"(max-width: 1470px) 100vw, 1470px\" \/>\n    <div class=\"contained\">\n        <h1 class=\"nfc-block-hero__heading\">V\u00e5ra samarbetspartners<\/h1>\n\n            <\/div>\n<\/section>\n\n\n<div style=\"height:50px\" aria-hidden=\"true\" class=\"wp-block-spacer\"><\/div>\n\n\n<section  class=\"block-our-partners nfc-block-partners\">\n    <div class=\"contained\">\n            <\/div>\n<\/section>\n\n<section  class=\"nfc-block-breadcrumbs\">\n    <div class=\"wrapper contained\">\n        <ol class=\"breadcrumbs\" itemscope itemtype=\"https:\/\/schema.org\/BreadcrumbList\">\n            <li itemprop=\"itemListElement\" itemscope itemtype=\"https:\/\/schema.org\/ListItem\">\n            \n\n                            <span class=\"current\" itemprop=\"name\">Hem<\/span>\n            \n            <meta itemprop=\"position\" content=\"1\" \/>\n        <\/li>\n    <\/ol>    <\/div>\n<\/section>\n\n\n<div style=\"height:50px\" aria-hidden=\"true\" class=\"wp-block-spacer\"><\/div>\n\n\n<section  class=\"block-our-partners nfc-block-partners\">\n    <div class=\"contained\">\n                                    <div class=\"partner-card\">\n                    <div class=\"logo-wrapper\">\n                        <img decoding=\"async\" src=\"https:\/\/nyforetagarcentrum.se\/osby\/wp-content\/uploads\/sites\/47\/2024\/05\/osby-kopia.png\" alt=\"\">\n                    <\/div>\n                    \n                                            <div class=\"h4\"><b>Osby Kommun<\/b><\/div>\n                                                                                                                    <\/div>\n                            <div class=\"partner-card\">\n                    <div class=\"logo-wrapper\">\n                        <img decoding=\"async\" src=\"https:\/\/nyforetagarcentrum.se\/osby\/wp-content\/uploads\/sites\/47\/2024\/05\/Nordea-kopia-2-1.jpg\" alt=\"\">\n                    <\/div>\n                    \n                                            <div class=\"h4\"><b>Nordea<\/b><\/div>\n                                                                                                                    <\/div>\n                            <div class=\"partner-card\">\n                    <div class=\"logo-wrapper\">\n                        <img decoding=\"async\" src=\"https:\/\/nyforetagarcentrum.se\/osby\/wp-content\/uploads\/sites\/47\/2024\/05\/LF.png\" alt=\"\">\n                    <\/div>\n                    \n                                            <div class=\"h4\"><b>L\u00e4nsf\u00f6rs\u00e4kringar<\/b><\/div>\n                                                                                                                    <\/div>\n                            <div class=\"partner-card\">\n                    <div class=\"logo-wrapper\">\n                        <img decoding=\"async\" src=\"https:\/\/nyforetagarcentrum.se\/osby\/wp-content\/uploads\/sites\/47\/2024\/05\/Osby-Glas-kopia.jpg\" alt=\"\">\n                    <\/div>\n                    \n                                            <div class=\"h4\"><b>Osby Glas<\/b><\/div>\n                                                                                                                    <\/div>\n                            <div class=\"partner-card\">\n                    <div class=\"logo-wrapper\">\n                        <img decoding=\"async\" src=\"https:\/\/nyforetagarcentrum.se\/osby\/wp-content\/uploads\/sites\/47\/2024\/05\/Fonsterspecialisten-250x63-1.png\" alt=\"\">\n                    <\/div>\n                    \n                                            <div class=\"h4\"><b>F\u00f6nsterspecialisten<\/b><\/div>\n                                                                                                                    <\/div>\n                            <div class=\"partner-card\">\n                    <div class=\"logo-wrapper\">\n                        <img decoding=\"async\" src=\"https:\/\/nyforetagarcentrum.se\/osby\/wp-content\/uploads\/sites\/47\/2024\/05\/Trio-Perfekta-1-kopia.png\" alt=\"\">\n                    <\/div>\n                    \n                                            <div class=\"h4\"><b>Trio Perfekta<\/b><\/div>\n                                                                                                                    <\/div>\n                            <div class=\"partner-card\">\n                    <div class=\"logo-wrapper\">\n                        <img decoding=\"async\" src=\"https:\/\/nyforetagarcentrum.se\/osby\/wp-content\/uploads\/sites\/47\/2024\/05\/Refa-2-kopia.png\" alt=\"\">\n                    <\/div>\n                    \n                                            <div class=\"h4\"><b>Refa Revision<\/b><\/div>\n                                                                                                                    <\/div>\n                        <\/div>\n<\/section>\n\n\n<div style=\"height:80px\" aria-hidden=\"true\" class=\"wp-block-spacer\"><\/div>\n","protected":false},"excerpt":{"rendered":"","protected":false},"author":1,"featured_media":0,"parent":0,"menu_order":0,"comment_status":"closed","ping_status":"closed","template":"","meta":{"footnotes":""},"acf":[],"yoast_head":"<!-- This site is optimized with the Yoast SEO plugin v22.9 - https:\/\/yoast.com\/wordpress\/plugins\/seo\/ -->\n<title>V\u00e5ra samarbetspartners - Osby<\/title>\n<meta name=\"robots\" content=\"index, follow, max-snippet:-1, max-image-preview:large, max-video-preview:-1\" \/>\n<link rel=\"canonical\" href=\"https:\/\/nyforetagarcentrum.se\/osby\/vara-samarbetspartners\/\" \/>\n<meta property=\"og:locale\" content=\"sv_SE\" \/>\n<meta property=\"og:type\" content=\"article\" \/>\n<meta property=\"og:title\" content=\"V\u00e5ra samarbetspartners - Osby\" \/>\n<meta property=\"og:url\" content=\"https:\/\/nyforetagarcentrum.se\/osby\/vara-samarbetspartners\/\" \/>\n<meta property=\"og:site_name\" content=\"Osby\" \/>\n<meta property=\"article:modified_time\" content=\"2024-12-13T12:33:28+00:00\" \/>\n<meta name=\"twitter:card\" content=\"summary_large_image\" \/>\n<script type=\"application\/ld+json\" class=\"yoast-schema-graph\">{\"@context\":\"https:\/\/schema.org\",\"@graph\":[{\"@type\":\"WebPage\",\"@id\":\"https:\/\/nyforetagarcentrum.se\/osby\/vara-samarbetspartners\/\",\"url\":\"https:\/\/nyforetagarcentrum.se\/osby\/vara-samarbetspartners\/\",\"name\":\"V\u00e5ra samarbetspartners - Osby\",\"isPartOf\":{\"@id\":\"https:\/\/nyforetagarcentrum.se\/osby\/#website\"},\"datePublished\":\"2024-02-22T09:24:51+00:00\",\"dateModified\":\"2024-12-13T12:33:28+00:00\",\"breadcrumb\":{\"@id\":\"https:\/\/nyforetagarcentrum.se\/osby\/vara-samarbetspartners\/#breadcrumb\"},\"inLanguage\":\"sv-SE\",\"potentialAction\":[{\"@type\":\"ReadAction\",\"target\":[\"https:\/\/nyforetagarcentrum.se\/osby\/vara-samarbetspartners\/\"]}]},{\"@type\":\"BreadcrumbList\",\"@id\":\"https:\/\/nyforetagarcentrum.se\/osby\/vara-samarbetspartners\/#breadcrumb\",\"itemListElement\":[{\"@type\":\"ListItem\",\"position\":1,\"name\":\"Hem\",\"item\":\"https:\/\/nyforetagarcentrum.se\/osby\/\"},{\"@type\":\"ListItem\",\"position\":2,\"name\":\"V\u00e5ra samarbetspartners\"}]},{\"@type\":\"WebSite\",\"@id\":\"https:\/\/nyforetagarcentrum.se\/osby\/#website\",\"url\":\"https:\/\/nyforetagarcentrum.se\/osby\/\",\"name\":\"Osby\",\"description\":\"Sveriges ledande kraft inom nyf\u00f6retagande\",\"publisher\":{\"@id\":\"https:\/\/nyforetagarcentrum.se\/osby\/#organization\"},\"potentialAction\":[{\"@type\":\"SearchAction\",\"target\":{\"@type\":\"EntryPoint\",\"urlTemplate\":\"https:\/\/nyforetagarcentrum.se\/osby\/?s={search_term_string}\"},\"query-input\":\"required name=search_term_string\"}],\"inLanguage\":\"sv-SE\"},{\"@type\":\"Organization\",\"@id\":\"https:\/\/nyforetagarcentrum.se\/osby\/#organization\",\"name\":\"Osby\",\"url\":\"https:\/\/nyforetagarcentrum.se\/osby\/\",\"logo\":{\"@type\":\"ImageObject\",\"inLanguage\":\"sv-SE\",\"@id\":\"https:\/\/nyforetagarcentrum.se\/osby\/#\/schema\/logo\/image\/\",\"url\":\"https:\/\/nyforetagarcentrum.se\/osby\/wp-content\/uploads\/sites\/47\/2024\/07\/osby_bla.png\",\"contentUrl\":\"https:\/\/nyforetagarcentrum.se\/osby\/wp-content\/uploads\/sites\/47\/2024\/07\/osby_bla.png\",\"width\":870,\"height\":355,\"caption\":\"Osby\"},\"image\":{\"@id\":\"https:\/\/nyforetagarcentrum.se\/osby\/#\/schema\/logo\/image\/\"}}]}<\/script>\n<!-- \/ Yoast SEO plugin. -->","yoast_head_json":{"title":"V\u00e5ra samarbetspartners - Osby","robots":{"index":"index","follow":"follow","max-snippet":"max-snippet:-1","max-image-preview":"max-image-preview:large","max-video-preview":"max-video-preview:-1"},"canonical":"https:\/\/nyforetagarcentrum.se\/osby\/vara-samarbetspartners\/","og_locale":"sv_SE","og_type":"article","og_title":"V\u00e5ra samarbetspartners - Osby","og_url":"https:\/\/nyforetagarcentrum.se\/osby\/vara-samarbetspartners\/","og_site_name":"Osby","article_modified_time":"2024-12-13T12:33:28+00:00","twitter_card":"summary_large_image","schema":{"@context":"https:\/\/schema.org","@graph":[{"@type":"WebPage","@id":"https:\/\/nyforetagarcentrum.se\/osby\/vara-samarbetspartners\/","url":"https:\/\/nyforetagarcentrum.se\/osby\/vara-samarbetspartners\/","name":"V\u00e5ra samarbetspartners - Osby","isPartOf":{"@id":"https:\/\/nyforetagarcentrum.se\/osby\/#website"},"datePublished":"2024-02-22T09:24:51+00:00","dateModified":"2024-12-13T12:33:28+00:00","breadcrumb":{"@id":"https:\/\/nyforetagarcentrum.se\/osby\/vara-samarbetspartners\/#breadcrumb"},"inLanguage":"sv-SE","potentialAction":[{"@type":"ReadAction","target":["https:\/\/nyforetagarcentrum.se\/osby\/vara-samarbetspartners\/"]}]},{"@type":"BreadcrumbList","@id":"https:\/\/nyforetagarcentrum.se\/osby\/vara-samarbetspartners\/#breadcrumb","itemListElement":[{"@type":"ListItem","position":1,"name":"Hem","item":"https:\/\/nyforetagarcentrum.se\/osby\/"},{"@type":"ListItem","position":2,"name":"V\u00e5ra samarbetspartners"}]},{"@type":"WebSite","@id":"https:\/\/nyforetagarcentrum.se\/osby\/#website","url":"https:\/\/nyforetagarcentrum.se\/osby\/","name":"Osby","description":"Sveriges ledande kraft inom nyf\u00f6retagande","publisher":{"@id":"https:\/\/nyforetagarcentrum.se\/osby\/#organization"},"potentialAction":[{"@type":"SearchAction","target":{"@type":"EntryPoint","urlTemplate":"https:\/\/nyforetagarcentrum.se\/osby\/?s={search_term_string}"},"query-input":"required name=search_term_string"}],"inLanguage":"sv-SE"},{"@type":"Organization","@id":"https:\/\/nyforetagarcentrum.se\/osby\/#organization","name":"Osby","url":"https:\/\/nyforetagarcentrum.se\/osby\/","logo":{"@type":"ImageObject","inLanguage":"sv-SE","@id":"https:\/\/nyforetagarcentrum.se\/osby\/#\/schema\/logo\/image\/","url":"https:\/\/nyforetagarcentrum.se\/osby\/wp-content\/uploads\/sites\/47\/2024\/07\/osby_bla.png","contentUrl":"https:\/\/nyforetagarcentrum.se\/osby\/wp-content\/uploads\/sites\/47\/2024\/07\/osby_bla.png","width":870,"height":355,"caption":"Osby"},"image":{"@id":"https:\/\/nyforetagarcentrum.se\/osby\/#\/schema\/logo\/image\/"}}]}},"_links":{"self":[{"href":"https:\/\/nyforetagarcentrum.se\/osby\/wp-json\/wp\/v2\/pages\/41"}],"collection":[{"href":"https:\/\/nyforetagarcentrum.se\/osby\/wp-json\/wp\/v2\/pages"}],"about":[{"href":"https:\/\/nyforetagarcentrum.se\/osby\/wp-json\/wp\/v2\/types\/page"}],"author":[{"embeddable":true,"href":"https:\/\/nyforetagarcentrum.se\/osby\/wp-json\/wp\/v2\/users\/1"}],"replies":[{"embeddable":true,"href":"https:\/\/nyforetagarcentrum.se\/osby\/wp-json\/wp\/v2\/comments?post=41"}],"version-history":[{"count":47,"href":"https:\/\/nyforetagarcentrum.se\/osby\/wp-json\/wp\/v2\/pages\/41\/revisions"}],"predecessor-version":[{"id":380,"href":"https:\/\/nyforetagarcentrum.se\/osby\/wp-json\/wp\/v2\/pages\/41\/revisions\/380"}],"wp:attachment":[{"href":"https:\/\/nyforetagarcentrum.se\/osby\/wp-json\/wp\/v2\/media?parent=41"}],"curies":[{"name":"wp","href":"https:\/\/api.w.org\/{rel}","templated":true}]}}