{"id":48,"date":"2024-02-22T10:29:05","date_gmt":"2024-02-22T09:29:05","guid":{"rendered":"https:\/\/nyforetagarcentrum.se\/oresundbackup\/?page_id=48"},"modified":"2024-05-31T16:22:53","modified_gmt":"2024-05-31T14:22:53","slug":"erbjudanden","status":"publish","type":"page","link":"https:\/\/nyforetagarcentrum.se\/oresundbackup\/erbjudanden\/","title":{"rendered":"Erbjudanden"},"content":{"rendered":"<section  class=\"nfc-block-hero alignfull\">\n\n    <img loading=\"lazy\" decoding=\"async\" width=\"1512\" height=\"745\" src=\"https:\/\/nyforetagarcentrum.se\/oresundbackup\/wp-content\/uploads\/sites\/105\/2024\/02\/Topp-banner-2.png\" class=\"attachment-landscape size-landscape\" alt=\"\" srcset=\"https:\/\/nyforetagarcentrum.se\/oresundbackup\/wp-content\/uploads\/sites\/105\/2024\/02\/Topp-banner-2.png 1512w, https:\/\/nyforetagarcentrum.se\/oresundbackup\/wp-content\/uploads\/sites\/105\/2024\/02\/Topp-banner-2-300x148.png 300w, https:\/\/nyforetagarcentrum.se\/oresundbackup\/wp-content\/uploads\/sites\/105\/2024\/02\/Topp-banner-2-1024x505.png 1024w, https:\/\/nyforetagarcentrum.se\/oresundbackup\/wp-content\/uploads\/sites\/105\/2024\/02\/Topp-banner-2-768x378.png 768w\" sizes=\"(max-width: 1512px) 100vw, 1512px\" \/>\n    <div class=\"contained\">\n        <h1 class=\"nfc-block-hero__heading\">V\u00e5ra erbjudande till dig som \u00e4r f\u00f6retagare<\/h1>\n\n            <\/div>\n<\/section>\n\n\n<div style=\"height:50px\" aria-hidden=\"true\" class=\"wp-block-spacer\"><\/div>\n\n\n<section  class=\"nfc-block-breadcrumbs\">\n    <div class=\"wrapper contained\">\n        <ol class=\"breadcrumbs\" itemscope itemtype=\"https:\/\/schema.org\/BreadcrumbList\">\n            <li itemprop=\"itemListElement\" itemscope itemtype=\"https:\/\/schema.org\/ListItem\">\n            \n\n                            <span class=\"current\" itemprop=\"name\">Hem<\/span>\n            \n            <meta itemprop=\"position\" content=\"1\" \/>\n        <\/li>\n    <\/ol>    <\/div>\n<\/section>\n\n\n<h2 class=\"wp-block-heading alignwide has-x-large-font-size\">Ta del av exklusiva erbjudanden<\/h2>\n\n\n<section  class=\"nfc-block-offer_grid alignwide layout-small\">\n    <div class=\"contained\">\n\n        <div class=\"filter-row\">\n            \n                            <button id=\"local-offers-button\">\n                    Lokala partners\n                <\/button>\n                <button id=\"national-offers-button\" class=\"outlined\">\n                    Nationella partners\n                <\/button>\n                    <\/div>\n\n        <div class=\"grid\" id=\"offers-grid\">\n            <div class=\"offer-card\">\n\n    <div class=\"gallery-wrapper\">\n                    <div class=\"selected-media\">\n                                    <img loading=\"lazy\" decoding=\"async\" width=\"683\" height=\"1024\" src=\"https:\/\/nyforetagarcentrum.se\/oresundbackup\/wp-content\/uploads\/sites\/105\/2024\/02\/074fbd4f185748329fcc0d3630a184b2-720x1080-1-683x1024.png\" class=\"attachment-large size-large\" alt=\"\" srcset=\"https:\/\/nyforetagarcentrum.se\/oresundbackup\/wp-content\/uploads\/sites\/105\/2024\/02\/074fbd4f185748329fcc0d3630a184b2-720x1080-1-683x1024.png 683w, https:\/\/nyforetagarcentrum.se\/oresundbackup\/wp-content\/uploads\/sites\/105\/2024\/02\/074fbd4f185748329fcc0d3630a184b2-720x1080-1-200x300.png 200w, https:\/\/nyforetagarcentrum.se\/oresundbackup\/wp-content\/uploads\/sites\/105\/2024\/02\/074fbd4f185748329fcc0d3630a184b2-720x1080-1.png 720w\" sizes=\"(max-width: 683px) 100vw, 683px\" \/>                            <\/div>\n        \n            <\/div>\n\n\n    <div class=\"content-wrapper\">\n        \n        <h3>V\u00e5ra erbjudanden<\/h3>\n\n        \n        <div class=\"content\">\n            <p>Nyf\u00f6retagarCentrums verksamhet finansieras genom samarbeten med f\u00f6retag, organisationer och kommuner. Tack vare deras st\u00f6d f\u00e5r du kostnadsfri starta eget-r\u00e5dgivning samtidigt som vi ocks\u00e5 kan erbjuda en rad aktiviteter som st\u00e4rker dig i ditt f\u00f6retagande. Flera av v\u00e5ra samarbetspartners erbjuder ocks\u00e5 dig som \u00e4r nyf\u00f6retagare, eller som planerar ditt f\u00f6retag, en rad f\u00f6rm\u00e5ner s\u00e5som en timmes kostnadsfri specialistr\u00e5dgivning inom exempelvis juridik, redovisning, marknadsf\u00f6ring osv. Det finns ocks\u00e5 m\u00e5nga fina erbjudanden att h\u00e4mta &#8211; l\u00e4s mer under varje partner.<\/p>\n        <\/div>\n\n                    <a href=\"https:\/\/nyforetagarcentrum.se\/oresundbackup\/vara-samarbetspartners\/\" class=\"offer-button button outlined\" target=\"\">\n                V\u00e5ra samarbetspartners                            <\/a>\n            <\/div>\n<\/div>        <\/div>\n    <\/div>\n<\/section>\n\n\n<div style=\"height:80px\" aria-hidden=\"true\" class=\"wp-block-spacer\"><\/div>\n","protected":false},"excerpt":{"rendered":"<p>Ta del av exklusiva erbjudanden<\/p>\n","protected":false},"author":1,"featured_media":0,"parent":0,"menu_order":0,"comment_status":"closed","ping_status":"closed","template":"","meta":{"footnotes":""},"acf":[],"yoast_head":"<!-- This site is optimized with the Yoast SEO plugin v22.9 - https:\/\/yoast.com\/wordpress\/plugins\/seo\/ -->\n<title>Erbjudanden - \u00d6resund backup<\/title>\n<meta name=\"robots\" content=\"index, follow, max-snippet:-1, max-image-preview:large, max-video-preview:-1\" \/>\n<link rel=\"canonical\" href=\"https:\/\/nyforetagarcentrum.se\/oresundbackup\/erbjudanden\/\" \/>\n<meta property=\"og:locale\" content=\"sv_SE\" \/>\n<meta property=\"og:type\" content=\"article\" \/>\n<meta property=\"og:title\" content=\"Erbjudanden - \u00d6resund backup\" \/>\n<meta property=\"og:description\" content=\"Ta del av exklusiva erbjudanden\" \/>\n<meta property=\"og:url\" content=\"https:\/\/nyforetagarcentrum.se\/oresundbackup\/erbjudanden\/\" \/>\n<meta property=\"og:site_name\" content=\"\u00d6resund backup\" \/>\n<meta property=\"article:modified_time\" content=\"2024-05-31T14:22:53+00:00\" \/>\n<meta name=\"twitter:card\" content=\"summary_large_image\" \/>\n<script type=\"application\/ld+json\" class=\"yoast-schema-graph\">{\"@context\":\"https:\/\/schema.org\",\"@graph\":[{\"@type\":\"WebPage\",\"@id\":\"https:\/\/nyforetagarcentrum.se\/oresundbackup\/erbjudanden\/\",\"url\":\"https:\/\/nyforetagarcentrum.se\/oresundbackup\/erbjudanden\/\",\"name\":\"Erbjudanden - \u00d6resund backup\",\"isPartOf\":{\"@id\":\"https:\/\/nyforetagarcentrum.se\/oresundbackup\/#website\"},\"datePublished\":\"2024-02-22T09:29:05+00:00\",\"dateModified\":\"2024-05-31T14:22:53+00:00\",\"breadcrumb\":{\"@id\":\"https:\/\/nyforetagarcentrum.se\/oresundbackup\/erbjudanden\/#breadcrumb\"},\"inLanguage\":\"sv-SE\",\"potentialAction\":[{\"@type\":\"ReadAction\",\"target\":[\"https:\/\/nyforetagarcentrum.se\/oresundbackup\/erbjudanden\/\"]}]},{\"@type\":\"BreadcrumbList\",\"@id\":\"https:\/\/nyforetagarcentrum.se\/oresundbackup\/erbjudanden\/#breadcrumb\",\"itemListElement\":[{\"@type\":\"ListItem\",\"position\":1,\"name\":\"Hem\",\"item\":\"https:\/\/nyforetagarcentrum.se\/oresundbackup\/\"},{\"@type\":\"ListItem\",\"position\":2,\"name\":\"Erbjudanden\"}]},{\"@type\":\"WebSite\",\"@id\":\"https:\/\/nyforetagarcentrum.se\/oresundbackup\/#website\",\"url\":\"https:\/\/nyforetagarcentrum.se\/oresundbackup\/\",\"name\":\"\u00d6resund backup\",\"description\":\"Sveriges ledande kraft f\u00f6r fler nya livskraftiga f\u00f6retag\",\"publisher\":{\"@id\":\"https:\/\/nyforetagarcentrum.se\/oresundbackup\/#organization\"},\"potentialAction\":[{\"@type\":\"SearchAction\",\"target\":{\"@type\":\"EntryPoint\",\"urlTemplate\":\"https:\/\/nyforetagarcentrum.se\/oresundbackup\/?s={search_term_string}\"},\"query-input\":\"required name=search_term_string\"}],\"inLanguage\":\"sv-SE\"},{\"@type\":\"Organization\",\"@id\":\"https:\/\/nyforetagarcentrum.se\/oresundbackup\/#organization\",\"name\":\"\u00d6resund backup\",\"url\":\"https:\/\/nyforetagarcentrum.se\/oresundbackup\/\",\"logo\":{\"@type\":\"ImageObject\",\"inLanguage\":\"sv-SE\",\"@id\":\"https:\/\/nyforetagarcentrum.se\/oresundbackup\/#\/schema\/logo\/image\/\",\"url\":\"https:\/\/nyforetagarcentrum.se\/oresundbackup\/wp-content\/uploads\/sites\/105\/2024\/04\/Oresund-1.png\",\"contentUrl\":\"https:\/\/nyforetagarcentrum.se\/oresundbackup\/wp-content\/uploads\/sites\/105\/2024\/04\/Oresund-1.png\",\"width\":1082,\"height\":542,\"caption\":\"\u00d6resund backup \"},\"image\":{\"@id\":\"https:\/\/nyforetagarcentrum.se\/oresundbackup\/#\/schema\/logo\/image\/\"}}]}<\/script>\n<!-- \/ Yoast SEO plugin. -->","yoast_head_json":{"title":"Erbjudanden - \u00d6resund backup","robots":{"index":"index","follow":"follow","max-snippet":"max-snippet:-1","max-image-preview":"max-image-preview:large","max-video-preview":"max-video-preview:-1"},"canonical":"https:\/\/nyforetagarcentrum.se\/oresundbackup\/erbjudanden\/","og_locale":"sv_SE","og_type":"article","og_title":"Erbjudanden - \u00d6resund backup","og_description":"Ta del av exklusiva erbjudanden","og_url":"https:\/\/nyforetagarcentrum.se\/oresundbackup\/erbjudanden\/","og_site_name":"\u00d6resund backup","article_modified_time":"2024-05-31T14:22:53+00:00","twitter_card":"summary_large_image","schema":{"@context":"https:\/\/schema.org","@graph":[{"@type":"WebPage","@id":"https:\/\/nyforetagarcentrum.se\/oresundbackup\/erbjudanden\/","url":"https:\/\/nyforetagarcentrum.se\/oresundbackup\/erbjudanden\/","name":"Erbjudanden - \u00d6resund backup","isPartOf":{"@id":"https:\/\/nyforetagarcentrum.se\/oresundbackup\/#website"},"datePublished":"2024-02-22T09:29:05+00:00","dateModified":"2024-05-31T14:22:53+00:00","breadcrumb":{"@id":"https:\/\/nyforetagarcentrum.se\/oresundbackup\/erbjudanden\/#breadcrumb"},"inLanguage":"sv-SE","potentialAction":[{"@type":"ReadAction","target":["https:\/\/nyforetagarcentrum.se\/oresundbackup\/erbjudanden\/"]}]},{"@type":"BreadcrumbList","@id":"https:\/\/nyforetagarcentrum.se\/oresundbackup\/erbjudanden\/#breadcrumb","itemListElement":[{"@type":"ListItem","position":1,"name":"Hem","item":"https:\/\/nyforetagarcentrum.se\/oresundbackup\/"},{"@type":"ListItem","position":2,"name":"Erbjudanden"}]},{"@type":"WebSite","@id":"https:\/\/nyforetagarcentrum.se\/oresundbackup\/#website","url":"https:\/\/nyforetagarcentrum.se\/oresundbackup\/","name":"\u00d6resund backup","description":"Sveriges ledande kraft f\u00f6r fler nya livskraftiga f\u00f6retag","publisher":{"@id":"https:\/\/nyforetagarcentrum.se\/oresundbackup\/#organization"},"potentialAction":[{"@type":"SearchAction","target":{"@type":"EntryPoint","urlTemplate":"https:\/\/nyforetagarcentrum.se\/oresundbackup\/?s={search_term_string}"},"query-input":"required name=search_term_string"}],"inLanguage":"sv-SE"},{"@type":"Organization","@id":"https:\/\/nyforetagarcentrum.se\/oresundbackup\/#organization","name":"\u00d6resund backup","url":"https:\/\/nyforetagarcentrum.se\/oresundbackup\/","logo":{"@type":"ImageObject","inLanguage":"sv-SE","@id":"https:\/\/nyforetagarcentrum.se\/oresundbackup\/#\/schema\/logo\/image\/","url":"https:\/\/nyforetagarcentrum.se\/oresundbackup\/wp-content\/uploads\/sites\/105\/2024\/04\/Oresund-1.png","contentUrl":"https:\/\/nyforetagarcentrum.se\/oresundbackup\/wp-content\/uploads\/sites\/105\/2024\/04\/Oresund-1.png","width":1082,"height":542,"caption":"\u00d6resund backup "},"image":{"@id":"https:\/\/nyforetagarcentrum.se\/oresundbackup\/#\/schema\/logo\/image\/"}}]}},"_links":{"self":[{"href":"https:\/\/nyforetagarcentrum.se\/oresundbackup\/wp-json\/wp\/v2\/pages\/48"}],"collection":[{"href":"https:\/\/nyforetagarcentrum.se\/oresundbackup\/wp-json\/wp\/v2\/pages"}],"about":[{"href":"https:\/\/nyforetagarcentrum.se\/oresundbackup\/wp-json\/wp\/v2\/types\/page"}],"author":[{"embeddable":true,"href":"https:\/\/nyforetagarcentrum.se\/oresundbackup\/wp-json\/wp\/v2\/users\/1"}],"replies":[{"embeddable":true,"href":"https:\/\/nyforetagarcentrum.se\/oresundbackup\/wp-json\/wp\/v2\/comments?post=48"}],"version-history":[{"count":11,"href":"https:\/\/nyforetagarcentrum.se\/oresundbackup\/wp-json\/wp\/v2\/pages\/48\/revisions"}],"predecessor-version":[{"id":516,"href":"https:\/\/nyforetagarcentrum.se\/oresundbackup\/wp-json\/wp\/v2\/pages\/48\/revisions\/516"}],"wp:attachment":[{"href":"https:\/\/nyforetagarcentrum.se\/oresundbackup\/wp-json\/wp\/v2\/media?parent=48"}],"curies":[{"name":"wp","href":"https:\/\/api.w.org\/{rel}","templated":true}]}}