{"id":239,"date":"2024-02-29T13:59:39","date_gmt":"2024-02-29T12:59:39","guid":{"rendered":"https:\/\/nyforetagarcentrum.se\/oresund\/?page_id=239"},"modified":"2024-05-26T13:33:35","modified_gmt":"2024-05-26T11:33:35","slug":"vara-radgivare","status":"publish","type":"page","link":"https:\/\/nyforetagarcentrum.se\/oresund\/vara-radgivare\/","title":{"rendered":"V\u00e5ra r\u00e5dgivare"},"content":{"rendered":"<section  class=\"nfc-block-hero alignfull\">\n\n    <img loading=\"lazy\" decoding=\"async\" width=\"1476\" height=\"984\" src=\"https:\/\/nyforetagarcentrum.se\/oresund\/wp-content\/uploads\/sites\/37\/2024\/02\/Nyforetagare-ung-LOW.jpg\" class=\"attachment-landscape size-landscape\" alt=\"\" srcset=\"https:\/\/nyforetagarcentrum.se\/oresund\/wp-content\/uploads\/sites\/37\/2024\/02\/Nyforetagare-ung-LOW.jpg 1476w, https:\/\/nyforetagarcentrum.se\/oresund\/wp-content\/uploads\/sites\/37\/2024\/02\/Nyforetagare-ung-LOW-300x200.jpg 300w, https:\/\/nyforetagarcentrum.se\/oresund\/wp-content\/uploads\/sites\/37\/2024\/02\/Nyforetagare-ung-LOW-1024x683.jpg 1024w, https:\/\/nyforetagarcentrum.se\/oresund\/wp-content\/uploads\/sites\/37\/2024\/02\/Nyforetagare-ung-LOW-768x512.jpg 768w\" sizes=\"(max-width: 1476px) 100vw, 1476px\" \/>\n    <div class=\"contained\">\n        <h1 class=\"nfc-block-hero__heading\">V\u00e5ra r\u00e5dgivare<\/h1>\n\n            <\/div>\n<\/section>\n\n\n<div style=\"height:49px\" aria-hidden=\"true\" class=\"wp-block-spacer\"><\/div>\n\n\n<section  class=\"nfc-block-breadcrumbs\">\n    <div class=\"wrapper contained\">\n        <ol class=\"breadcrumbs\" itemscope itemtype=\"https:\/\/schema.org\/BreadcrumbList\">\n            <li itemprop=\"itemListElement\" itemscope itemtype=\"https:\/\/schema.org\/ListItem\">\n            \n\n                            <span class=\"current\" itemprop=\"name\">Hem<\/span>\n            \n            <meta itemprop=\"position\" content=\"1\" \/>\n        <\/li>\n    <\/ol>    <\/div>\n<\/section>\n\n\n<div style=\"height:100px\" aria-hidden=\"true\" class=\"wp-block-spacer\"><\/div>\n\n\n<section  class=\"nfc-block-person_grid alignwide layout-featured\">\n    <div class=\"contained\">\n        <div class=\"grid\">\n            <div class=\"person-featured-card\">\n    \n    <div class=\"featured_image\">\n                    <img loading=\"lazy\" decoding=\"async\" width=\"784\" height=\"1024\" src=\"https:\/\/nyforetagarcentrum.se\/oresund\/wp-content\/uploads\/sites\/37\/2026\/01\/Portratt-Johan-Pagels-784x1024.png\" class=\"attachment-large size-large\" alt=\"\" srcset=\"https:\/\/nyforetagarcentrum.se\/oresund\/wp-content\/uploads\/sites\/37\/2026\/01\/Portratt-Johan-Pagels-784x1024.png 784w, https:\/\/nyforetagarcentrum.se\/oresund\/wp-content\/uploads\/sites\/37\/2026\/01\/Portratt-Johan-Pagels-230x300.png 230w, https:\/\/nyforetagarcentrum.se\/oresund\/wp-content\/uploads\/sites\/37\/2026\/01\/Portratt-Johan-Pagels-768x1003.png 768w, https:\/\/nyforetagarcentrum.se\/oresund\/wp-content\/uploads\/sites\/37\/2026\/01\/Portratt-Johan-Pagels-827x1080.png 827w, https:\/\/nyforetagarcentrum.se\/oresund\/wp-content\/uploads\/sites\/37\/2026\/01\/Portratt-Johan-Pagels.png 1012w\" sizes=\"(max-width: 784px) 100vw, 784px\" \/>            <\/div>\n\n    <div class=\"content-wrapper\">\n        <h3>Johan Pagels<\/h3>\n\n        \n                    <div class=\"excerpt\">\n                Diplomerad r\u00e5dgivare, Svedala och Trelleborg<br \/>\r\n<br \/>\r\nTelefon: 0738-11 24 43<br \/>\r\nMail: johan.pagels@nyforetagarcentrum.se                <br\/>\n                            <\/div>\n        \n                    <a href=\"https:\/\/jobsdata-nyforetagarcentrum.se\/ExternBooking?OfficeId=f0838343-ab20-e911-90f7-005056854b61\" class=\"booking-button button outlined\">Boka r\u00e5dgivning<\/a>\n            <\/div>\n<\/div><div class=\"person-featured-card\">\n    \n    <div class=\"featured_image\">\n                    <img loading=\"lazy\" decoding=\"async\" width=\"498\" height=\"640\" src=\"https:\/\/nyforetagarcentrum.se\/oresund\/wp-content\/uploads\/sites\/37\/2024\/05\/Portratt-Anne-Marbrandt.png\" class=\"attachment-large size-large\" alt=\"\" srcset=\"https:\/\/nyforetagarcentrum.se\/oresund\/wp-content\/uploads\/sites\/37\/2024\/05\/Portratt-Anne-Marbrandt.png 498w, https:\/\/nyforetagarcentrum.se\/oresund\/wp-content\/uploads\/sites\/37\/2024\/05\/Portratt-Anne-Marbrandt-233x300.png 233w\" sizes=\"(max-width: 498px) 100vw, 498px\" \/>            <\/div>\n\n    <div class=\"content-wrapper\">\n        <h3>Anne Marbrandt<\/h3>\n\n        \n                    <div class=\"excerpt\">\n                VD<br \/>\r\nDiplomerad r\u00e5dgivare<br \/>\r\n<br \/>\r\nTelefon: 0734-27 40 50<br \/>\r\nMail: anne.marbrandt@nyforetagarcentrum.se                <br\/>\n                            <\/div>\n        \n                    <a href=\"https:\/\/jobsdata-nyforetagarcentrum.se\/ExternBooking?OfficeId=f0838343-ab20-e911-90f7-005056854b61\" class=\"booking-button button outlined\">Boka r\u00e5dgivning<\/a>\n            <\/div>\n<\/div><div class=\"person-featured-card\">\n    \n    <div class=\"featured_image\">\n                    <img loading=\"lazy\" decoding=\"async\" width=\"636\" height=\"862\" src=\"https:\/\/nyforetagarcentrum.se\/oresund\/wp-content\/uploads\/sites\/37\/2024\/05\/Portratt-Kerstin-Bergenas.png\" class=\"attachment-large size-large\" alt=\"\" srcset=\"https:\/\/nyforetagarcentrum.se\/oresund\/wp-content\/uploads\/sites\/37\/2024\/05\/Portratt-Kerstin-Bergenas.png 636w, https:\/\/nyforetagarcentrum.se\/oresund\/wp-content\/uploads\/sites\/37\/2024\/05\/Portratt-Kerstin-Bergenas-221x300.png 221w\" sizes=\"(max-width: 636px) 100vw, 636px\" \/>            <\/div>\n\n    <div class=\"content-wrapper\">\n        <h3>Kerstin Bergen\u00e4s<\/h3>\n\n        \n                    <div class=\"excerpt\">\n                Diplomerad r\u00e5dgivare, Malm\u00f6<br \/>\r\n<br \/>\r\nTelefon: 0733-40 92 83<br \/>\r\nMail: kerstin.bergenas@nyforetagarcentrum.se                <br\/>\n                            <\/div>\n        \n                    <a href=\"https:\/\/jobsdata-nyforetagarcentrum.se\/ExternBooking?OfficeId=f0838343-ab20-e911-90f7-005056854b61\" class=\"booking-button button outlined\">Boka r\u00e5dgivning<\/a>\n            <\/div>\n<\/div><div class=\"person-featured-card\">\n    \n    <div class=\"featured_image\">\n                    <img loading=\"lazy\" decoding=\"async\" width=\"677\" height=\"1024\" src=\"https:\/\/nyforetagarcentrum.se\/oresund\/wp-content\/uploads\/sites\/37\/2024\/05\/alex-esser-1-photo-janus-langhorn-677x1024.jpg\" class=\"attachment-large size-large\" alt=\"\" srcset=\"https:\/\/nyforetagarcentrum.se\/oresund\/wp-content\/uploads\/sites\/37\/2024\/05\/alex-esser-1-photo-janus-langhorn-677x1024.jpg 677w, https:\/\/nyforetagarcentrum.se\/oresund\/wp-content\/uploads\/sites\/37\/2024\/05\/alex-esser-1-photo-janus-langhorn-198x300.jpg 198w, https:\/\/nyforetagarcentrum.se\/oresund\/wp-content\/uploads\/sites\/37\/2024\/05\/alex-esser-1-photo-janus-langhorn-768x1162.jpg 768w, https:\/\/nyforetagarcentrum.se\/oresund\/wp-content\/uploads\/sites\/37\/2024\/05\/alex-esser-1-photo-janus-langhorn-1015x1536.jpg 1015w, https:\/\/nyforetagarcentrum.se\/oresund\/wp-content\/uploads\/sites\/37\/2024\/05\/alex-esser-1-photo-janus-langhorn-1353x2048.jpg 1353w, https:\/\/nyforetagarcentrum.se\/oresund\/wp-content\/uploads\/sites\/37\/2024\/05\/alex-esser-1-photo-janus-langhorn-714x1080.jpg 714w, https:\/\/nyforetagarcentrum.se\/oresund\/wp-content\/uploads\/sites\/37\/2024\/05\/alex-esser-1-photo-janus-langhorn-scaled.jpg 1692w\" sizes=\"(max-width: 677px) 100vw, 677px\" \/>            <\/div>\n\n    <div class=\"content-wrapper\">\n        <h3>Alex Esser<\/h3>\n\n        \n                    <div class=\"excerpt\">\n                R\u00e5dgivare, Malm\u00f6<br \/>\r\n<br \/>\r\nTelefon: 0735-84 88 88<br \/>\r\nMail: alex.esser@nyforetagarcentrum.se                <br\/>\n                            <\/div>\n        \n                    <a href=\"https:\/\/jobsdata-nyforetagarcentrum.se\/ExternBooking?OfficeId=f0838343-ab20-e911-90f7-005056854b61\" class=\"booking-button button outlined\">Boka r\u00e5dgivning<\/a>\n            <\/div>\n<\/div><div class=\"person-featured-card\">\n    \n    <div class=\"featured_image\">\n                    <img loading=\"lazy\" decoding=\"async\" width=\"346\" height=\"458\" src=\"https:\/\/nyforetagarcentrum.se\/oresund\/wp-content\/uploads\/sites\/37\/2024\/05\/Portratt-Isabel-Golles.png\" class=\"attachment-large size-large\" alt=\"\" srcset=\"https:\/\/nyforetagarcentrum.se\/oresund\/wp-content\/uploads\/sites\/37\/2024\/05\/Portratt-Isabel-Golles.png 346w, https:\/\/nyforetagarcentrum.se\/oresund\/wp-content\/uploads\/sites\/37\/2024\/05\/Portratt-Isabel-Golles-227x300.png 227w\" sizes=\"(max-width: 346px) 100vw, 346px\" \/>            <\/div>\n\n    <div class=\"content-wrapper\">\n        <h3>Isabel G\u00f6lles<\/h3>\n\n        \n                    <div class=\"excerpt\">\n                Diplomerad r\u00e5dgivare, Malm\u00f6<br \/>\r\n<br \/>\r\nTelefon: 0727-04 39 59<br \/>\r\nMail: isabel.golles@nyforetagarcentrum.se                <br\/>\n                            <\/div>\n        \n                    <a href=\"https:\/\/jobsdata-nyforetagarcentrum.se\/ExternBooking?OfficeId=f0838343-ab20-e911-90f7-005056854b61\" class=\"booking-button button outlined\">Boka r\u00e5dgivning<\/a>\n            <\/div>\n<\/div><div class=\"person-featured-card\">\n    \n    <div class=\"featured_image\">\n                    <img loading=\"lazy\" decoding=\"async\" width=\"825\" height=\"1024\" src=\"https:\/\/nyforetagarcentrum.se\/oresund\/wp-content\/uploads\/sites\/37\/2024\/05\/Portratt-Camilla-Jalkell-Lindberg-825x1024.png\" class=\"attachment-large size-large\" alt=\"\" srcset=\"https:\/\/nyforetagarcentrum.se\/oresund\/wp-content\/uploads\/sites\/37\/2024\/05\/Portratt-Camilla-Jalkell-Lindberg-825x1024.png 825w, https:\/\/nyforetagarcentrum.se\/oresund\/wp-content\/uploads\/sites\/37\/2024\/05\/Portratt-Camilla-Jalkell-Lindberg-242x300.png 242w, https:\/\/nyforetagarcentrum.se\/oresund\/wp-content\/uploads\/sites\/37\/2024\/05\/Portratt-Camilla-Jalkell-Lindberg-768x953.png 768w, https:\/\/nyforetagarcentrum.se\/oresund\/wp-content\/uploads\/sites\/37\/2024\/05\/Portratt-Camilla-Jalkell-Lindberg-870x1080.png 870w, https:\/\/nyforetagarcentrum.se\/oresund\/wp-content\/uploads\/sites\/37\/2024\/05\/Portratt-Camilla-Jalkell-Lindberg.png 1002w\" sizes=\"(max-width: 825px) 100vw, 825px\" \/>            <\/div>\n\n    <div class=\"content-wrapper\">\n        <h3>Camilla Jalkell Lindberg<\/h3>\n\n        \n                    <div class=\"excerpt\">\n                Diplomerad r\u00e5dgivare, Vellinge<br \/>\r\nMedarbetare Mentorprogrammet<br \/>\r\n<br \/>\r\nTelefon: 0707-56 56 26<br \/>\r\nMail: camilla.j.lindberg@nyforetagarcentrum.se                <br\/>\n                            <\/div>\n        \n                    <a href=\"https:\/\/jobsdata-nyforetagarcentrum.se\/ExternBooking?OfficeId=f0838343-ab20-e911-90f7-005056854b61\" class=\"booking-button button outlined\">Boka r\u00e5dgivning<\/a>\n            <\/div>\n<\/div><div class=\"person-featured-card\">\n    \n    <div class=\"featured_image\">\n                    <img loading=\"lazy\" decoding=\"async\" width=\"552\" height=\"694\" src=\"https:\/\/nyforetagarcentrum.se\/oresund\/wp-content\/uploads\/sites\/37\/2024\/05\/Portratt-Eva-Lisa-Lindstrom.png\" class=\"attachment-large size-large\" alt=\"\" srcset=\"https:\/\/nyforetagarcentrum.se\/oresund\/wp-content\/uploads\/sites\/37\/2024\/05\/Portratt-Eva-Lisa-Lindstrom.png 552w, https:\/\/nyforetagarcentrum.se\/oresund\/wp-content\/uploads\/sites\/37\/2024\/05\/Portratt-Eva-Lisa-Lindstrom-239x300.png 239w\" sizes=\"(max-width: 552px) 100vw, 552px\" \/>            <\/div>\n\n    <div class=\"content-wrapper\">\n        <h3>Eva-Lisa Lindstr\u00f6m<\/h3>\n\n        \n                    <div class=\"excerpt\">\n                Diplomerad r\u00e5dgivare, K\u00e4vlinge<br \/>\r\n<br \/>\r\nTelefon: 0702-55 52 70<br \/>\r\nMail: eva-lisa.lindstrom@nyforetagarcentrum.se                <br\/>\n                            <\/div>\n        \n                    <a href=\"https:\/\/jobsdata-nyforetagarcentrum.se\/ExternBooking?OfficeId=f0838343-ab20-e911-90f7-005056854b61\" class=\"booking-button button outlined\">Boka r\u00e5dgivning<\/a>\n            <\/div>\n<\/div><div class=\"person-featured-card\">\n    \n    <div class=\"featured_image\">\n                    <img loading=\"lazy\" decoding=\"async\" width=\"576\" height=\"828\" src=\"https:\/\/nyforetagarcentrum.se\/oresund\/wp-content\/uploads\/sites\/37\/2024\/05\/Portratt-Anders-Nissen.png\" class=\"attachment-large size-large\" alt=\"\" srcset=\"https:\/\/nyforetagarcentrum.se\/oresund\/wp-content\/uploads\/sites\/37\/2024\/05\/Portratt-Anders-Nissen.png 576w, https:\/\/nyforetagarcentrum.se\/oresund\/wp-content\/uploads\/sites\/37\/2024\/05\/Portratt-Anders-Nissen-209x300.png 209w\" sizes=\"(max-width: 576px) 100vw, 576px\" \/>            <\/div>\n\n    <div class=\"content-wrapper\">\n        <h3>Anders Nissen<\/h3>\n\n        \n                    <div class=\"excerpt\">\n                Diplomerad r\u00e5dgivare, Svedala och Skurup<br \/>\r\n<br \/>\r\nTelefon: 0707-78 31 70<br \/>\r\nMail: anders.nissen@nyforetagarcentrum.se                <br\/>\n                            <\/div>\n        \n                    <a href=\"https:\/\/jobsdata-nyforetagarcentrum.se\/ExternBooking?OfficeId=f0838343-ab20-e911-90f7-005056854b61\" class=\"booking-button button outlined\">Boka r\u00e5dgivning<\/a>\n            <\/div>\n<\/div><div class=\"person-featured-card\">\n    \n    <div class=\"featured_image\">\n                    <img loading=\"lazy\" decoding=\"async\" width=\"769\" height=\"1024\" src=\"https:\/\/nyforetagarcentrum.se\/oresund\/wp-content\/uploads\/sites\/37\/2024\/05\/Portratt-Anna-Palm-769x1024.png\" class=\"attachment-large size-large\" alt=\"\" srcset=\"https:\/\/nyforetagarcentrum.se\/oresund\/wp-content\/uploads\/sites\/37\/2024\/05\/Portratt-Anna-Palm-769x1024.png 769w, https:\/\/nyforetagarcentrum.se\/oresund\/wp-content\/uploads\/sites\/37\/2024\/05\/Portratt-Anna-Palm-225x300.png 225w, https:\/\/nyforetagarcentrum.se\/oresund\/wp-content\/uploads\/sites\/37\/2024\/05\/Portratt-Anna-Palm-768x1023.png 768w, https:\/\/nyforetagarcentrum.se\/oresund\/wp-content\/uploads\/sites\/37\/2024\/05\/Portratt-Anna-Palm-811x1080.png 811w, https:\/\/nyforetagarcentrum.se\/oresund\/wp-content\/uploads\/sites\/37\/2024\/05\/Portratt-Anna-Palm.png 898w\" sizes=\"(max-width: 769px) 100vw, 769px\" \/>            <\/div>\n\n    <div class=\"content-wrapper\">\n        <h3>Anna Palm<\/h3>\n\n        \n                    <div class=\"excerpt\">\n                R\u00e5dgivare, H\u00f6\u00f6r och H\u00f6rby<br \/>\r\n<br \/>\r\nTelefon: 0708-23 39 41<br \/>\r\nMail: anna.palm@nyforetagarcentrum.se                <br\/>\n                            <\/div>\n        \n                    <a href=\"https:\/\/jobsdata-nyforetagarcentrum.se\/ExternBooking?OfficeId=f0838343-ab20-e911-90f7-005056854b61\" class=\"booking-button button outlined\">Boka r\u00e5dgivning<\/a>\n            <\/div>\n<\/div>        <\/div>\n    <\/div>\n<\/section>\n\n\n<div style=\"height:100px\" aria-hidden=\"true\" class=\"wp-block-spacer\"><\/div>\n","protected":false},"excerpt":{"rendered":"","protected":false},"author":1,"featured_media":0,"parent":0,"menu_order":0,"comment_status":"closed","ping_status":"closed","template":"","meta":{"footnotes":""},"acf":[],"yoast_head":"<!-- This site is optimized with the Yoast SEO plugin v22.9 - https:\/\/yoast.com\/wordpress\/plugins\/seo\/ -->\n<title>V\u00e5ra r\u00e5dgivare - \u00d6resund<\/title>\n<meta name=\"robots\" content=\"index, follow, max-snippet:-1, max-image-preview:large, max-video-preview:-1\" \/>\n<link rel=\"canonical\" href=\"https:\/\/nyforetagarcentrum.se\/oresund\/vara-radgivare\/\" \/>\n<meta property=\"og:locale\" content=\"sv_SE\" \/>\n<meta property=\"og:type\" content=\"article\" \/>\n<meta property=\"og:title\" content=\"V\u00e5ra r\u00e5dgivare - \u00d6resund\" \/>\n<meta property=\"og:url\" content=\"https:\/\/nyforetagarcentrum.se\/oresund\/vara-radgivare\/\" \/>\n<meta property=\"og:site_name\" content=\"\u00d6resund\" \/>\n<meta property=\"article:modified_time\" content=\"2024-05-26T11:33:35+00:00\" \/>\n<meta name=\"twitter:card\" content=\"summary_large_image\" \/>\n<script type=\"application\/ld+json\" class=\"yoast-schema-graph\">{\"@context\":\"https:\/\/schema.org\",\"@graph\":[{\"@type\":\"WebPage\",\"@id\":\"https:\/\/nyforetagarcentrum.se\/oresund\/vara-radgivare\/\",\"url\":\"https:\/\/nyforetagarcentrum.se\/oresund\/vara-radgivare\/\",\"name\":\"V\u00e5ra r\u00e5dgivare - \u00d6resund\",\"isPartOf\":{\"@id\":\"https:\/\/nyforetagarcentrum.se\/oresund\/#website\"},\"datePublished\":\"2024-02-29T12:59:39+00:00\",\"dateModified\":\"2024-05-26T11:33:35+00:00\",\"breadcrumb\":{\"@id\":\"https:\/\/nyforetagarcentrum.se\/oresund\/vara-radgivare\/#breadcrumb\"},\"inLanguage\":\"sv-SE\",\"potentialAction\":[{\"@type\":\"ReadAction\",\"target\":[\"https:\/\/nyforetagarcentrum.se\/oresund\/vara-radgivare\/\"]}]},{\"@type\":\"BreadcrumbList\",\"@id\":\"https:\/\/nyforetagarcentrum.se\/oresund\/vara-radgivare\/#breadcrumb\",\"itemListElement\":[{\"@type\":\"ListItem\",\"position\":1,\"name\":\"Hem\",\"item\":\"https:\/\/nyforetagarcentrum.se\/oresund\/\"},{\"@type\":\"ListItem\",\"position\":2,\"name\":\"V\u00e5ra r\u00e5dgivare\"}]},{\"@type\":\"WebSite\",\"@id\":\"https:\/\/nyforetagarcentrum.se\/oresund\/#website\",\"url\":\"https:\/\/nyforetagarcentrum.se\/oresund\/\",\"name\":\"\u00d6resund\",\"description\":\"Sveriges ledande kraft f\u00f6r fler nya livskraftiga f\u00f6retag\",\"publisher\":{\"@id\":\"https:\/\/nyforetagarcentrum.se\/oresund\/#organization\"},\"potentialAction\":[{\"@type\":\"SearchAction\",\"target\":{\"@type\":\"EntryPoint\",\"urlTemplate\":\"https:\/\/nyforetagarcentrum.se\/oresund\/?s={search_term_string}\"},\"query-input\":\"required name=search_term_string\"}],\"inLanguage\":\"sv-SE\"},{\"@type\":\"Organization\",\"@id\":\"https:\/\/nyforetagarcentrum.se\/oresund\/#organization\",\"name\":\"\u00d6resund\",\"url\":\"https:\/\/nyforetagarcentrum.se\/oresund\/\",\"logo\":{\"@type\":\"ImageObject\",\"inLanguage\":\"sv-SE\",\"@id\":\"https:\/\/nyforetagarcentrum.se\/oresund\/#\/schema\/logo\/image\/\",\"url\":\"https:\/\/nyforetagarcentrum.se\/oresund\/wp-content\/uploads\/sites\/37\/2024\/04\/Oresund-1.png\",\"contentUrl\":\"https:\/\/nyforetagarcentrum.se\/oresund\/wp-content\/uploads\/sites\/37\/2024\/04\/Oresund-1.png\",\"width\":1082,\"height\":542,\"caption\":\"\u00d6resund\"},\"image\":{\"@id\":\"https:\/\/nyforetagarcentrum.se\/oresund\/#\/schema\/logo\/image\/\"}}]}<\/script>\n<!-- \/ Yoast SEO plugin. -->","yoast_head_json":{"title":"V\u00e5ra r\u00e5dgivare - \u00d6resund","robots":{"index":"index","follow":"follow","max-snippet":"max-snippet:-1","max-image-preview":"max-image-preview:large","max-video-preview":"max-video-preview:-1"},"canonical":"https:\/\/nyforetagarcentrum.se\/oresund\/vara-radgivare\/","og_locale":"sv_SE","og_type":"article","og_title":"V\u00e5ra r\u00e5dgivare - \u00d6resund","og_url":"https:\/\/nyforetagarcentrum.se\/oresund\/vara-radgivare\/","og_site_name":"\u00d6resund","article_modified_time":"2024-05-26T11:33:35+00:00","twitter_card":"summary_large_image","schema":{"@context":"https:\/\/schema.org","@graph":[{"@type":"WebPage","@id":"https:\/\/nyforetagarcentrum.se\/oresund\/vara-radgivare\/","url":"https:\/\/nyforetagarcentrum.se\/oresund\/vara-radgivare\/","name":"V\u00e5ra r\u00e5dgivare - \u00d6resund","isPartOf":{"@id":"https:\/\/nyforetagarcentrum.se\/oresund\/#website"},"datePublished":"2024-02-29T12:59:39+00:00","dateModified":"2024-05-26T11:33:35+00:00","breadcrumb":{"@id":"https:\/\/nyforetagarcentrum.se\/oresund\/vara-radgivare\/#breadcrumb"},"inLanguage":"sv-SE","potentialAction":[{"@type":"ReadAction","target":["https:\/\/nyforetagarcentrum.se\/oresund\/vara-radgivare\/"]}]},{"@type":"BreadcrumbList","@id":"https:\/\/nyforetagarcentrum.se\/oresund\/vara-radgivare\/#breadcrumb","itemListElement":[{"@type":"ListItem","position":1,"name":"Hem","item":"https:\/\/nyforetagarcentrum.se\/oresund\/"},{"@type":"ListItem","position":2,"name":"V\u00e5ra r\u00e5dgivare"}]},{"@type":"WebSite","@id":"https:\/\/nyforetagarcentrum.se\/oresund\/#website","url":"https:\/\/nyforetagarcentrum.se\/oresund\/","name":"\u00d6resund","description":"Sveriges ledande kraft f\u00f6r fler nya livskraftiga f\u00f6retag","publisher":{"@id":"https:\/\/nyforetagarcentrum.se\/oresund\/#organization"},"potentialAction":[{"@type":"SearchAction","target":{"@type":"EntryPoint","urlTemplate":"https:\/\/nyforetagarcentrum.se\/oresund\/?s={search_term_string}"},"query-input":"required name=search_term_string"}],"inLanguage":"sv-SE"},{"@type":"Organization","@id":"https:\/\/nyforetagarcentrum.se\/oresund\/#organization","name":"\u00d6resund","url":"https:\/\/nyforetagarcentrum.se\/oresund\/","logo":{"@type":"ImageObject","inLanguage":"sv-SE","@id":"https:\/\/nyforetagarcentrum.se\/oresund\/#\/schema\/logo\/image\/","url":"https:\/\/nyforetagarcentrum.se\/oresund\/wp-content\/uploads\/sites\/37\/2024\/04\/Oresund-1.png","contentUrl":"https:\/\/nyforetagarcentrum.se\/oresund\/wp-content\/uploads\/sites\/37\/2024\/04\/Oresund-1.png","width":1082,"height":542,"caption":"\u00d6resund"},"image":{"@id":"https:\/\/nyforetagarcentrum.se\/oresund\/#\/schema\/logo\/image\/"}}]}},"_links":{"self":[{"href":"https:\/\/nyforetagarcentrum.se\/oresund\/wp-json\/wp\/v2\/pages\/239"}],"collection":[{"href":"https:\/\/nyforetagarcentrum.se\/oresund\/wp-json\/wp\/v2\/pages"}],"about":[{"href":"https:\/\/nyforetagarcentrum.se\/oresund\/wp-json\/wp\/v2\/types\/page"}],"author":[{"embeddable":true,"href":"https:\/\/nyforetagarcentrum.se\/oresund\/wp-json\/wp\/v2\/users\/1"}],"replies":[{"embeddable":true,"href":"https:\/\/nyforetagarcentrum.se\/oresund\/wp-json\/wp\/v2\/comments?post=239"}],"version-history":[{"count":9,"href":"https:\/\/nyforetagarcentrum.se\/oresund\/wp-json\/wp\/v2\/pages\/239\/revisions"}],"predecessor-version":[{"id":789,"href":"https:\/\/nyforetagarcentrum.se\/oresund\/wp-json\/wp\/v2\/pages\/239\/revisions\/789"}],"wp:attachment":[{"href":"https:\/\/nyforetagarcentrum.se\/oresund\/wp-json\/wp\/v2\/media?parent=239"}],"curies":[{"name":"wp","href":"https:\/\/api.w.org\/{rel}","templated":true}]}}