{"id":681,"date":"2024-09-02T14:53:30","date_gmt":"2024-09-02T12:53:30","guid":{"rendered":"https:\/\/nyforetagarcentrum.se\/oresund\/?post_type=event&#038;p=681"},"modified":"2024-09-02T21:43:45","modified_gmt":"2024-09-02T19:43:45","slug":"scale-up-conference","status":"publish","type":"event","link":"https:\/\/nyforetagarcentrum.se\/oresund\/evenemang\/scale-up-conference\/","title":{"rendered":"Scale-Up Conference, K\u00f6penhamn"},"content":{"rendered":"\n<p>Nordic Scale-Up Conference &#8211; \u00d6resund &#8211; Konferensen som banar v\u00e4g till dina nya kunder! Norden ska vara v\u00e4rldens b\u00e4sta plats n\u00e4r det g\u00e4ller att starta och driva verksamhet. Det blir vi bara om vi har ing\u00e5ende kunskap om varandras marknader. P\u00e5 konferensen kommer vi \u00e4ven att kora lovande f\u00f6retagsstarter som vinner pengar och fortsatt r\u00e5dgivningsst\u00f6d. Kom med, l\u00e4r av de som lyckats, lyssna p\u00e5 och st\u00e4ll fr\u00e5gor till experterna och l\u00e5t dig inspireras<\/p>\n","protected":false},"template":"","meta":{"footnotes":""},"acf":[],"yoast_head":"<!-- This site is optimized with the Yoast SEO plugin v22.9 - https:\/\/yoast.com\/wordpress\/plugins\/seo\/ -->\n<title>Evenemang f\u00f6r blivande f\u00f6retagare i \u00d6resundsregionen | Nyf\u00f6retagarcentrum<\/title>\n<meta name=\"description\" content=\"Nyf\u00f6retagarcentrum \u00d6resund arrangerar inspirerande evenemang och utbildningar f\u00f6r dig som vill starta eget f\u00f6retag. Boka din plats p\u00e5 Starta Eget-dagen, f\u00f6rel\u00e4sningar inom marknadsf\u00f6ring, f\u00f6rs\u00e4ljning och mycket mer f\u00f6r att f\u00e5 v\u00e4rdefull kunskap och st\u00f6d i f\u00f6retagsstarten.\" \/>\n<meta name=\"robots\" content=\"index, follow, max-snippet:-1, max-image-preview:large, max-video-preview:-1\" \/>\n<link rel=\"canonical\" href=\"https:\/\/nyforetagarcentrum.se\/oresund\/evenemang\/scale-up-conference\/\" \/>\n<meta property=\"og:locale\" content=\"sv_SE\" \/>\n<meta property=\"og:type\" content=\"article\" \/>\n<meta property=\"og:title\" content=\"Evenemang f\u00f6r blivande f\u00f6retagare i \u00d6resundsregionen | Nyf\u00f6retagarcentrum\" \/>\n<meta property=\"og:description\" content=\"Nyf\u00f6retagarcentrum \u00d6resund arrangerar inspirerande evenemang och utbildningar f\u00f6r dig som vill starta eget f\u00f6retag. Boka din plats p\u00e5 Starta Eget-dagen, f\u00f6rel\u00e4sningar inom marknadsf\u00f6ring, f\u00f6rs\u00e4ljning och mycket mer f\u00f6r att f\u00e5 v\u00e4rdefull kunskap och st\u00f6d i f\u00f6retagsstarten.\" \/>\n<meta property=\"og:url\" content=\"https:\/\/nyforetagarcentrum.se\/oresund\/evenemang\/scale-up-conference\/\" \/>\n<meta property=\"og:site_name\" content=\"\u00d6resund\" \/>\n<meta property=\"article:modified_time\" content=\"2024-09-02T19:43:45+00:00\" \/>\n<meta name=\"twitter:card\" content=\"summary_large_image\" \/>\n<meta name=\"twitter:label1\" content=\"Ber\u00e4knad l\u00e4stid\" \/>\n\t<meta name=\"twitter:data1\" content=\"1 minut\" \/>\n<script type=\"application\/ld+json\" class=\"yoast-schema-graph\">{\"@context\":\"https:\/\/schema.org\",\"@graph\":[{\"@type\":\"WebPage\",\"@id\":\"https:\/\/nyforetagarcentrum.se\/oresund\/evenemang\/scale-up-conference\/\",\"url\":\"https:\/\/nyforetagarcentrum.se\/oresund\/evenemang\/scale-up-conference\/\",\"name\":\"Evenemang f\u00f6r blivande f\u00f6retagare i \u00d6resundsregionen | Nyf\u00f6retagarcentrum\",\"isPartOf\":{\"@id\":\"https:\/\/nyforetagarcentrum.se\/oresund\/#website\"},\"datePublished\":\"2024-09-02T12:53:30+00:00\",\"dateModified\":\"2024-09-02T19:43:45+00:00\",\"description\":\"Nyf\u00f6retagarcentrum \u00d6resund arrangerar inspirerande evenemang och utbildningar f\u00f6r dig som vill starta eget f\u00f6retag. Boka din plats p\u00e5 Starta Eget-dagen, f\u00f6rel\u00e4sningar inom marknadsf\u00f6ring, f\u00f6rs\u00e4ljning och mycket mer f\u00f6r att f\u00e5 v\u00e4rdefull kunskap och st\u00f6d i f\u00f6retagsstarten.\",\"breadcrumb\":{\"@id\":\"https:\/\/nyforetagarcentrum.se\/oresund\/evenemang\/scale-up-conference\/#breadcrumb\"},\"inLanguage\":\"sv-SE\",\"potentialAction\":[{\"@type\":\"ReadAction\",\"target\":[\"https:\/\/nyforetagarcentrum.se\/oresund\/evenemang\/scale-up-conference\/\"]}]},{\"@type\":\"BreadcrumbList\",\"@id\":\"https:\/\/nyforetagarcentrum.se\/oresund\/evenemang\/scale-up-conference\/#breadcrumb\",\"itemListElement\":[{\"@type\":\"ListItem\",\"position\":1,\"name\":\"Hem\",\"item\":\"https:\/\/nyforetagarcentrum.se\/oresund\/\"},{\"@type\":\"ListItem\",\"position\":2,\"name\":\"Evenemang\",\"item\":\"https:\/\/nyforetagarcentrum.se\/oresund\/evenemang\/\"},{\"@type\":\"ListItem\",\"position\":3,\"name\":\"Scale-Up Conference, K\u00f6penhamn\"}]},{\"@type\":\"WebSite\",\"@id\":\"https:\/\/nyforetagarcentrum.se\/oresund\/#website\",\"url\":\"https:\/\/nyforetagarcentrum.se\/oresund\/\",\"name\":\"\u00d6resund\",\"description\":\"Sveriges ledande kraft f\u00f6r fler nya livskraftiga f\u00f6retag\",\"publisher\":{\"@id\":\"https:\/\/nyforetagarcentrum.se\/oresund\/#organization\"},\"potentialAction\":[{\"@type\":\"SearchAction\",\"target\":{\"@type\":\"EntryPoint\",\"urlTemplate\":\"https:\/\/nyforetagarcentrum.se\/oresund\/?s={search_term_string}\"},\"query-input\":\"required name=search_term_string\"}],\"inLanguage\":\"sv-SE\"},{\"@type\":\"Organization\",\"@id\":\"https:\/\/nyforetagarcentrum.se\/oresund\/#organization\",\"name\":\"\u00d6resund\",\"url\":\"https:\/\/nyforetagarcentrum.se\/oresund\/\",\"logo\":{\"@type\":\"ImageObject\",\"inLanguage\":\"sv-SE\",\"@id\":\"https:\/\/nyforetagarcentrum.se\/oresund\/#\/schema\/logo\/image\/\",\"url\":\"https:\/\/nyforetagarcentrum.se\/oresund\/wp-content\/uploads\/sites\/37\/2024\/07\/oresund_bla.png\",\"contentUrl\":\"https:\/\/nyforetagarcentrum.se\/oresund\/wp-content\/uploads\/sites\/37\/2024\/07\/oresund_bla.png\",\"width\":870,\"height\":355,\"caption\":\"\u00d6resund\"},\"image\":{\"@id\":\"https:\/\/nyforetagarcentrum.se\/oresund\/#\/schema\/logo\/image\/\"}}]}<\/script>\n<!-- \/ Yoast SEO plugin. -->","yoast_head_json":{"title":"Evenemang f\u00f6r blivande f\u00f6retagare i \u00d6resundsregionen | Nyf\u00f6retagarcentrum","description":"Nyf\u00f6retagarcentrum \u00d6resund arrangerar inspirerande evenemang och utbildningar f\u00f6r dig som vill starta eget f\u00f6retag. Boka din plats p\u00e5 Starta Eget-dagen, f\u00f6rel\u00e4sningar inom marknadsf\u00f6ring, f\u00f6rs\u00e4ljning och mycket mer f\u00f6r att f\u00e5 v\u00e4rdefull kunskap och st\u00f6d i f\u00f6retagsstarten.","robots":{"index":"index","follow":"follow","max-snippet":"max-snippet:-1","max-image-preview":"max-image-preview:large","max-video-preview":"max-video-preview:-1"},"canonical":"https:\/\/nyforetagarcentrum.se\/oresund\/evenemang\/scale-up-conference\/","og_locale":"sv_SE","og_type":"article","og_title":"Evenemang f\u00f6r blivande f\u00f6retagare i \u00d6resundsregionen | Nyf\u00f6retagarcentrum","og_description":"Nyf\u00f6retagarcentrum \u00d6resund arrangerar inspirerande evenemang och utbildningar f\u00f6r dig som vill starta eget f\u00f6retag. Boka din plats p\u00e5 Starta Eget-dagen, f\u00f6rel\u00e4sningar inom marknadsf\u00f6ring, f\u00f6rs\u00e4ljning och mycket mer f\u00f6r att f\u00e5 v\u00e4rdefull kunskap och st\u00f6d i f\u00f6retagsstarten.","og_url":"https:\/\/nyforetagarcentrum.se\/oresund\/evenemang\/scale-up-conference\/","og_site_name":"\u00d6resund","article_modified_time":"2024-09-02T19:43:45+00:00","twitter_card":"summary_large_image","twitter_misc":{"Ber\u00e4knad l\u00e4stid":"1 minut"},"schema":{"@context":"https:\/\/schema.org","@graph":[{"@type":"WebPage","@id":"https:\/\/nyforetagarcentrum.se\/oresund\/evenemang\/scale-up-conference\/","url":"https:\/\/nyforetagarcentrum.se\/oresund\/evenemang\/scale-up-conference\/","name":"Evenemang f\u00f6r blivande f\u00f6retagare i \u00d6resundsregionen | Nyf\u00f6retagarcentrum","isPartOf":{"@id":"https:\/\/nyforetagarcentrum.se\/oresund\/#website"},"datePublished":"2024-09-02T12:53:30+00:00","dateModified":"2024-09-02T19:43:45+00:00","description":"Nyf\u00f6retagarcentrum \u00d6resund arrangerar inspirerande evenemang och utbildningar f\u00f6r dig som vill starta eget f\u00f6retag. Boka din plats p\u00e5 Starta Eget-dagen, f\u00f6rel\u00e4sningar inom marknadsf\u00f6ring, f\u00f6rs\u00e4ljning och mycket mer f\u00f6r att f\u00e5 v\u00e4rdefull kunskap och st\u00f6d i f\u00f6retagsstarten.","breadcrumb":{"@id":"https:\/\/nyforetagarcentrum.se\/oresund\/evenemang\/scale-up-conference\/#breadcrumb"},"inLanguage":"sv-SE","potentialAction":[{"@type":"ReadAction","target":["https:\/\/nyforetagarcentrum.se\/oresund\/evenemang\/scale-up-conference\/"]}]},{"@type":"BreadcrumbList","@id":"https:\/\/nyforetagarcentrum.se\/oresund\/evenemang\/scale-up-conference\/#breadcrumb","itemListElement":[{"@type":"ListItem","position":1,"name":"Hem","item":"https:\/\/nyforetagarcentrum.se\/oresund\/"},{"@type":"ListItem","position":2,"name":"Evenemang","item":"https:\/\/nyforetagarcentrum.se\/oresund\/evenemang\/"},{"@type":"ListItem","position":3,"name":"Scale-Up Conference, K\u00f6penhamn"}]},{"@type":"WebSite","@id":"https:\/\/nyforetagarcentrum.se\/oresund\/#website","url":"https:\/\/nyforetagarcentrum.se\/oresund\/","name":"\u00d6resund","description":"Sveriges ledande kraft f\u00f6r fler nya livskraftiga f\u00f6retag","publisher":{"@id":"https:\/\/nyforetagarcentrum.se\/oresund\/#organization"},"potentialAction":[{"@type":"SearchAction","target":{"@type":"EntryPoint","urlTemplate":"https:\/\/nyforetagarcentrum.se\/oresund\/?s={search_term_string}"},"query-input":"required name=search_term_string"}],"inLanguage":"sv-SE"},{"@type":"Organization","@id":"https:\/\/nyforetagarcentrum.se\/oresund\/#organization","name":"\u00d6resund","url":"https:\/\/nyforetagarcentrum.se\/oresund\/","logo":{"@type":"ImageObject","inLanguage":"sv-SE","@id":"https:\/\/nyforetagarcentrum.se\/oresund\/#\/schema\/logo\/image\/","url":"https:\/\/nyforetagarcentrum.se\/oresund\/wp-content\/uploads\/sites\/37\/2024\/07\/oresund_bla.png","contentUrl":"https:\/\/nyforetagarcentrum.se\/oresund\/wp-content\/uploads\/sites\/37\/2024\/07\/oresund_bla.png","width":870,"height":355,"caption":"\u00d6resund"},"image":{"@id":"https:\/\/nyforetagarcentrum.se\/oresund\/#\/schema\/logo\/image\/"}}]}},"_links":{"self":[{"href":"https:\/\/nyforetagarcentrum.se\/oresund\/wp-json\/wp\/v2\/event\/681"}],"collection":[{"href":"https:\/\/nyforetagarcentrum.se\/oresund\/wp-json\/wp\/v2\/event"}],"about":[{"href":"https:\/\/nyforetagarcentrum.se\/oresund\/wp-json\/wp\/v2\/types\/event"}],"version-history":[{"count":5,"href":"https:\/\/nyforetagarcentrum.se\/oresund\/wp-json\/wp\/v2\/event\/681\/revisions"}],"predecessor-version":[{"id":731,"href":"https:\/\/nyforetagarcentrum.se\/oresund\/wp-json\/wp\/v2\/event\/681\/revisions\/731"}],"wp:attachment":[{"href":"https:\/\/nyforetagarcentrum.se\/oresund\/wp-json\/wp\/v2\/media?parent=681"}],"curies":[{"name":"wp","href":"https:\/\/api.w.org\/{rel}","templated":true}]}}

Scale-Up Conference, Köpenhamn

<p>Nordic Scale-Up Conference &#8211; Öresund &#8211; Konferensen som banar väg till dina nya kunder! Norden ska vara världens bästa plats när det gäller att starta och driva verksamhet. Det blir vi bara om vi har ingående kunskap om varandras marknader. På konferensen kommer vi även att kora lovande företagsstarter som vinner pengar och fortsatt rådgivningsstöd. Kom med, lär av de som lyckats, lyssna på och ställ frågor till experterna och låt dig inspireras</p>

<!-- This site is optimized with the Yoast SEO plugin v22.9 - https://yoast.com/wordpress/plugins/seo/ -->
<title>Evenemang för blivande företagare i Öresundsregionen | Nyföretagarcentrum</title>
<meta name="description" content="Nyföretagarcentrum Öresund arrangerar inspirerande evenemang och utbildningar för dig som vill starta eget företag. Boka din plats på Starta Eget-dagen, föreläsningar inom marknadsföring, försäljning och mycket mer för att få värdefull kunskap och stöd i företagsstarten." />
<meta name="robots" content="index, follow, max-snippet:-1, max-image-preview:large, max-video-preview:-1" />
<link rel="canonical" href="https://nyforetagarcentrum.se/oresund/evenemang/scale-up-conference/" />
<meta property="og:locale" content="sv_SE" />
<meta property="og:type" content="article" />
<meta property="og:title" content="Evenemang för blivande företagare i Öresundsregionen | Nyföretagarcentrum" />
<meta property="og:description" content="Nyföretagarcentrum Öresund arrangerar inspirerande evenemang och utbildningar för dig som vill starta eget företag. Boka din plats på Starta Eget-dagen, föreläsningar inom marknadsföring, försäljning och mycket mer för att få värdefull kunskap och stöd i företagsstarten." />
<meta property="og:url" content="https://nyforetagarcentrum.se/oresund/evenemang/scale-up-conference/" />
<meta property="og:site_name" content="Öresund" />
<meta property="article:modified_time" content="2024-09-02T19:43:45+00:00" />
<meta name="twitter:card" content="summary_large_image" />
<meta name="twitter:label1" content="Beräknad lästid" />
	<meta name="twitter:data1" content="1 minut" />
<script type="application/ld+json" class="yoast-schema-graph">{"@context":"https://schema.org","@graph":[{"@type":"WebPage","@id":"https://nyforetagarcentrum.se/oresund/evenemang/scale-up-conference/","url":"https://nyforetagarcentrum.se/oresund/evenemang/scale-up-conference/","name":"Evenemang för blivande företagare i Öresundsregionen | Nyföretagarcentrum","isPartOf":{"@id":"https://nyforetagarcentrum.se/oresund/#website"},"datePublished":"2024-09-02T12:53:30+00:00","dateModified":"2024-09-02T19:43:45+00:00","description":"Nyföretagarcentrum Öresund arrangerar inspirerande evenemang och utbildningar för dig som vill starta eget företag. Boka din plats på Starta Eget-dagen, föreläsningar inom marknadsföring, försäljning och mycket mer för att få värdefull kunskap och stöd i företagsstarten.","breadcrumb":{"@id":"https://nyforetagarcentrum.se/oresund/evenemang/scale-up-conference/#breadcrumb"},"inLanguage":"sv-SE","potentialAction":[{"@type":"ReadAction","target":["https://nyforetagarcentrum.se/oresund/evenemang/scale-up-conference/"]}]},{"@type":"BreadcrumbList","@id":"https://nyforetagarcentrum.se/oresund/evenemang/scale-up-conference/#breadcrumb","itemListElement":[{"@type":"ListItem","position":1,"name":"Hem","item":"https://nyforetagarcentrum.se/oresund/"},{"@type":"ListItem","position":2,"name":"Evenemang","item":"https://nyforetagarcentrum.se/oresund/evenemang/"},{"@type":"ListItem","position":3,"name":"Scale-Up Conference, Köpenhamn"}]},{"@type":"WebSite","@id":"https://nyforetagarcentrum.se/oresund/#website","url":"https://nyforetagarcentrum.se/oresund/","name":"Öresund","description":"Sveriges ledande kraft för fler nya livskraftiga företag","publisher":{"@id":"https://nyforetagarcentrum.se/oresund/#organization"},"potentialAction":[{"@type":"SearchAction","target":{"@type":"EntryPoint","urlTemplate":"https://nyforetagarcentrum.se/oresund/?s={search_term_string}"},"query-input":"required name=search_term_string"}],"inLanguage":"sv-SE"},{"@type":"Organization","@id":"https://nyforetagarcentrum.se/oresund/#organization","name":"Öresund","url":"https://nyforetagarcentrum.se/oresund/","logo":{"@type":"ImageObject","inLanguage":"sv-SE","@id":"https://nyforetagarcentrum.se/oresund/#/schema/logo/image/","url":"https://nyforetagarcentrum.se/oresund/wp-content/uploads/sites/37/2024/07/oresund_bla.png","contentUrl":"https://nyforetagarcentrum.se/oresund/wp-content/uploads/sites/37/2024/07/oresund_bla.png","width":870,"height":355,"caption":"Öresund"},"image":{"@id":"https://nyforetagarcentrum.se/oresund/#/schema/logo/image/"}}]}</script>
<!-- / Yoast SEO plugin. -->

Evenemang för blivande företagare i Öresundsregionen | Nyföretagarcentrum

Nyföretagarcentrum Öresund arrangerar inspirerande evenemang och utbildningar för dig som vill starta eget företag. Boka din plats på Starta Eget-dagen, föreläsningar inom marknadsföring, försäljning och mycket mer för att få värdefull kunskap och stöd i företagsstarten.

Öresund

Sveriges ledande kraft för fler nya livskraftiga företag
