{"id":1087,"date":"2025-04-16T14:01:42","date_gmt":"2025-04-16T12:01:42","guid":{"rendered":"https:\/\/nyforetagarcentrum.se\/oresund\/?post_type=event&#038;p=1087"},"modified":"2025-04-16T14:01:43","modified_gmt":"2025-04-16T12:01:43","slug":"stjarnkvall-i-vellinge","status":"publish","type":"event","link":"https:\/\/nyforetagarcentrum.se\/oresund\/evenemang\/stjarnkvall-i-vellinge\/","title":{"rendered":"Stj\u00e4rnkv\u00e4ll i Vellinge"},"content":{"rendered":"\n<p>Vellinge&nbsp;kommuns n\u00e4ringslivspris och flera andra priser delas ut p\u00e5&nbsp;<em>Stj\u00e4rnkv\u00e4ll &#8211;&nbsp;<\/em>ett samarrangemang mellan F\u00f6retagarna i&nbsp;Vellinge, Grid, Nyf\u00f6retagarcentrum \u00d6resund, VFFG och&nbsp;Vellinge&nbsp;kommun&nbsp;<\/p>\n\n\n\n<p>V\u00e4lkommen att delta p\u00e5 \u00e5rets galakv\u00e4ll f\u00f6r n\u00e4ringslivet i\u00a0Vellinge\u00a0kommun p\u00e5\u00a0<em>Bistro Perspektiv<\/em>\u00a0i Falsterbo. Konferencier \u00e4r Anne Marbrandt och f\u00f6r underh\u00e5llningen st\u00e5r Samira Alm. Kuvertpris: 650 kr\u00a0<\/p>\n\n\n\n<div class=\"wp-block-group is-layout-constrained wp-block-group-is-layout-constrained\">\n<p><a href=\"https:\/\/simplesignup.se\/event\/225784-stjaernkvaell-2025\">L\u00e4s mer och anm\u00e4l dig nedan<strong>\u00a0senast den 8 maj<\/strong>!\u00a0<\/a><\/p>\n<\/div>\n","protected":false},"template":"","meta":{"footnotes":""},"acf":[],"yoast_head":"<!-- This site is optimized with the Yoast SEO plugin v22.9 - https:\/\/yoast.com\/wordpress\/plugins\/seo\/ -->\n<title>Evenemang f\u00f6r blivande f\u00f6retagare i \u00d6resundsregionen | Nyf\u00f6retagarcentrum<\/title>\n<meta name=\"description\" content=\"Nyf\u00f6retagarcentrum \u00d6resund arrangerar inspirerande evenemang och utbildningar f\u00f6r dig som vill starta eget f\u00f6retag. Boka din plats p\u00e5 Starta Eget-dagen, f\u00f6rel\u00e4sningar inom marknadsf\u00f6ring, f\u00f6rs\u00e4ljning och mycket mer f\u00f6r att f\u00e5 v\u00e4rdefull kunskap och st\u00f6d i f\u00f6retagsstarten.\" \/>\n<meta name=\"robots\" content=\"index, follow, max-snippet:-1, max-image-preview:large, max-video-preview:-1\" \/>\n<link rel=\"canonical\" href=\"https:\/\/nyforetagarcentrum.se\/oresund\/evenemang\/stjarnkvall-i-vellinge\/\" \/>\n<meta property=\"og:locale\" content=\"sv_SE\" \/>\n<meta property=\"og:type\" content=\"article\" \/>\n<meta property=\"og:title\" content=\"Evenemang f\u00f6r blivande f\u00f6retagare i \u00d6resundsregionen | Nyf\u00f6retagarcentrum\" \/>\n<meta property=\"og:description\" content=\"Nyf\u00f6retagarcentrum \u00d6resund arrangerar inspirerande evenemang och utbildningar f\u00f6r dig som vill starta eget f\u00f6retag. Boka din plats p\u00e5 Starta Eget-dagen, f\u00f6rel\u00e4sningar inom marknadsf\u00f6ring, f\u00f6rs\u00e4ljning och mycket mer f\u00f6r att f\u00e5 v\u00e4rdefull kunskap och st\u00f6d i f\u00f6retagsstarten.\" \/>\n<meta property=\"og:url\" content=\"https:\/\/nyforetagarcentrum.se\/oresund\/evenemang\/stjarnkvall-i-vellinge\/\" \/>\n<meta property=\"og:site_name\" content=\"\u00d6resund\" \/>\n<meta property=\"article:modified_time\" content=\"2025-04-16T12:01:43+00:00\" \/>\n<meta name=\"twitter:card\" content=\"summary_large_image\" \/>\n<meta name=\"twitter:label1\" content=\"Ber\u00e4knad l\u00e4stid\" \/>\n\t<meta name=\"twitter:data1\" content=\"1 minut\" \/>\n<script type=\"application\/ld+json\" class=\"yoast-schema-graph\">{\"@context\":\"https:\/\/schema.org\",\"@graph\":[{\"@type\":\"WebPage\",\"@id\":\"https:\/\/nyforetagarcentrum.se\/oresund\/evenemang\/stjarnkvall-i-vellinge\/\",\"url\":\"https:\/\/nyforetagarcentrum.se\/oresund\/evenemang\/stjarnkvall-i-vellinge\/\",\"name\":\"Evenemang f\u00f6r blivande f\u00f6retagare i \u00d6resundsregionen | Nyf\u00f6retagarcentrum\",\"isPartOf\":{\"@id\":\"https:\/\/nyforetagarcentrum.se\/oresund\/#website\"},\"datePublished\":\"2025-04-16T12:01:42+00:00\",\"dateModified\":\"2025-04-16T12:01:43+00:00\",\"description\":\"Nyf\u00f6retagarcentrum \u00d6resund arrangerar inspirerande evenemang och utbildningar f\u00f6r dig som vill starta eget f\u00f6retag. Boka din plats p\u00e5 Starta Eget-dagen, f\u00f6rel\u00e4sningar inom marknadsf\u00f6ring, f\u00f6rs\u00e4ljning och mycket mer f\u00f6r att f\u00e5 v\u00e4rdefull kunskap och st\u00f6d i f\u00f6retagsstarten.\",\"breadcrumb\":{\"@id\":\"https:\/\/nyforetagarcentrum.se\/oresund\/evenemang\/stjarnkvall-i-vellinge\/#breadcrumb\"},\"inLanguage\":\"sv-SE\",\"potentialAction\":[{\"@type\":\"ReadAction\",\"target\":[\"https:\/\/nyforetagarcentrum.se\/oresund\/evenemang\/stjarnkvall-i-vellinge\/\"]}]},{\"@type\":\"BreadcrumbList\",\"@id\":\"https:\/\/nyforetagarcentrum.se\/oresund\/evenemang\/stjarnkvall-i-vellinge\/#breadcrumb\",\"itemListElement\":[{\"@type\":\"ListItem\",\"position\":1,\"name\":\"Hem\",\"item\":\"https:\/\/nyforetagarcentrum.se\/oresund\/\"},{\"@type\":\"ListItem\",\"position\":2,\"name\":\"Evenemang\",\"item\":\"https:\/\/nyforetagarcentrum.se\/oresund\/evenemang\/\"},{\"@type\":\"ListItem\",\"position\":3,\"name\":\"Stj\u00e4rnkv\u00e4ll i Vellinge\"}]},{\"@type\":\"WebSite\",\"@id\":\"https:\/\/nyforetagarcentrum.se\/oresund\/#website\",\"url\":\"https:\/\/nyforetagarcentrum.se\/oresund\/\",\"name\":\"\u00d6resund\",\"description\":\"Sveriges ledande kraft f\u00f6r fler nya livskraftiga f\u00f6retag\",\"publisher\":{\"@id\":\"https:\/\/nyforetagarcentrum.se\/oresund\/#organization\"},\"potentialAction\":[{\"@type\":\"SearchAction\",\"target\":{\"@type\":\"EntryPoint\",\"urlTemplate\":\"https:\/\/nyforetagarcentrum.se\/oresund\/?s={search_term_string}\"},\"query-input\":\"required name=search_term_string\"}],\"inLanguage\":\"sv-SE\"},{\"@type\":\"Organization\",\"@id\":\"https:\/\/nyforetagarcentrum.se\/oresund\/#organization\",\"name\":\"\u00d6resund\",\"url\":\"https:\/\/nyforetagarcentrum.se\/oresund\/\",\"logo\":{\"@type\":\"ImageObject\",\"inLanguage\":\"sv-SE\",\"@id\":\"https:\/\/nyforetagarcentrum.se\/oresund\/#\/schema\/logo\/image\/\",\"url\":\"https:\/\/nyforetagarcentrum.se\/oresund\/wp-content\/uploads\/sites\/37\/2024\/07\/oresund_bla.png\",\"contentUrl\":\"https:\/\/nyforetagarcentrum.se\/oresund\/wp-content\/uploads\/sites\/37\/2024\/07\/oresund_bla.png\",\"width\":870,\"height\":355,\"caption\":\"\u00d6resund\"},\"image\":{\"@id\":\"https:\/\/nyforetagarcentrum.se\/oresund\/#\/schema\/logo\/image\/\"}}]}<\/script>\n<!-- \/ Yoast SEO plugin. -->","yoast_head_json":{"title":"Evenemang f\u00f6r blivande f\u00f6retagare i \u00d6resundsregionen | Nyf\u00f6retagarcentrum","description":"Nyf\u00f6retagarcentrum \u00d6resund arrangerar inspirerande evenemang och utbildningar f\u00f6r dig som vill starta eget f\u00f6retag. Boka din plats p\u00e5 Starta Eget-dagen, f\u00f6rel\u00e4sningar inom marknadsf\u00f6ring, f\u00f6rs\u00e4ljning och mycket mer f\u00f6r att f\u00e5 v\u00e4rdefull kunskap och st\u00f6d i f\u00f6retagsstarten.","robots":{"index":"index","follow":"follow","max-snippet":"max-snippet:-1","max-image-preview":"max-image-preview:large","max-video-preview":"max-video-preview:-1"},"canonical":"https:\/\/nyforetagarcentrum.se\/oresund\/evenemang\/stjarnkvall-i-vellinge\/","og_locale":"sv_SE","og_type":"article","og_title":"Evenemang f\u00f6r blivande f\u00f6retagare i \u00d6resundsregionen | Nyf\u00f6retagarcentrum","og_description":"Nyf\u00f6retagarcentrum \u00d6resund arrangerar inspirerande evenemang och utbildningar f\u00f6r dig som vill starta eget f\u00f6retag. Boka din plats p\u00e5 Starta Eget-dagen, f\u00f6rel\u00e4sningar inom marknadsf\u00f6ring, f\u00f6rs\u00e4ljning och mycket mer f\u00f6r att f\u00e5 v\u00e4rdefull kunskap och st\u00f6d i f\u00f6retagsstarten.","og_url":"https:\/\/nyforetagarcentrum.se\/oresund\/evenemang\/stjarnkvall-i-vellinge\/","og_site_name":"\u00d6resund","article_modified_time":"2025-04-16T12:01:43+00:00","twitter_card":"summary_large_image","twitter_misc":{"Ber\u00e4knad l\u00e4stid":"1 minut"},"schema":{"@context":"https:\/\/schema.org","@graph":[{"@type":"WebPage","@id":"https:\/\/nyforetagarcentrum.se\/oresund\/evenemang\/stjarnkvall-i-vellinge\/","url":"https:\/\/nyforetagarcentrum.se\/oresund\/evenemang\/stjarnkvall-i-vellinge\/","name":"Evenemang f\u00f6r blivande f\u00f6retagare i \u00d6resundsregionen | Nyf\u00f6retagarcentrum","isPartOf":{"@id":"https:\/\/nyforetagarcentrum.se\/oresund\/#website"},"datePublished":"2025-04-16T12:01:42+00:00","dateModified":"2025-04-16T12:01:43+00:00","description":"Nyf\u00f6retagarcentrum \u00d6resund arrangerar inspirerande evenemang och utbildningar f\u00f6r dig som vill starta eget f\u00f6retag. Boka din plats p\u00e5 Starta Eget-dagen, f\u00f6rel\u00e4sningar inom marknadsf\u00f6ring, f\u00f6rs\u00e4ljning och mycket mer f\u00f6r att f\u00e5 v\u00e4rdefull kunskap och st\u00f6d i f\u00f6retagsstarten.","breadcrumb":{"@id":"https:\/\/nyforetagarcentrum.se\/oresund\/evenemang\/stjarnkvall-i-vellinge\/#breadcrumb"},"inLanguage":"sv-SE","potentialAction":[{"@type":"ReadAction","target":["https:\/\/nyforetagarcentrum.se\/oresund\/evenemang\/stjarnkvall-i-vellinge\/"]}]},{"@type":"BreadcrumbList","@id":"https:\/\/nyforetagarcentrum.se\/oresund\/evenemang\/stjarnkvall-i-vellinge\/#breadcrumb","itemListElement":[{"@type":"ListItem","position":1,"name":"Hem","item":"https:\/\/nyforetagarcentrum.se\/oresund\/"},{"@type":"ListItem","position":2,"name":"Evenemang","item":"https:\/\/nyforetagarcentrum.se\/oresund\/evenemang\/"},{"@type":"ListItem","position":3,"name":"Stj\u00e4rnkv\u00e4ll i Vellinge"}]},{"@type":"WebSite","@id":"https:\/\/nyforetagarcentrum.se\/oresund\/#website","url":"https:\/\/nyforetagarcentrum.se\/oresund\/","name":"\u00d6resund","description":"Sveriges ledande kraft f\u00f6r fler nya livskraftiga f\u00f6retag","publisher":{"@id":"https:\/\/nyforetagarcentrum.se\/oresund\/#organization"},"potentialAction":[{"@type":"SearchAction","target":{"@type":"EntryPoint","urlTemplate":"https:\/\/nyforetagarcentrum.se\/oresund\/?s={search_term_string}"},"query-input":"required name=search_term_string"}],"inLanguage":"sv-SE"},{"@type":"Organization","@id":"https:\/\/nyforetagarcentrum.se\/oresund\/#organization","name":"\u00d6resund","url":"https:\/\/nyforetagarcentrum.se\/oresund\/","logo":{"@type":"ImageObject","inLanguage":"sv-SE","@id":"https:\/\/nyforetagarcentrum.se\/oresund\/#\/schema\/logo\/image\/","url":"https:\/\/nyforetagarcentrum.se\/oresund\/wp-content\/uploads\/sites\/37\/2024\/07\/oresund_bla.png","contentUrl":"https:\/\/nyforetagarcentrum.se\/oresund\/wp-content\/uploads\/sites\/37\/2024\/07\/oresund_bla.png","width":870,"height":355,"caption":"\u00d6resund"},"image":{"@id":"https:\/\/nyforetagarcentrum.se\/oresund\/#\/schema\/logo\/image\/"}}]}},"_links":{"self":[{"href":"https:\/\/nyforetagarcentrum.se\/oresund\/wp-json\/wp\/v2\/event\/1087"}],"collection":[{"href":"https:\/\/nyforetagarcentrum.se\/oresund\/wp-json\/wp\/v2\/event"}],"about":[{"href":"https:\/\/nyforetagarcentrum.se\/oresund\/wp-json\/wp\/v2\/types\/event"}],"version-history":[{"count":2,"href":"https:\/\/nyforetagarcentrum.se\/oresund\/wp-json\/wp\/v2\/event\/1087\/revisions"}],"predecessor-version":[{"id":1089,"href":"https:\/\/nyforetagarcentrum.se\/oresund\/wp-json\/wp\/v2\/event\/1087\/revisions\/1089"}],"wp:attachment":[{"href":"https:\/\/nyforetagarcentrum.se\/oresund\/wp-json\/wp\/v2\/media?parent=1087"}],"curies":[{"name":"wp","href":"https:\/\/api.w.org\/{rel}","templated":true}]}}

Stjärnkväll i Vellinge

<p>Vellinge&nbsp;kommuns näringslivspris och flera andra priser delas ut på&nbsp;<em>Stjärnkväll &#8211;&nbsp;</em>ett samarrangemang mellan Företagarna i&nbsp;Vellinge, Grid, Nyföretagarcentrum Öresund, VFFG och&nbsp;Vellinge&nbsp;kommun&nbsp;</p>



<p>Välkommen att delta på årets galakväll för näringslivet i Vellinge kommun på <em>Bistro Perspektiv</em> i Falsterbo. Konferencier är Anne Marbrandt och för underhållningen står Samira Alm. Kuvertpris: 650 kr </p>



<div class="wp-block-group is-layout-constrained wp-block-group-is-layout-constrained">
<p><a href="https://simplesignup.se/event/225784-stjaernkvaell-2025">Läs mer och anmäl dig nedan<strong> senast den 8 maj</strong>! </a></p>
</div>

<!-- This site is optimized with the Yoast SEO plugin v22.9 - https://yoast.com/wordpress/plugins/seo/ -->
<title>Evenemang för blivande företagare i Öresundsregionen | Nyföretagarcentrum</title>
<meta name="description" content="Nyföretagarcentrum Öresund arrangerar inspirerande evenemang och utbildningar för dig som vill starta eget företag. Boka din plats på Starta Eget-dagen, föreläsningar inom marknadsföring, försäljning och mycket mer för att få värdefull kunskap och stöd i företagsstarten." />
<meta name="robots" content="index, follow, max-snippet:-1, max-image-preview:large, max-video-preview:-1" />
<link rel="canonical" href="https://nyforetagarcentrum.se/oresund/evenemang/stjarnkvall-i-vellinge/" />
<meta property="og:locale" content="sv_SE" />
<meta property="og:type" content="article" />
<meta property="og:title" content="Evenemang för blivande företagare i Öresundsregionen | Nyföretagarcentrum" />
<meta property="og:description" content="Nyföretagarcentrum Öresund arrangerar inspirerande evenemang och utbildningar för dig som vill starta eget företag. Boka din plats på Starta Eget-dagen, föreläsningar inom marknadsföring, försäljning och mycket mer för att få värdefull kunskap och stöd i företagsstarten." />
<meta property="og:url" content="https://nyforetagarcentrum.se/oresund/evenemang/stjarnkvall-i-vellinge/" />
<meta property="og:site_name" content="Öresund" />
<meta property="article:modified_time" content="2025-04-16T12:01:43+00:00" />
<meta name="twitter:card" content="summary_large_image" />
<meta name="twitter:label1" content="Beräknad lästid" />
	<meta name="twitter:data1" content="1 minut" />
<script type="application/ld+json" class="yoast-schema-graph">{"@context":"https://schema.org","@graph":[{"@type":"WebPage","@id":"https://nyforetagarcentrum.se/oresund/evenemang/stjarnkvall-i-vellinge/","url":"https://nyforetagarcentrum.se/oresund/evenemang/stjarnkvall-i-vellinge/","name":"Evenemang för blivande företagare i Öresundsregionen | Nyföretagarcentrum","isPartOf":{"@id":"https://nyforetagarcentrum.se/oresund/#website"},"datePublished":"2025-04-16T12:01:42+00:00","dateModified":"2025-04-16T12:01:43+00:00","description":"Nyföretagarcentrum Öresund arrangerar inspirerande evenemang och utbildningar för dig som vill starta eget företag. Boka din plats på Starta Eget-dagen, föreläsningar inom marknadsföring, försäljning och mycket mer för att få värdefull kunskap och stöd i företagsstarten.","breadcrumb":{"@id":"https://nyforetagarcentrum.se/oresund/evenemang/stjarnkvall-i-vellinge/#breadcrumb"},"inLanguage":"sv-SE","potentialAction":[{"@type":"ReadAction","target":["https://nyforetagarcentrum.se/oresund/evenemang/stjarnkvall-i-vellinge/"]}]},{"@type":"BreadcrumbList","@id":"https://nyforetagarcentrum.se/oresund/evenemang/stjarnkvall-i-vellinge/#breadcrumb","itemListElement":[{"@type":"ListItem","position":1,"name":"Hem","item":"https://nyforetagarcentrum.se/oresund/"},{"@type":"ListItem","position":2,"name":"Evenemang","item":"https://nyforetagarcentrum.se/oresund/evenemang/"},{"@type":"ListItem","position":3,"name":"Stjärnkväll i Vellinge"}]},{"@type":"WebSite","@id":"https://nyforetagarcentrum.se/oresund/#website","url":"https://nyforetagarcentrum.se/oresund/","name":"Öresund","description":"Sveriges ledande kraft för fler nya livskraftiga företag","publisher":{"@id":"https://nyforetagarcentrum.se/oresund/#organization"},"potentialAction":[{"@type":"SearchAction","target":{"@type":"EntryPoint","urlTemplate":"https://nyforetagarcentrum.se/oresund/?s={search_term_string}"},"query-input":"required name=search_term_string"}],"inLanguage":"sv-SE"},{"@type":"Organization","@id":"https://nyforetagarcentrum.se/oresund/#organization","name":"Öresund","url":"https://nyforetagarcentrum.se/oresund/","logo":{"@type":"ImageObject","inLanguage":"sv-SE","@id":"https://nyforetagarcentrum.se/oresund/#/schema/logo/image/","url":"https://nyforetagarcentrum.se/oresund/wp-content/uploads/sites/37/2024/07/oresund_bla.png","contentUrl":"https://nyforetagarcentrum.se/oresund/wp-content/uploads/sites/37/2024/07/oresund_bla.png","width":870,"height":355,"caption":"Öresund"},"image":{"@id":"https://nyforetagarcentrum.se/oresund/#/schema/logo/image/"}}]}</script>
<!-- / Yoast SEO plugin. -->

Evenemang för blivande företagare i Öresundsregionen | Nyföretagarcentrum

Nyföretagarcentrum Öresund arrangerar inspirerande evenemang och utbildningar för dig som vill starta eget företag. Boka din plats på Starta Eget-dagen, föreläsningar inom marknadsföring, försäljning och mycket mer för att få värdefull kunskap och stöd i företagsstarten.

Öresund

Sveriges ledande kraft för fler nya livskraftiga företag
