{"id":1093,"date":"2026-04-22T11:15:42","date_gmt":"2026-04-22T09:15:42","guid":{"rendered":"https:\/\/nyforetagarcentrum.se\/orebroregionen\/?post_type=event&#038;p=1093"},"modified":"2026-04-22T11:15:43","modified_gmt":"2026-04-22T09:15:43","slug":"starta-eget-del-3-juridik-undvik-nyborjarfallorna","status":"publish","type":"event","link":"https:\/\/nyforetagarcentrum.se\/orebroregionen\/evenemang\/starta-eget-del-3-juridik-undvik-nyborjarfallorna\/","title":{"rendered":"STARTA EGET\u00a0 \u2013 DEL 3: Juridik \u2013 undvik nyb\u00f6rjarf\u00e4llorna"},"content":{"rendered":"\n<p>N\u00e4r man startar f\u00f6retag dyker m\u00e5nga juridiska fr\u00e5gor upp. Vad \u00e4r egentligen skillnaden p\u00e5 enskild firma och aktiebolag? N\u00e4sta stopp p\u00e5 v\u00e5r starta eget-utbildning tar avstamp i just detta. Den 4 maj g\u00e5r Advokatfirman Lindahls igenom grunderna s\u00e5 att du slipper vanliga misstag.<\/p>\n\n\n\n<p>Under kv\u00e4llen pratar vi om:<br>\u2022 Enskild firma vs aktiebolag<br>\u2022 N\u00e4r avtal beh\u00f6vs<br>\u2022 Vanliga juridiska fallgropar<\/p>\n\n\n\n<p>Det \u00e4r gratis att delta!<\/p>\n","protected":false},"template":"","meta":{"footnotes":""},"acf":[],"yoast_head":"<!-- This site is optimized with the Yoast SEO plugin v22.9 - https:\/\/yoast.com\/wordpress\/plugins\/seo\/ -->\n<title>Evenemang f\u00f6r blivande f\u00f6retagare i \u00d6rebroregionen | Nyf\u00f6retagarcentrum<\/title>\n<meta name=\"description\" content=\"Nyf\u00f6retagarcentrum \u00d6rebroregionen arrangerar inspirerande evenemang och utbildningar f\u00f6r dig som vill starta eget f\u00f6retag. Boka din plats p\u00e5 Starta Eget-dagen, f\u00f6rel\u00e4sningar inom marknadsf\u00f6ring, f\u00f6rs\u00e4ljning och mycket mer f\u00f6r att f\u00e5 v\u00e4rdefull kunskap och st\u00f6d i f\u00f6retagsstarten.\" \/>\n<meta name=\"robots\" content=\"index, follow, max-snippet:-1, max-image-preview:large, max-video-preview:-1\" \/>\n<link rel=\"canonical\" href=\"https:\/\/nyforetagarcentrum.se\/orebroregionen\/evenemang\/starta-eget-del-3-juridik-undvik-nyborjarfallorna\/\" \/>\n<meta property=\"og:locale\" content=\"sv_SE\" \/>\n<meta property=\"og:type\" content=\"article\" \/>\n<meta property=\"og:title\" content=\"Evenemang f\u00f6r blivande f\u00f6retagare i \u00d6rebroregionen | Nyf\u00f6retagarcentrum\" \/>\n<meta property=\"og:description\" content=\"Nyf\u00f6retagarcentrum \u00d6rebroregionen arrangerar inspirerande evenemang och utbildningar f\u00f6r dig som vill starta eget f\u00f6retag. Boka din plats p\u00e5 Starta Eget-dagen, f\u00f6rel\u00e4sningar inom marknadsf\u00f6ring, f\u00f6rs\u00e4ljning och mycket mer f\u00f6r att f\u00e5 v\u00e4rdefull kunskap och st\u00f6d i f\u00f6retagsstarten.\" \/>\n<meta property=\"og:url\" content=\"https:\/\/nyforetagarcentrum.se\/orebroregionen\/evenemang\/starta-eget-del-3-juridik-undvik-nyborjarfallorna\/\" \/>\n<meta property=\"og:site_name\" content=\"\u00d6rebroregionen\" \/>\n<meta property=\"article:modified_time\" content=\"2026-04-22T09:15:43+00:00\" \/>\n<meta name=\"twitter:card\" content=\"summary_large_image\" \/>\n<meta name=\"twitter:label1\" content=\"Ber\u00e4knad l\u00e4stid\" \/>\n\t<meta name=\"twitter:data1\" content=\"1 minut\" \/>\n<script type=\"application\/ld+json\" class=\"yoast-schema-graph\">{\"@context\":\"https:\/\/schema.org\",\"@graph\":[{\"@type\":\"WebPage\",\"@id\":\"https:\/\/nyforetagarcentrum.se\/orebroregionen\/evenemang\/starta-eget-del-3-juridik-undvik-nyborjarfallorna\/\",\"url\":\"https:\/\/nyforetagarcentrum.se\/orebroregionen\/evenemang\/starta-eget-del-3-juridik-undvik-nyborjarfallorna\/\",\"name\":\"Evenemang f\u00f6r blivande f\u00f6retagare i \u00d6rebroregionen | Nyf\u00f6retagarcentrum\",\"isPartOf\":{\"@id\":\"https:\/\/nyforetagarcentrum.se\/orebroregionen\/#website\"},\"datePublished\":\"2026-04-22T09:15:42+00:00\",\"dateModified\":\"2026-04-22T09:15:43+00:00\",\"description\":\"Nyf\u00f6retagarcentrum \u00d6rebroregionen arrangerar inspirerande evenemang och utbildningar f\u00f6r dig som vill starta eget f\u00f6retag. Boka din plats p\u00e5 Starta Eget-dagen, f\u00f6rel\u00e4sningar inom marknadsf\u00f6ring, f\u00f6rs\u00e4ljning och mycket mer f\u00f6r att f\u00e5 v\u00e4rdefull kunskap och st\u00f6d i f\u00f6retagsstarten.\",\"breadcrumb\":{\"@id\":\"https:\/\/nyforetagarcentrum.se\/orebroregionen\/evenemang\/starta-eget-del-3-juridik-undvik-nyborjarfallorna\/#breadcrumb\"},\"inLanguage\":\"sv-SE\",\"potentialAction\":[{\"@type\":\"ReadAction\",\"target\":[\"https:\/\/nyforetagarcentrum.se\/orebroregionen\/evenemang\/starta-eget-del-3-juridik-undvik-nyborjarfallorna\/\"]}]},{\"@type\":\"BreadcrumbList\",\"@id\":\"https:\/\/nyforetagarcentrum.se\/orebroregionen\/evenemang\/starta-eget-del-3-juridik-undvik-nyborjarfallorna\/#breadcrumb\",\"itemListElement\":[{\"@type\":\"ListItem\",\"position\":1,\"name\":\"Hem\",\"item\":\"https:\/\/nyforetagarcentrum.se\/orebroregionen\/\"},{\"@type\":\"ListItem\",\"position\":2,\"name\":\"Evenemang\",\"item\":\"https:\/\/nyforetagarcentrum.se\/orebroregionen\/evenemang\/\"},{\"@type\":\"ListItem\",\"position\":3,\"name\":\"STARTA EGET\u00a0 \u2013 DEL 3: Juridik \u2013 undvik nyb\u00f6rjarf\u00e4llorna\"}]},{\"@type\":\"WebSite\",\"@id\":\"https:\/\/nyforetagarcentrum.se\/orebroregionen\/#website\",\"url\":\"https:\/\/nyforetagarcentrum.se\/orebroregionen\/\",\"name\":\"\u00d6rebroregionen\",\"description\":\"Sveriges ledande kraft f\u00f6r fler nya livskraftiga f\u00f6retag\",\"publisher\":{\"@id\":\"https:\/\/nyforetagarcentrum.se\/orebroregionen\/#organization\"},\"potentialAction\":[{\"@type\":\"SearchAction\",\"target\":{\"@type\":\"EntryPoint\",\"urlTemplate\":\"https:\/\/nyforetagarcentrum.se\/orebroregionen\/?s={search_term_string}\"},\"query-input\":\"required name=search_term_string\"}],\"inLanguage\":\"sv-SE\"},{\"@type\":\"Organization\",\"@id\":\"https:\/\/nyforetagarcentrum.se\/orebroregionen\/#organization\",\"name\":\"\u00d6rebroregionen\",\"url\":\"https:\/\/nyforetagarcentrum.se\/orebroregionen\/\",\"logo\":{\"@type\":\"ImageObject\",\"inLanguage\":\"sv-SE\",\"@id\":\"https:\/\/nyforetagarcentrum.se\/orebroregionen\/#\/schema\/logo\/image\/\",\"url\":\"https:\/\/nyforetagarcentrum.se\/orebroregionen\/wp-content\/uploads\/sites\/25\/2024\/07\/orebroregionen_bla.png\",\"contentUrl\":\"https:\/\/nyforetagarcentrum.se\/orebroregionen\/wp-content\/uploads\/sites\/25\/2024\/07\/orebroregionen_bla.png\",\"width\":870,\"height\":355,\"caption\":\"\u00d6rebroregionen\"},\"image\":{\"@id\":\"https:\/\/nyforetagarcentrum.se\/orebroregionen\/#\/schema\/logo\/image\/\"}}]}<\/script>\n<!-- \/ Yoast SEO plugin. -->","yoast_head_json":{"title":"Evenemang f\u00f6r blivande f\u00f6retagare i \u00d6rebroregionen | Nyf\u00f6retagarcentrum","description":"Nyf\u00f6retagarcentrum \u00d6rebroregionen arrangerar inspirerande evenemang och utbildningar f\u00f6r dig som vill starta eget f\u00f6retag. Boka din plats p\u00e5 Starta Eget-dagen, f\u00f6rel\u00e4sningar inom marknadsf\u00f6ring, f\u00f6rs\u00e4ljning och mycket mer f\u00f6r att f\u00e5 v\u00e4rdefull kunskap och st\u00f6d i f\u00f6retagsstarten.","robots":{"index":"index","follow":"follow","max-snippet":"max-snippet:-1","max-image-preview":"max-image-preview:large","max-video-preview":"max-video-preview:-1"},"canonical":"https:\/\/nyforetagarcentrum.se\/orebroregionen\/evenemang\/starta-eget-del-3-juridik-undvik-nyborjarfallorna\/","og_locale":"sv_SE","og_type":"article","og_title":"Evenemang f\u00f6r blivande f\u00f6retagare i \u00d6rebroregionen | Nyf\u00f6retagarcentrum","og_description":"Nyf\u00f6retagarcentrum \u00d6rebroregionen arrangerar inspirerande evenemang och utbildningar f\u00f6r dig som vill starta eget f\u00f6retag. Boka din plats p\u00e5 Starta Eget-dagen, f\u00f6rel\u00e4sningar inom marknadsf\u00f6ring, f\u00f6rs\u00e4ljning och mycket mer f\u00f6r att f\u00e5 v\u00e4rdefull kunskap och st\u00f6d i f\u00f6retagsstarten.","og_url":"https:\/\/nyforetagarcentrum.se\/orebroregionen\/evenemang\/starta-eget-del-3-juridik-undvik-nyborjarfallorna\/","og_site_name":"\u00d6rebroregionen","article_modified_time":"2026-04-22T09:15:43+00:00","twitter_card":"summary_large_image","twitter_misc":{"Ber\u00e4knad l\u00e4stid":"1 minut"},"schema":{"@context":"https:\/\/schema.org","@graph":[{"@type":"WebPage","@id":"https:\/\/nyforetagarcentrum.se\/orebroregionen\/evenemang\/starta-eget-del-3-juridik-undvik-nyborjarfallorna\/","url":"https:\/\/nyforetagarcentrum.se\/orebroregionen\/evenemang\/starta-eget-del-3-juridik-undvik-nyborjarfallorna\/","name":"Evenemang f\u00f6r blivande f\u00f6retagare i \u00d6rebroregionen | Nyf\u00f6retagarcentrum","isPartOf":{"@id":"https:\/\/nyforetagarcentrum.se\/orebroregionen\/#website"},"datePublished":"2026-04-22T09:15:42+00:00","dateModified":"2026-04-22T09:15:43+00:00","description":"Nyf\u00f6retagarcentrum \u00d6rebroregionen arrangerar inspirerande evenemang och utbildningar f\u00f6r dig som vill starta eget f\u00f6retag. Boka din plats p\u00e5 Starta Eget-dagen, f\u00f6rel\u00e4sningar inom marknadsf\u00f6ring, f\u00f6rs\u00e4ljning och mycket mer f\u00f6r att f\u00e5 v\u00e4rdefull kunskap och st\u00f6d i f\u00f6retagsstarten.","breadcrumb":{"@id":"https:\/\/nyforetagarcentrum.se\/orebroregionen\/evenemang\/starta-eget-del-3-juridik-undvik-nyborjarfallorna\/#breadcrumb"},"inLanguage":"sv-SE","potentialAction":[{"@type":"ReadAction","target":["https:\/\/nyforetagarcentrum.se\/orebroregionen\/evenemang\/starta-eget-del-3-juridik-undvik-nyborjarfallorna\/"]}]},{"@type":"BreadcrumbList","@id":"https:\/\/nyforetagarcentrum.se\/orebroregionen\/evenemang\/starta-eget-del-3-juridik-undvik-nyborjarfallorna\/#breadcrumb","itemListElement":[{"@type":"ListItem","position":1,"name":"Hem","item":"https:\/\/nyforetagarcentrum.se\/orebroregionen\/"},{"@type":"ListItem","position":2,"name":"Evenemang","item":"https:\/\/nyforetagarcentrum.se\/orebroregionen\/evenemang\/"},{"@type":"ListItem","position":3,"name":"STARTA EGET\u00a0 \u2013 DEL 3: Juridik \u2013 undvik nyb\u00f6rjarf\u00e4llorna"}]},{"@type":"WebSite","@id":"https:\/\/nyforetagarcentrum.se\/orebroregionen\/#website","url":"https:\/\/nyforetagarcentrum.se\/orebroregionen\/","name":"\u00d6rebroregionen","description":"Sveriges ledande kraft f\u00f6r fler nya livskraftiga f\u00f6retag","publisher":{"@id":"https:\/\/nyforetagarcentrum.se\/orebroregionen\/#organization"},"potentialAction":[{"@type":"SearchAction","target":{"@type":"EntryPoint","urlTemplate":"https:\/\/nyforetagarcentrum.se\/orebroregionen\/?s={search_term_string}"},"query-input":"required name=search_term_string"}],"inLanguage":"sv-SE"},{"@type":"Organization","@id":"https:\/\/nyforetagarcentrum.se\/orebroregionen\/#organization","name":"\u00d6rebroregionen","url":"https:\/\/nyforetagarcentrum.se\/orebroregionen\/","logo":{"@type":"ImageObject","inLanguage":"sv-SE","@id":"https:\/\/nyforetagarcentrum.se\/orebroregionen\/#\/schema\/logo\/image\/","url":"https:\/\/nyforetagarcentrum.se\/orebroregionen\/wp-content\/uploads\/sites\/25\/2024\/07\/orebroregionen_bla.png","contentUrl":"https:\/\/nyforetagarcentrum.se\/orebroregionen\/wp-content\/uploads\/sites\/25\/2024\/07\/orebroregionen_bla.png","width":870,"height":355,"caption":"\u00d6rebroregionen"},"image":{"@id":"https:\/\/nyforetagarcentrum.se\/orebroregionen\/#\/schema\/logo\/image\/"}}]}},"_links":{"self":[{"href":"https:\/\/nyforetagarcentrum.se\/orebroregionen\/wp-json\/wp\/v2\/event\/1093"}],"collection":[{"href":"https:\/\/nyforetagarcentrum.se\/orebroregionen\/wp-json\/wp\/v2\/event"}],"about":[{"href":"https:\/\/nyforetagarcentrum.se\/orebroregionen\/wp-json\/wp\/v2\/types\/event"}],"version-history":[{"count":2,"href":"https:\/\/nyforetagarcentrum.se\/orebroregionen\/wp-json\/wp\/v2\/event\/1093\/revisions"}],"predecessor-version":[{"id":1095,"href":"https:\/\/nyforetagarcentrum.se\/orebroregionen\/wp-json\/wp\/v2\/event\/1093\/revisions\/1095"}],"wp:attachment":[{"href":"https:\/\/nyforetagarcentrum.se\/orebroregionen\/wp-json\/wp\/v2\/media?parent=1093"}],"curies":[{"name":"wp","href":"https:\/\/api.w.org\/{rel}","templated":true}]}}

STARTA EGET  – DEL 3: Juridik – undvik nybörjarfällorna

<p>När man startar företag dyker många juridiska frågor upp. Vad är egentligen skillnaden på enskild firma och aktiebolag? Nästa stopp på vår starta eget-utbildning tar avstamp i just detta. Den 4 maj går Advokatfirman Lindahls igenom grunderna så att du slipper vanliga misstag.</p>



<p>Under kvällen pratar vi om:<br>• Enskild firma vs aktiebolag<br>• När avtal behövs<br>• Vanliga juridiska fallgropar</p>



<p>Det är gratis att delta!</p>

<!-- This site is optimized with the Yoast SEO plugin v22.9 - https://yoast.com/wordpress/plugins/seo/ -->
<title>Evenemang för blivande företagare i Örebroregionen | Nyföretagarcentrum</title>
<meta name="description" content="Nyföretagarcentrum Örebroregionen arrangerar inspirerande evenemang och utbildningar för dig som vill starta eget företag. Boka din plats på Starta Eget-dagen, föreläsningar inom marknadsföring, försäljning och mycket mer för att få värdefull kunskap och stöd i företagsstarten." />
<meta name="robots" content="index, follow, max-snippet:-1, max-image-preview:large, max-video-preview:-1" />
<link rel="canonical" href="https://nyforetagarcentrum.se/orebroregionen/evenemang/starta-eget-del-3-juridik-undvik-nyborjarfallorna/" />
<meta property="og:locale" content="sv_SE" />
<meta property="og:type" content="article" />
<meta property="og:title" content="Evenemang för blivande företagare i Örebroregionen | Nyföretagarcentrum" />
<meta property="og:description" content="Nyföretagarcentrum Örebroregionen arrangerar inspirerande evenemang och utbildningar för dig som vill starta eget företag. Boka din plats på Starta Eget-dagen, föreläsningar inom marknadsföring, försäljning och mycket mer för att få värdefull kunskap och stöd i företagsstarten." />
<meta property="og:url" content="https://nyforetagarcentrum.se/orebroregionen/evenemang/starta-eget-del-3-juridik-undvik-nyborjarfallorna/" />
<meta property="og:site_name" content="Örebroregionen" />
<meta property="article:modified_time" content="2026-04-22T09:15:43+00:00" />
<meta name="twitter:card" content="summary_large_image" />
<meta name="twitter:label1" content="Beräknad lästid" />
	<meta name="twitter:data1" content="1 minut" />
<script type="application/ld+json" class="yoast-schema-graph">{"@context":"https://schema.org","@graph":[{"@type":"WebPage","@id":"https://nyforetagarcentrum.se/orebroregionen/evenemang/starta-eget-del-3-juridik-undvik-nyborjarfallorna/","url":"https://nyforetagarcentrum.se/orebroregionen/evenemang/starta-eget-del-3-juridik-undvik-nyborjarfallorna/","name":"Evenemang för blivande företagare i Örebroregionen | Nyföretagarcentrum","isPartOf":{"@id":"https://nyforetagarcentrum.se/orebroregionen/#website"},"datePublished":"2026-04-22T09:15:42+00:00","dateModified":"2026-04-22T09:15:43+00:00","description":"Nyföretagarcentrum Örebroregionen arrangerar inspirerande evenemang och utbildningar för dig som vill starta eget företag. Boka din plats på Starta Eget-dagen, föreläsningar inom marknadsföring, försäljning och mycket mer för att få värdefull kunskap och stöd i företagsstarten.","breadcrumb":{"@id":"https://nyforetagarcentrum.se/orebroregionen/evenemang/starta-eget-del-3-juridik-undvik-nyborjarfallorna/#breadcrumb"},"inLanguage":"sv-SE","potentialAction":[{"@type":"ReadAction","target":["https://nyforetagarcentrum.se/orebroregionen/evenemang/starta-eget-del-3-juridik-undvik-nyborjarfallorna/"]}]},{"@type":"BreadcrumbList","@id":"https://nyforetagarcentrum.se/orebroregionen/evenemang/starta-eget-del-3-juridik-undvik-nyborjarfallorna/#breadcrumb","itemListElement":[{"@type":"ListItem","position":1,"name":"Hem","item":"https://nyforetagarcentrum.se/orebroregionen/"},{"@type":"ListItem","position":2,"name":"Evenemang","item":"https://nyforetagarcentrum.se/orebroregionen/evenemang/"},{"@type":"ListItem","position":3,"name":"STARTA EGET  – DEL 3: Juridik – undvik nybörjarfällorna"}]},{"@type":"WebSite","@id":"https://nyforetagarcentrum.se/orebroregionen/#website","url":"https://nyforetagarcentrum.se/orebroregionen/","name":"Örebroregionen","description":"Sveriges ledande kraft för fler nya livskraftiga företag","publisher":{"@id":"https://nyforetagarcentrum.se/orebroregionen/#organization"},"potentialAction":[{"@type":"SearchAction","target":{"@type":"EntryPoint","urlTemplate":"https://nyforetagarcentrum.se/orebroregionen/?s={search_term_string}"},"query-input":"required name=search_term_string"}],"inLanguage":"sv-SE"},{"@type":"Organization","@id":"https://nyforetagarcentrum.se/orebroregionen/#organization","name":"Örebroregionen","url":"https://nyforetagarcentrum.se/orebroregionen/","logo":{"@type":"ImageObject","inLanguage":"sv-SE","@id":"https://nyforetagarcentrum.se/orebroregionen/#/schema/logo/image/","url":"https://nyforetagarcentrum.se/orebroregionen/wp-content/uploads/sites/25/2024/07/orebroregionen_bla.png","contentUrl":"https://nyforetagarcentrum.se/orebroregionen/wp-content/uploads/sites/25/2024/07/orebroregionen_bla.png","width":870,"height":355,"caption":"Örebroregionen"},"image":{"@id":"https://nyforetagarcentrum.se/orebroregionen/#/schema/logo/image/"}}]}</script>
<!-- / Yoast SEO plugin. -->

Evenemang för blivande företagare i Örebroregionen | Nyföretagarcentrum

Nyföretagarcentrum Örebroregionen arrangerar inspirerande evenemang och utbildningar för dig som vill starta eget företag. Boka din plats på Starta Eget-dagen, föreläsningar inom marknadsföring, försäljning och mycket mer för att få värdefull kunskap och stöd i företagsstarten.

Örebroregionen

Sveriges ledande kraft för fler nya livskraftiga företag
