{"id":41,"date":"2024-02-22T10:24:51","date_gmt":"2024-02-22T09:24:51","guid":{"rendered":"https:\/\/nyforetagarcentrum.se\/olofstrom\/?page_id=41"},"modified":"2024-06-30T11:56:54","modified_gmt":"2024-06-30T09:56:54","slug":"vara-samarbetspartners","status":"publish","type":"page","link":"https:\/\/nyforetagarcentrum.se\/olofstrom\/vara-samarbetspartners\/","title":{"rendered":"Partners"},"content":{"rendered":"<section  class=\"nfc-block-hero alignfull\">\n\n    <img loading=\"lazy\" decoding=\"async\" width=\"1470\" height=\"980\" src=\"https:\/\/nyforetagarcentrum.se\/olofstrom\/wp-content\/uploads\/sites\/66\/2024\/02\/0e791fc7a813b73286933adf78fc31c9.png\" class=\"attachment-landscape size-landscape\" alt=\"\" srcset=\"https:\/\/nyforetagarcentrum.se\/olofstrom\/wp-content\/uploads\/sites\/66\/2024\/02\/0e791fc7a813b73286933adf78fc31c9.png 1470w, https:\/\/nyforetagarcentrum.se\/olofstrom\/wp-content\/uploads\/sites\/66\/2024\/02\/0e791fc7a813b73286933adf78fc31c9-300x200.png 300w, https:\/\/nyforetagarcentrum.se\/olofstrom\/wp-content\/uploads\/sites\/66\/2024\/02\/0e791fc7a813b73286933adf78fc31c9-1024x683.png 1024w, https:\/\/nyforetagarcentrum.se\/olofstrom\/wp-content\/uploads\/sites\/66\/2024\/02\/0e791fc7a813b73286933adf78fc31c9-768x512.png 768w\" sizes=\"(max-width: 1470px) 100vw, 1470px\" \/>\n    <div class=\"contained\">\n        <h1 class=\"nfc-block-hero__heading\">V\u00e5ra samarbetspartners<\/h1>\n\n            <\/div>\n<\/section>\n\n\n<div style=\"height:50px\" aria-hidden=\"true\" class=\"wp-block-spacer\"><\/div>\n\n\n<section  class=\"block-our-partners nfc-block-partners\">\n    <div class=\"contained\">\n            <\/div>\n<\/section>\n\n\n<div style=\"height:50px\" aria-hidden=\"true\" class=\"wp-block-spacer\"><\/div>\n\n\n\n<figure class=\"wp-block-image size-large\"><img loading=\"lazy\" decoding=\"async\" width=\"1024\" height=\"576\" src=\"https:\/\/nyforetagarcentrum.se\/olofstrom\/wp-content\/uploads\/sites\/66\/2024\/05\/Logo-Olofstroms-kommun-2-1024x576.jpg\" alt=\"\" class=\"wp-image-309\" srcset=\"https:\/\/nyforetagarcentrum.se\/olofstrom\/wp-content\/uploads\/sites\/66\/2024\/05\/Logo-Olofstroms-kommun-2-1024x576.jpg 1024w, https:\/\/nyforetagarcentrum.se\/olofstrom\/wp-content\/uploads\/sites\/66\/2024\/05\/Logo-Olofstroms-kommun-2-300x169.jpg 300w, https:\/\/nyforetagarcentrum.se\/olofstrom\/wp-content\/uploads\/sites\/66\/2024\/05\/Logo-Olofstroms-kommun-2-768x432.jpg 768w, https:\/\/nyforetagarcentrum.se\/olofstrom\/wp-content\/uploads\/sites\/66\/2024\/05\/Logo-Olofstroms-kommun-2.jpg 1280w\" sizes=\"(max-width: 1024px) 100vw, 1024px\" \/><\/figure>\n\n\n\n<figure class=\"wp-block-image size-large is-resized\"><img loading=\"lazy\" decoding=\"async\" width=\"1024\" height=\"269\" src=\"https:\/\/nyforetagarcentrum.se\/olofstrom\/wp-content\/uploads\/sites\/66\/2024\/06\/image002-1024x269.jpg\" alt=\"\" class=\"wp-image-379\" style=\"width:800px;height:auto\" srcset=\"https:\/\/nyforetagarcentrum.se\/olofstrom\/wp-content\/uploads\/sites\/66\/2024\/06\/image002-1024x269.jpg 1024w, https:\/\/nyforetagarcentrum.se\/olofstrom\/wp-content\/uploads\/sites\/66\/2024\/06\/image002-300x79.jpg 300w, https:\/\/nyforetagarcentrum.se\/olofstrom\/wp-content\/uploads\/sites\/66\/2024\/06\/image002-768x202.jpg 768w, https:\/\/nyforetagarcentrum.se\/olofstrom\/wp-content\/uploads\/sites\/66\/2024\/06\/image002.jpg 1299w\" sizes=\"(max-width: 1024px) 100vw, 1024px\" \/><\/figure>\n\n\n\n<figure class=\"wp-block-image size-full\"><img loading=\"lazy\" decoding=\"async\" width=\"955\" height=\"103\" src=\"https:\/\/nyforetagarcentrum.se\/olofstrom\/wp-content\/uploads\/sites\/66\/2024\/05\/Logotyp_Handelsbanken_LARGE_bla-1.png\" alt=\"\" class=\"wp-image-319\" srcset=\"https:\/\/nyforetagarcentrum.se\/olofstrom\/wp-content\/uploads\/sites\/66\/2024\/05\/Logotyp_Handelsbanken_LARGE_bla-1.png 955w, https:\/\/nyforetagarcentrum.se\/olofstrom\/wp-content\/uploads\/sites\/66\/2024\/05\/Logotyp_Handelsbanken_LARGE_bla-1-300x32.png 300w, https:\/\/nyforetagarcentrum.se\/olofstrom\/wp-content\/uploads\/sites\/66\/2024\/05\/Logotyp_Handelsbanken_LARGE_bla-1-768x83.png 768w\" sizes=\"(max-width: 955px) 100vw, 955px\" \/><\/figure>\n\n\n\n<div class=\"wp-block-columns is-layout-flex wp-container-core-columns-is-layout-1 wp-block-columns-is-layout-flex\">\n<div class=\"wp-block-column is-layout-flow wp-block-column-is-layout-flow\"><\/div>\n\n\n\n<div class=\"wp-block-column is-layout-flow wp-block-column-is-layout-flow\"><\/div>\n<\/div>\n\n\n\n<figure class=\"wp-block-image size-large\"><img loading=\"lazy\" decoding=\"async\" width=\"1024\" height=\"226\" src=\"https:\/\/nyforetagarcentrum.se\/olofstrom\/wp-content\/uploads\/sites\/66\/2024\/05\/image001-1-1024x226.png\" alt=\"\" class=\"wp-image-321\" srcset=\"https:\/\/nyforetagarcentrum.se\/olofstrom\/wp-content\/uploads\/sites\/66\/2024\/05\/image001-1-1024x226.png 1024w, https:\/\/nyforetagarcentrum.se\/olofstrom\/wp-content\/uploads\/sites\/66\/2024\/05\/image001-1-300x66.png 300w, https:\/\/nyforetagarcentrum.se\/olofstrom\/wp-content\/uploads\/sites\/66\/2024\/05\/image001-1-768x170.png 768w, https:\/\/nyforetagarcentrum.se\/olofstrom\/wp-content\/uploads\/sites\/66\/2024\/05\/image001-1-1536x339.png 1536w, https:\/\/nyforetagarcentrum.se\/olofstrom\/wp-content\/uploads\/sites\/66\/2024\/05\/image001-1-1920x424.png 1920w, https:\/\/nyforetagarcentrum.se\/olofstrom\/wp-content\/uploads\/sites\/66\/2024\/05\/image001-1.png 2007w\" sizes=\"(max-width: 1024px) 100vw, 1024px\" \/><\/figure>\n\n\n\n<figure class=\"wp-block-image size-full\"><img loading=\"lazy\" decoding=\"async\" width=\"3000\" height=\"966\" src=\"https:\/\/nyforetagarcentrum.se\/olofstrom\/wp-content\/uploads\/sites\/66\/2024\/05\/Olofstroms_kraft_AB_fullfarg-1.png\" alt=\"\" class=\"wp-image-330\" srcset=\"https:\/\/nyforetagarcentrum.se\/olofstrom\/wp-content\/uploads\/sites\/66\/2024\/05\/Olofstroms_kraft_AB_fullfarg-1.png 3000w, https:\/\/nyforetagarcentrum.se\/olofstrom\/wp-content\/uploads\/sites\/66\/2024\/05\/Olofstroms_kraft_AB_fullfarg-1-300x97.png 300w, https:\/\/nyforetagarcentrum.se\/olofstrom\/wp-content\/uploads\/sites\/66\/2024\/05\/Olofstroms_kraft_AB_fullfarg-1-1024x330.png 1024w, https:\/\/nyforetagarcentrum.se\/olofstrom\/wp-content\/uploads\/sites\/66\/2024\/05\/Olofstroms_kraft_AB_fullfarg-1-768x247.png 768w, https:\/\/nyforetagarcentrum.se\/olofstrom\/wp-content\/uploads\/sites\/66\/2024\/05\/Olofstroms_kraft_AB_fullfarg-1-1536x495.png 1536w, https:\/\/nyforetagarcentrum.se\/olofstrom\/wp-content\/uploads\/sites\/66\/2024\/05\/Olofstroms_kraft_AB_fullfarg-1-2048x659.png 2048w, https:\/\/nyforetagarcentrum.se\/olofstrom\/wp-content\/uploads\/sites\/66\/2024\/05\/Olofstroms_kraft_AB_fullfarg-1-1920x618.png 1920w\" sizes=\"(max-width: 3000px) 100vw, 3000px\" \/><\/figure>\n\n\n\n<figure class=\"wp-block-image size-full is-resized\"><img loading=\"lazy\" decoding=\"async\" width=\"800\" height=\"420\" src=\"https:\/\/nyforetagarcentrum.se\/olofstrom\/wp-content\/uploads\/sites\/66\/2024\/05\/1711569965234-1.jpeg\" alt=\"\" class=\"wp-image-334\" style=\"width:800px;height:auto\" srcset=\"https:\/\/nyforetagarcentrum.se\/olofstrom\/wp-content\/uploads\/sites\/66\/2024\/05\/1711569965234-1.jpeg 800w, https:\/\/nyforetagarcentrum.se\/olofstrom\/wp-content\/uploads\/sites\/66\/2024\/05\/1711569965234-1-300x158.jpeg 300w, https:\/\/nyforetagarcentrum.se\/olofstrom\/wp-content\/uploads\/sites\/66\/2024\/05\/1711569965234-1-768x403.jpeg 768w\" sizes=\"(max-width: 800px) 100vw, 800px\" \/><\/figure>\n\n\n\n<div class=\"wp-block-group is-layout-constrained wp-block-group-is-layout-constrained\">\n<div class=\"wp-block-columns is-layout-flex wp-container-core-columns-is-layout-2 wp-block-columns-is-layout-flex\">\n<div class=\"wp-block-column is-layout-flow wp-block-column-is-layout-flow\" style=\"flex-basis:100%\">\n<figure class=\"wp-block-image size-full\"><img loading=\"lazy\" decoding=\"async\" width=\"498\" height=\"234\" src=\"https:\/\/nyforetagarcentrum.se\/olofstrom\/wp-content\/uploads\/sites\/66\/2024\/05\/Skarmavbild-2024-05-27-kl.-13.51.25.png\" alt=\"\" class=\"wp-image-337\" srcset=\"https:\/\/nyforetagarcentrum.se\/olofstrom\/wp-content\/uploads\/sites\/66\/2024\/05\/Skarmavbild-2024-05-27-kl.-13.51.25.png 498w, https:\/\/nyforetagarcentrum.se\/olofstrom\/wp-content\/uploads\/sites\/66\/2024\/05\/Skarmavbild-2024-05-27-kl.-13.51.25-300x141.png 300w\" sizes=\"(max-width: 498px) 100vw, 498px\" \/><\/figure>\n<\/div>\n<\/div>\n<\/div>\n\n\n\n<figure class=\"wp-block-image size-full is-resized\"><img loading=\"lazy\" decoding=\"async\" width=\"349\" height=\"144\" src=\"https:\/\/nyforetagarcentrum.se\/olofstrom\/wp-content\/uploads\/sites\/66\/2024\/06\/download.png\" alt=\"\" class=\"wp-image-394\" style=\"width:804px;height:auto\" srcset=\"https:\/\/nyforetagarcentrum.se\/olofstrom\/wp-content\/uploads\/sites\/66\/2024\/06\/download.png 349w, https:\/\/nyforetagarcentrum.se\/olofstrom\/wp-content\/uploads\/sites\/66\/2024\/06\/download-300x124.png 300w\" sizes=\"(max-width: 349px) 100vw, 349px\" \/><\/figure>\n\n\n\n<div class=\"wp-block-group is-nowrap is-layout-flex wp-container-core-group-is-layout-2 wp-block-group-is-layout-flex\">\n<figure class=\"wp-block-image alignright size-full is-resized\"><img loading=\"lazy\" decoding=\"async\" width=\"225\" height=\"225\" src=\"https:\/\/nyforetagarcentrum.se\/olofstrom\/wp-content\/uploads\/sites\/66\/2024\/06\/images.png\" alt=\"\" class=\"wp-image-385\" style=\"width:196px;height:auto\" srcset=\"https:\/\/nyforetagarcentrum.se\/olofstrom\/wp-content\/uploads\/sites\/66\/2024\/06\/images.png 225w, https:\/\/nyforetagarcentrum.se\/olofstrom\/wp-content\/uploads\/sites\/66\/2024\/06\/images-150x150.png 150w\" sizes=\"(max-width: 225px) 100vw, 225px\" \/><\/figure>\n\n\n\n<figure class=\"wp-block-image size-full\"><img loading=\"lazy\" decoding=\"async\" width=\"13334\" height=\"12750\" src=\"https:\/\/nyforetagarcentrum.se\/olofstrom\/wp-content\/uploads\/sites\/66\/2024\/05\/UF_Logo_2022_UF_Logo_Svart_2022-4-1.png\" alt=\"\" class=\"wp-image-329\" \/><\/figure>\n<\/div>\n","protected":false},"excerpt":{"rendered":"","protected":false},"author":1,"featured_media":0,"parent":0,"menu_order":0,"comment_status":"closed","ping_status":"closed","template":"","meta":{"footnotes":""},"acf":[],"yoast_head":"<!-- This site is optimized with the Yoast SEO plugin v22.9 - https:\/\/yoast.com\/wordpress\/plugins\/seo\/ -->\n<title>Partners - Olofstr\u00f6m<\/title>\n<meta name=\"robots\" content=\"index, follow, max-snippet:-1, max-image-preview:large, max-video-preview:-1\" \/>\n<link rel=\"canonical\" href=\"https:\/\/nyforetagarcentrum.se\/olofstrom\/vara-samarbetspartners\/\" \/>\n<meta property=\"og:locale\" content=\"sv_SE\" \/>\n<meta property=\"og:type\" content=\"article\" \/>\n<meta property=\"og:title\" content=\"Partners - Olofstr\u00f6m\" \/>\n<meta property=\"og:url\" content=\"https:\/\/nyforetagarcentrum.se\/olofstrom\/vara-samarbetspartners\/\" \/>\n<meta property=\"og:site_name\" content=\"Olofstr\u00f6m\" \/>\n<meta property=\"article:modified_time\" content=\"2024-06-30T09:56:54+00:00\" \/>\n<meta property=\"og:image\" content=\"https:\/\/nyforetagarcentrum.se\/olofstrom\/wp-content\/uploads\/sites\/66\/2024\/05\/Logo-Olofstroms-kommun-2-1024x576.jpg\" \/>\n<meta name=\"twitter:card\" content=\"summary_large_image\" \/>\n<meta name=\"twitter:label1\" content=\"Ber\u00e4knad l\u00e4stid\" \/>\n\t<meta name=\"twitter:data1\" content=\"2 minuter\" \/>\n<script type=\"application\/ld+json\" class=\"yoast-schema-graph\">{\"@context\":\"https:\/\/schema.org\",\"@graph\":[{\"@type\":\"WebPage\",\"@id\":\"https:\/\/nyforetagarcentrum.se\/olofstrom\/vara-samarbetspartners\/\",\"url\":\"https:\/\/nyforetagarcentrum.se\/olofstrom\/vara-samarbetspartners\/\",\"name\":\"Partners - Olofstr\u00f6m\",\"isPartOf\":{\"@id\":\"https:\/\/nyforetagarcentrum.se\/olofstrom\/#website\"},\"primaryImageOfPage\":{\"@id\":\"https:\/\/nyforetagarcentrum.se\/olofstrom\/vara-samarbetspartners\/#primaryimage\"},\"image\":{\"@id\":\"https:\/\/nyforetagarcentrum.se\/olofstrom\/vara-samarbetspartners\/#primaryimage\"},\"thumbnailUrl\":\"https:\/\/nyforetagarcentrum.se\/olofstrom\/wp-content\/uploads\/sites\/66\/2024\/05\/Logo-Olofstroms-kommun-2-1024x576.jpg\",\"datePublished\":\"2024-02-22T09:24:51+00:00\",\"dateModified\":\"2024-06-30T09:56:54+00:00\",\"breadcrumb\":{\"@id\":\"https:\/\/nyforetagarcentrum.se\/olofstrom\/vara-samarbetspartners\/#breadcrumb\"},\"inLanguage\":\"sv-SE\",\"potentialAction\":[{\"@type\":\"ReadAction\",\"target\":[\"https:\/\/nyforetagarcentrum.se\/olofstrom\/vara-samarbetspartners\/\"]}]},{\"@type\":\"ImageObject\",\"inLanguage\":\"sv-SE\",\"@id\":\"https:\/\/nyforetagarcentrum.se\/olofstrom\/vara-samarbetspartners\/#primaryimage\",\"url\":\"https:\/\/nyforetagarcentrum.se\/olofstrom\/wp-content\/uploads\/sites\/66\/2024\/05\/Logo-Olofstroms-kommun-2.jpg\",\"contentUrl\":\"https:\/\/nyforetagarcentrum.se\/olofstrom\/wp-content\/uploads\/sites\/66\/2024\/05\/Logo-Olofstroms-kommun-2.jpg\",\"width\":1280,\"height\":720},{\"@type\":\"BreadcrumbList\",\"@id\":\"https:\/\/nyforetagarcentrum.se\/olofstrom\/vara-samarbetspartners\/#breadcrumb\",\"itemListElement\":[{\"@type\":\"ListItem\",\"position\":1,\"name\":\"Hem\",\"item\":\"https:\/\/nyforetagarcentrum.se\/olofstrom\/\"},{\"@type\":\"ListItem\",\"position\":2,\"name\":\"Partners\"}]},{\"@type\":\"WebSite\",\"@id\":\"https:\/\/nyforetagarcentrum.se\/olofstrom\/#website\",\"url\":\"https:\/\/nyforetagarcentrum.se\/olofstrom\/\",\"name\":\"Olofstr\u00f6m\",\"description\":\"f\u00f6retagSveriges ledande kraft f\u00f6r fler nya livskraftiga\",\"publisher\":{\"@id\":\"https:\/\/nyforetagarcentrum.se\/olofstrom\/#organization\"},\"potentialAction\":[{\"@type\":\"SearchAction\",\"target\":{\"@type\":\"EntryPoint\",\"urlTemplate\":\"https:\/\/nyforetagarcentrum.se\/olofstrom\/?s={search_term_string}\"},\"query-input\":\"required name=search_term_string\"}],\"inLanguage\":\"sv-SE\"},{\"@type\":\"Organization\",\"@id\":\"https:\/\/nyforetagarcentrum.se\/olofstrom\/#organization\",\"name\":\"Olofstr\u00f6m\",\"url\":\"https:\/\/nyforetagarcentrum.se\/olofstrom\/\",\"logo\":{\"@type\":\"ImageObject\",\"inLanguage\":\"sv-SE\",\"@id\":\"https:\/\/nyforetagarcentrum.se\/olofstrom\/#\/schema\/logo\/image\/\",\"url\":\"https:\/\/nyforetagarcentrum.se\/olofstrom\/wp-content\/uploads\/sites\/66\/2024\/04\/Olofstrom-1.png\",\"contentUrl\":\"https:\/\/nyforetagarcentrum.se\/olofstrom\/wp-content\/uploads\/sites\/66\/2024\/04\/Olofstrom-1.png\",\"width\":1082,\"height\":542,\"caption\":\"Olofstr\u00f6m\"},\"image\":{\"@id\":\"https:\/\/nyforetagarcentrum.se\/olofstrom\/#\/schema\/logo\/image\/\"}}]}<\/script>\n<!-- \/ Yoast SEO plugin. -->","yoast_head_json":{"title":"Partners - Olofstr\u00f6m","robots":{"index":"index","follow":"follow","max-snippet":"max-snippet:-1","max-image-preview":"max-image-preview:large","max-video-preview":"max-video-preview:-1"},"canonical":"https:\/\/nyforetagarcentrum.se\/olofstrom\/vara-samarbetspartners\/","og_locale":"sv_SE","og_type":"article","og_title":"Partners - Olofstr\u00f6m","og_url":"https:\/\/nyforetagarcentrum.se\/olofstrom\/vara-samarbetspartners\/","og_site_name":"Olofstr\u00f6m","article_modified_time":"2024-06-30T09:56:54+00:00","og_image":[{"url":"https:\/\/nyforetagarcentrum.se\/olofstrom\/wp-content\/uploads\/sites\/66\/2024\/05\/Logo-Olofstroms-kommun-2-1024x576.jpg"}],"twitter_card":"summary_large_image","twitter_misc":{"Ber\u00e4knad l\u00e4stid":"2 minuter"},"schema":{"@context":"https:\/\/schema.org","@graph":[{"@type":"WebPage","@id":"https:\/\/nyforetagarcentrum.se\/olofstrom\/vara-samarbetspartners\/","url":"https:\/\/nyforetagarcentrum.se\/olofstrom\/vara-samarbetspartners\/","name":"Partners - Olofstr\u00f6m","isPartOf":{"@id":"https:\/\/nyforetagarcentrum.se\/olofstrom\/#website"},"primaryImageOfPage":{"@id":"https:\/\/nyforetagarcentrum.se\/olofstrom\/vara-samarbetspartners\/#primaryimage"},"image":{"@id":"https:\/\/nyforetagarcentrum.se\/olofstrom\/vara-samarbetspartners\/#primaryimage"},"thumbnailUrl":"https:\/\/nyforetagarcentrum.se\/olofstrom\/wp-content\/uploads\/sites\/66\/2024\/05\/Logo-Olofstroms-kommun-2-1024x576.jpg","datePublished":"2024-02-22T09:24:51+00:00","dateModified":"2024-06-30T09:56:54+00:00","breadcrumb":{"@id":"https:\/\/nyforetagarcentrum.se\/olofstrom\/vara-samarbetspartners\/#breadcrumb"},"inLanguage":"sv-SE","potentialAction":[{"@type":"ReadAction","target":["https:\/\/nyforetagarcentrum.se\/olofstrom\/vara-samarbetspartners\/"]}]},{"@type":"ImageObject","inLanguage":"sv-SE","@id":"https:\/\/nyforetagarcentrum.se\/olofstrom\/vara-samarbetspartners\/#primaryimage","url":"https:\/\/nyforetagarcentrum.se\/olofstrom\/wp-content\/uploads\/sites\/66\/2024\/05\/Logo-Olofstroms-kommun-2.jpg","contentUrl":"https:\/\/nyforetagarcentrum.se\/olofstrom\/wp-content\/uploads\/sites\/66\/2024\/05\/Logo-Olofstroms-kommun-2.jpg","width":1280,"height":720},{"@type":"BreadcrumbList","@id":"https:\/\/nyforetagarcentrum.se\/olofstrom\/vara-samarbetspartners\/#breadcrumb","itemListElement":[{"@type":"ListItem","position":1,"name":"Hem","item":"https:\/\/nyforetagarcentrum.se\/olofstrom\/"},{"@type":"ListItem","position":2,"name":"Partners"}]},{"@type":"WebSite","@id":"https:\/\/nyforetagarcentrum.se\/olofstrom\/#website","url":"https:\/\/nyforetagarcentrum.se\/olofstrom\/","name":"Olofstr\u00f6m","description":"f\u00f6retagSveriges ledande kraft f\u00f6r fler nya livskraftiga","publisher":{"@id":"https:\/\/nyforetagarcentrum.se\/olofstrom\/#organization"},"potentialAction":[{"@type":"SearchAction","target":{"@type":"EntryPoint","urlTemplate":"https:\/\/nyforetagarcentrum.se\/olofstrom\/?s={search_term_string}"},"query-input":"required name=search_term_string"}],"inLanguage":"sv-SE"},{"@type":"Organization","@id":"https:\/\/nyforetagarcentrum.se\/olofstrom\/#organization","name":"Olofstr\u00f6m","url":"https:\/\/nyforetagarcentrum.se\/olofstrom\/","logo":{"@type":"ImageObject","inLanguage":"sv-SE","@id":"https:\/\/nyforetagarcentrum.se\/olofstrom\/#\/schema\/logo\/image\/","url":"https:\/\/nyforetagarcentrum.se\/olofstrom\/wp-content\/uploads\/sites\/66\/2024\/04\/Olofstrom-1.png","contentUrl":"https:\/\/nyforetagarcentrum.se\/olofstrom\/wp-content\/uploads\/sites\/66\/2024\/04\/Olofstrom-1.png","width":1082,"height":542,"caption":"Olofstr\u00f6m"},"image":{"@id":"https:\/\/nyforetagarcentrum.se\/olofstrom\/#\/schema\/logo\/image\/"}}]}},"_links":{"self":[{"href":"https:\/\/nyforetagarcentrum.se\/olofstrom\/wp-json\/wp\/v2\/pages\/41"}],"collection":[{"href":"https:\/\/nyforetagarcentrum.se\/olofstrom\/wp-json\/wp\/v2\/pages"}],"about":[{"href":"https:\/\/nyforetagarcentrum.se\/olofstrom\/wp-json\/wp\/v2\/types\/page"}],"author":[{"embeddable":true,"href":"https:\/\/nyforetagarcentrum.se\/olofstrom\/wp-json\/wp\/v2\/users\/1"}],"replies":[{"embeddable":true,"href":"https:\/\/nyforetagarcentrum.se\/olofstrom\/wp-json\/wp\/v2\/comments?post=41"}],"version-history":[{"count":36,"href":"https:\/\/nyforetagarcentrum.se\/olofstrom\/wp-json\/wp\/v2\/pages\/41\/revisions"}],"predecessor-version":[{"id":410,"href":"https:\/\/nyforetagarcentrum.se\/olofstrom\/wp-json\/wp\/v2\/pages\/41\/revisions\/410"}],"wp:attachment":[{"href":"https:\/\/nyforetagarcentrum.se\/olofstrom\/wp-json\/wp\/v2\/media?parent=41"}],"curies":[{"name":"wp","href":"https:\/\/api.w.org\/{rel}","templated":true}]}}