{"id":861,"date":"2025-05-30T11:34:10","date_gmt":"2025-05-30T09:34:10","guid":{"rendered":"https:\/\/nyforetagarcentrum.se\/nord\/?page_id=861"},"modified":"2025-10-27T11:43:38","modified_gmt":"2025-10-27T10:43:38","slug":"business-boost-academy","status":"publish","type":"page","link":"https:\/\/nyforetagarcentrum.se\/nord\/business-boost-academy\/","title":{"rendered":"Business Boost Academy"},"content":{"rendered":"<section  class=\"nfc-block-split_screen alignwide image_alignment-left no_gap\">\n    <div class=\"wrapper\">\n        <div class=\"nfc-block-split_screen__image-wrapper\">\n            <img loading=\"lazy\" decoding=\"async\" width=\"1200\" height=\"800\" src=\"https:\/\/nyforetagarcentrum.se\/nord\/wp-content\/uploads\/sites\/104\/2025\/06\/1.png\" class=\"attachment-landscape size-landscape\" alt=\"\" srcset=\"https:\/\/nyforetagarcentrum.se\/nord\/wp-content\/uploads\/sites\/104\/2025\/06\/1.png 1200w, https:\/\/nyforetagarcentrum.se\/nord\/wp-content\/uploads\/sites\/104\/2025\/06\/1-300x200.png 300w, https:\/\/nyforetagarcentrum.se\/nord\/wp-content\/uploads\/sites\/104\/2025\/06\/1-1024x683.png 1024w, https:\/\/nyforetagarcentrum.se\/nord\/wp-content\/uploads\/sites\/104\/2025\/06\/1-768x512.png 768w\" sizes=\"(max-width: 1200px) 100vw, 1200px\" \/>        <\/div>\n\n        <div class=\"nfc-block-split_screen__content-wrapper\">\n            <h1><\/h1>\n<h1>Business Boost Academy<\/h1>\n<p class=\"my-2 [&amp;+p]:mt-4 [&amp;_strong:has(+br)]:inline-block [&amp;_strong:has(+br)]:pb-2 animate-in fade-in-25 duration-700\"><strong>Aff\u00e4rsutvecklingsprogram f\u00f6r nya\u00a0f\u00f6retagare inom\u00a0gr\u00f6na n\u00e4ringar, bes\u00f6ksn\u00e4ring och handel<\/strong><\/p>\n<p class=\"my-2 [&amp;+p]:mt-4 [&amp;_strong:has(+br)]:inline-block [&amp;_strong:has(+br)]:pb-2\">Vill du utveckla ditt f\u00f6retag och tr\u00e4ffa andra i samma sits? Business Boost Academy \u00e4r ett kostnadsfritt program f\u00f6r dig som precis startat eller planerar att starta inom gr\u00f6na n\u00e4ringar, bes\u00f6ksn\u00e4ring eller handel i Arvidsjaur, Boden, Haparanda, Lule\u00e5, Pajala, Pite\u00e5, \u00d6verkalix eller \u00d6vertorne\u00e5.<\/p>\n<p data-start=\"681\" data-end=\"1072\">Initiativet genomf\u00f6rs under <strong>2024-2026<\/strong>, d\u00e4r en programomg\u00e5ng arrangeras \u00e5rligen.<\/p>\n<p data-start=\"681\" data-end=\"1072\">Programmet \u00e4r ett samarbete mellan Nyf\u00f6retagarCentrum Nord, N\u00e4ra Mat: Norrbottens Livsmedelsstrategi, Swedish Lapland Visitors Board och Handelsutvecklare med st\u00f6d fr\u00e5n Familjen Kamprads stiftelse.<\/p>\n<p class=\"my-2 [&amp;+p]:mt-4 [&amp;_strong:has(+br)]:inline-block [&amp;_strong:has(+br)]:pb-2\">Programmet startar med kick-off i februari och avslutas i juni. De flesta tr\u00e4ffar sker digitalt, endast en workshop genomf\u00f6rs fysiskt i Lule\u00e5.<\/p>\n<p class=\"my-2 [&amp;+p]:mt-4 [&amp;_strong:has(+br)]:inline-block [&amp;_strong:has(+br)]:pb-2\"><strong>Kostnadsfritt!<\/strong> Anm\u00e4lan inf\u00f6r 2026 \u00e4r nu \u00f6ppen &#8211; sista anm\u00e4lningsdag 6 februari.<\/p>\n<p><a href=\"https:\/\/simplesignup.se\/private_event\/231140\/bb3c44d6c3\"><strong>ANM\u00c4L DIG H\u00c4R<\/strong><\/a><\/p>\n<p class=\"my-2 [&amp;+p]:mt-4 [&amp;_strong:has(+br)]:inline-block [&amp;_strong:has(+br)]:pb-2\"><strong>Kontakt:<\/strong><br \/>\nMonica Wikstr\u00f6m-Johansson<br \/>\n<a class=\"reset interactable cursor-pointer decoration-1 underline-offset-1 text-super hover:underline font-semibold\" href=\"mailto:monica@nyforetagarcentrum.se\" target=\"_blank\" rel=\"nofollow noopener\">monica@nyforetagarcentrum.se<\/a><\/p>\n<p>&nbsp;<\/p>\n\n            \n        <\/div>\n    <\/div>\n<\/section>\n\n\n<div style=\"height:25px\" aria-hidden=\"true\" class=\"wp-block-spacer\"><\/div>\n\n\n<section  class=\"nfc-block-split_screen alignwide image_alignment-left no_gap\">\n    <div class=\"wrapper\">\n        <div class=\"nfc-block-split_screen__image-wrapper\">\n            <img loading=\"lazy\" decoding=\"async\" width=\"1080\" height=\"1080\" src=\"https:\/\/nyforetagarcentrum.se\/nord\/wp-content\/uploads\/sites\/104\/2025\/06\/7.webp\" class=\"attachment-landscape size-landscape\" alt=\"\" srcset=\"https:\/\/nyforetagarcentrum.se\/nord\/wp-content\/uploads\/sites\/104\/2025\/06\/7.webp 1080w, https:\/\/nyforetagarcentrum.se\/nord\/wp-content\/uploads\/sites\/104\/2025\/06\/7-300x300.webp 300w, https:\/\/nyforetagarcentrum.se\/nord\/wp-content\/uploads\/sites\/104\/2025\/06\/7-1024x1024.webp 1024w, https:\/\/nyforetagarcentrum.se\/nord\/wp-content\/uploads\/sites\/104\/2025\/06\/7-150x150.webp 150w, https:\/\/nyforetagarcentrum.se\/nord\/wp-content\/uploads\/sites\/104\/2025\/06\/7-768x768.webp 768w\" sizes=\"(max-width: 1080px) 100vw, 1080px\" \/>        <\/div>\n\n        <div class=\"nfc-block-split_screen__content-wrapper\">\n            <section class=\"program-2026\">\n<h2>Program 2026<\/h2>\n<article>\n<h3>M\u00e5ndag 16 februari<\/h3>\n<p><strong>Upptaktstr\u00e4ff &amp; kick-off<\/strong><br \/>\nPresentation av deltagare och f\u00f6retag<br \/>\n10:00\u201312:00 | Digitalt<\/p>\n<\/article>\n<article>\n<h3>Onsdag 18 februari<\/h3>\n<p><strong>Workshop 1:<\/strong> Aff\u00e4rsid\u00e9- och produktutveckling, aff\u00e4rsmodellering<br \/>\n09:30\u201315:00 | Hotell Savoy, Lule\u00e5<\/p>\n<\/article>\n<article>\n<h3>M\u00e5ndag 16 mars<\/h3>\n<p><strong>Trendspaning:<\/strong> Gr\u00f6na n\u00e4ringar<br \/>\n09:30\u201312:00 | Digitalt<\/p>\n<\/article>\n<article>\n<h3>Onsdag 18 mars<\/h3>\n<p><strong>Trendspaning:<\/strong> Bes\u00f6ksn\u00e4ring<br \/>\n09:30\u201312:00 | Digitalt<\/p>\n<\/article>\n<article>\n<h3>Fredag 20 mars<\/h3>\n<p><strong>Trendspaning:<\/strong> Handel<br \/>\n09:30\u201312:00 | Digitalt<\/p>\n<\/article>\n<article>\n<h3>M\u00e5ndag 13 april<\/h3>\n<p><strong>Workshop 2:<\/strong> Tillv\u00e4xtstrategier<br \/>\n09:30\u201312:00 | Digitalt<\/p>\n<\/article>\n<article>\n<h3>M\u00e5ndag 4 maj<\/h3>\n<p><strong>Workshop 3:<\/strong> Varum\u00e4rkesprofilering<br \/>\n09:30\u201312:00 | Digitalt<\/p>\n<\/article>\n<article>\n<h3>M\u00e5ndag 1 juni<\/h3>\n<p><strong>Workshop 4:<\/strong> H\u00e5llbart f\u00f6retagande<br \/>\n09:30\u201312:00 | Digitalt<\/p>\n<\/article>\n<p><em>Med reservation f\u00f6r eventuella f\u00f6r\u00e4ndringar.<\/em><\/p>\n<\/section>\n\n            \n        <\/div>\n    <\/div>\n<\/section>\n\n\n<div style=\"height:31px\" aria-hidden=\"true\" class=\"wp-block-spacer\"><\/div>\n\n\n\n<div class=\"wp-block-group alignwide has-background is-vertical is-content-justification-center is-nowrap is-layout-flex wp-container-core-group-is-layout-1 wp-block-group-is-layout-flex\" style=\"background:linear-gradient(135deg,rgb(242,225,215) 0%,rgb(242,225,215) 100%)\">\n<div style=\"height:74px;width:0px\" aria-hidden=\"true\" class=\"wp-block-spacer wp-container-content-1\"><\/div>\n\n\n\n<div class=\"wp-block-columns alignwide is-layout-flex wp-container-core-columns-is-layout-1 wp-block-columns-is-layout-flex\">\n<div class=\"wp-block-column is-vertically-aligned-top is-layout-flow wp-block-column-is-layout-flow\">\n<p class=\"has-text-align-center no-margin\" style=\"font-size:35px;font-style:normal;font-weight:600\">Vad ing\u00e5r?<\/p>\n\n\n\n<p class=\"has-text-align-center\">8 tr\u00e4ffar februari-juni<\/p>\n\n\n\n<p class=\"has-text-align-center\">1 fysisk workshop i Lule\u00e5<\/p>\n\n\n\n<p class=\"has-text-align-center\">7 digitala tr\u00e4ffar (workshops + trendspaning)<\/p>\n\n\n\n<p class=\"has-text-align-center\">Individuell r\u00e5dgivning vid behov<\/p>\n\n\n\n<p><\/p>\n<\/div>\n\n\n\n<div class=\"wp-block-column is-vertically-aligned-top is-layout-flow wp-block-column-is-layout-flow\">\n<p class=\"has-text-align-center no-margin\" style=\"font-size:35px;font-style:normal;font-weight:600\">Vem kan delta?<\/p>\n\n\n\n<p class=\"has-text-align-center\">Du planerar att starta eller har drivit eget i max 3 \u00e5r<\/p>\n\n\n\n<p class=\"has-text-align-center\">Du bor i Arvidsjaur, Boden, Haparanda, Lule\u00e5, Pajala, Pite\u00e5, \u00d6verkalix eller \u00d6vertorne\u00e5<\/p>\n\n\n\n<p class=\"has-text-align-center\">Du arbetar inom gr\u00f6na n\u00e4ringar, bes\u00f6ksn\u00e4ring eller handel<\/p>\n\n\n\n<p class=\"has-text-align-center\">Du bor i n\u00e5gon av v\u00e5ra verksamhetsorter i Norrbotten<\/p>\n\n\n\n<p class=\"has-text-align-center\">Du kan delta aktivt vid tr\u00e4ffarna<\/p>\n<\/div>\n<\/div>\n\n\n\n<div style=\"height:75px;width:0px\" aria-hidden=\"true\" class=\"wp-block-spacer wp-container-content-2\"><\/div>\n<\/div>\n\n\n\n<div style=\"height:30px\" aria-hidden=\"true\" class=\"wp-block-spacer\"><\/div>\n","protected":false},"excerpt":{"rendered":"<p>Vad ing\u00e5r? 8 tr\u00e4ffar februari-juni 1 fysisk workshop i Lule\u00e5 7 digitala tr\u00e4ffar (workshops + trendspaning) Individuell r\u00e5dgivning vid behov Vem kan delta? Du planerar att starta eller har drivit eget i max 3 \u00e5r Du bor i Arvidsjaur, Boden, Haparanda, Lule\u00e5, Pajala, Pite\u00e5, \u00d6verkalix eller \u00d6vertorne\u00e5 Du arbetar inom gr\u00f6na n\u00e4ringar, bes\u00f6ksn\u00e4ring eller handel [&hellip;]<\/p>\n","protected":false},"author":94,"featured_media":0,"parent":0,"menu_order":0,"comment_status":"closed","ping_status":"closed","template":"","meta":{"footnotes":""},"acf":[],"_links":{"self":[{"href":"https:\/\/nyforetagarcentrum.se\/nord\/wp-json\/wp\/v2\/pages\/861"}],"collection":[{"href":"https:\/\/nyforetagarcentrum.se\/nord\/wp-json\/wp\/v2\/pages"}],"about":[{"href":"https:\/\/nyforetagarcentrum.se\/nord\/wp-json\/wp\/v2\/types\/page"}],"author":[{"embeddable":true,"href":"https:\/\/nyforetagarcentrum.se\/nord\/wp-json\/wp\/v2\/users\/94"}],"replies":[{"embeddable":true,"href":"https:\/\/nyforetagarcentrum.se\/nord\/wp-json\/wp\/v2\/comments?post=861"}],"version-history":[{"count":75,"href":"https:\/\/nyforetagarcentrum.se\/nord\/wp-json\/wp\/v2\/pages\/861\/revisions"}],"predecessor-version":[{"id":2172,"href":"https:\/\/nyforetagarcentrum.se\/nord\/wp-json\/wp\/v2\/pages\/861\/revisions\/2172"}],"wp:attachment":[{"href":"https:\/\/nyforetagarcentrum.se\/nord\/wp-json\/wp\/v2\/media?parent=861"}],"curies":[{"name":"wp","href":"https:\/\/api.w.org\/{rel}","templated":true}]}}