{"id":1932,"date":"2025-10-07T09:57:21","date_gmt":"2025-10-07T07:57:21","guid":{"rendered":"https:\/\/nyforetagarcentrum.se\/nord\/?page_id=1932"},"modified":"2025-10-07T09:59:23","modified_gmt":"2025-10-07T07:59:23","slug":"digitala-starta-eget-kurser","status":"publish","type":"page","link":"https:\/\/nyforetagarcentrum.se\/nord\/digitala-starta-eget-kurser\/","title":{"rendered":"Digitala Starta-eget-kurser"},"content":{"rendered":"<section  class=\"nfc-block-split_screen alignfull image_alignment-left\">\n    <div class=\"wrapper\">\n        <div class=\"nfc-block-split_screen__image-wrapper\">\n            <img loading=\"lazy\" decoding=\"async\" width=\"925\" height=\"752\" src=\"https:\/\/nyforetagarcentrum.se\/nord\/wp-content\/uploads\/sites\/104\/2024\/02\/Skarmbild-2023-09-26-152547.png\" class=\"attachment-landscape size-landscape\" alt=\"\" srcset=\"https:\/\/nyforetagarcentrum.se\/nord\/wp-content\/uploads\/sites\/104\/2024\/02\/Skarmbild-2023-09-26-152547.png 925w, https:\/\/nyforetagarcentrum.se\/nord\/wp-content\/uploads\/sites\/104\/2024\/02\/Skarmbild-2023-09-26-152547-300x244.png 300w, https:\/\/nyforetagarcentrum.se\/nord\/wp-content\/uploads\/sites\/104\/2024\/02\/Skarmbild-2023-09-26-152547-768x624.png 768w\" sizes=\"(max-width: 925px) 100vw, 925px\" \/>        <\/div>\n\n        <div class=\"nfc-block-split_screen__content-wrapper\">\n            <h2>Vill du starta eget men os\u00e4ker p\u00e5 hur du kommer ig\u00e5ng?<\/h2>\n<p data-start=\"185\" data-end=\"506\">\u00a0Vi p\u00e5 Nyf\u00f6retagarCentrum Nord har tagit fram fyra korta filmer som guidar dig genom allt du beh\u00f6ver veta, steg f\u00f6r steg.<br data-start=\"361\" data-end=\"364\" \/>H\u00e4r l\u00e4r du dig grunderna i aff\u00e4rsplan, ekonomi, marknadsf\u00f6ring och f\u00f6rs\u00e4ljning. Du kan titta n\u00e4r det passar dig och det \u00e4r helt kostnadsfritt.<\/p>\n<p data-start=\"508\" data-end=\"565\">\ud83d\udc47 Se filmerna h\u00e4r nedan och ta f\u00f6rsta steget mot ditt f\u00f6retag!<\/p>\n\n            \n        <\/div>\n    <\/div>\n<\/section>\n\n\n<div class=\"wp-block-group alignfull has-background is-layout-constrained wp-block-group-is-layout-constrained\" style=\"background-color:#f2e1d7\">\n<div style=\"height:67px\" aria-hidden=\"true\" class=\"wp-block-spacer\"><\/div>\n\n\n\n<h2 class=\"wp-block-heading has-text-align-center\" style=\"font-size:40px\">V\u00e4lj film nedan<\/h2>\n\n\n\n<div style=\"height:54px\" aria-hidden=\"true\" class=\"wp-block-spacer\"><\/div>\n\n\n<section  class=\"nfc-block-text_cards alignwide show_numbers\">\n    <div class=\"wrapper contained\">\n                    <div class=\"text-card\">\n                <div class=\"text-card__content\">\n                    <h3 class=\"heading\" data-number=\"1\">StartKlar #1 &#8211; Intro &amp; Aff\u00e4rsplan:<\/h3>\n\n                                            <div class=\"description\">S\u00e5 kommer du ig\u00e5ng! Vi visar hur du tar fram en enkel aff\u00e4rsplan, hittar ditt varf\u00f6r och v\u00e4ljer r\u00e4tt f\u00f6retagsform.<\/div>\n                    \n                                            <a href=\"https:\/\/www.youtube.com\/watch?v=1t-DglglHLg\" class=\"button primary\">Se video kostnadsfritt<\/a>\n                    \n                <\/div>\n            <\/div>\n                    <div class=\"text-card\">\n                <div class=\"text-card__content\">\n                    <h3 class=\"heading\" data-number=\"2\">StartKlar #2 &#8211; Ekonomi och Budget<\/h3>\n\n                                            <div class=\"description\">S\u00e5 f\u00e5r du koll p\u00e5 pengarna. Vi g\u00e5r igenom bokf\u00f6ring, skatter och hur du g\u00f6r en enkel budget.<\/div>\n                    \n                                            <a href=\"https:\/\/www.youtube.com\/watch?v=XoGZRl8oF2A\" class=\"button primary\">Se video kostnadsfritt<\/a>\n                    \n                <\/div>\n            <\/div>\n                    <div class=\"text-card\">\n                <div class=\"text-card__content\">\n                    <h3 class=\"heading\" data-number=\"3\">StartKlar #3 &#8211; Marknadsplan<\/h3>\n\n                                            <div class=\"description\">S\u00e5 hittar du kunderna. L\u00e4r dig grunderna i marknadsf\u00f6ring och hur du n\u00e5r ut p\u00e5 r\u00e4tt s\u00e4tt.<\/div>\n                    \n                                            <a href=\"https:\/\/www.youtube.com\/watch?v=0RAJ4k46m9Q\" class=\"button primary\">Se video kostnadsfritt<\/a>\n                    \n                <\/div>\n            <\/div>\n                    <div class=\"text-card\">\n                <div class=\"text-card__content\">\n                    <h3 class=\"heading\" data-number=\"4\">StartKlar #4 &#8211; Kommunikation och F\u00f6rs\u00e4ljning<\/h3>\n\n                                            <div class=\"description\">S\u00e5 s\u00e4ljer du smart. Du f\u00e5r enkla tips f\u00f6r att prata med kunder och f\u00e5 fler att v\u00e4lja dig.<\/div>\n                    \n                                            <a href=\"https:\/\/www.youtube.com\/watch?v=FXE25WF9hGo\" class=\"button primary\">Se video kostnadsfritt<\/a>\n                    \n                <\/div>\n            <\/div>\n            <\/div>\n<\/section>\n\n\n<div class=\"wp-block-group alignfull has-background is-layout-constrained wp-block-group-is-layout-constrained\" style=\"background:linear-gradient(135deg,rgb(242,225,215) 0%,rgb(242,225,215) 100%)\">\n<div style=\"height:92px\" aria-hidden=\"true\" class=\"wp-block-spacer\"><\/div>\n<\/div>\n<\/div>\n","protected":false},"excerpt":{"rendered":"<p>V\u00e4lj film nedan<\/p>\n","protected":false},"author":96,"featured_media":0,"parent":0,"menu_order":0,"comment_status":"closed","ping_status":"closed","template":"","meta":{"footnotes":""},"acf":[],"_links":{"self":[{"href":"https:\/\/nyforetagarcentrum.se\/nord\/wp-json\/wp\/v2\/pages\/1932"}],"collection":[{"href":"https:\/\/nyforetagarcentrum.se\/nord\/wp-json\/wp\/v2\/pages"}],"about":[{"href":"https:\/\/nyforetagarcentrum.se\/nord\/wp-json\/wp\/v2\/types\/page"}],"author":[{"embeddable":true,"href":"https:\/\/nyforetagarcentrum.se\/nord\/wp-json\/wp\/v2\/users\/96"}],"replies":[{"embeddable":true,"href":"https:\/\/nyforetagarcentrum.se\/nord\/wp-json\/wp\/v2\/comments?post=1932"}],"version-history":[{"count":4,"href":"https:\/\/nyforetagarcentrum.se\/nord\/wp-json\/wp\/v2\/pages\/1932\/revisions"}],"predecessor-version":[{"id":1945,"href":"https:\/\/nyforetagarcentrum.se\/nord\/wp-json\/wp\/v2\/pages\/1932\/revisions\/1945"}],"wp:attachment":[{"href":"https:\/\/nyforetagarcentrum.se\/nord\/wp-json\/wp\/v2\/media?parent=1932"}],"curies":[{"name":"wp","href":"https:\/\/api.w.org\/{rel}","templated":true}]}}