{"id":1050,"date":"2025-06-05T14:52:48","date_gmt":"2025-06-05T12:52:48","guid":{"rendered":"https:\/\/nyforetagarcentrum.se\/nord\/?page_id=1050"},"modified":"2026-03-23T15:04:28","modified_gmt":"2026-03-23T14:04:28","slug":"fa-hjalp-av-oss","status":"publish","type":"page","link":"https:\/\/nyforetagarcentrum.se\/nord\/fa-hjalp-av-oss\/","title":{"rendered":"F\u00e5 hj\u00e4lp av oss"},"content":{"rendered":"\n<div class=\"wp-block-group alignfull has-background is-layout-constrained wp-block-group-is-layout-constrained\" style=\"background-color:#f2e1d7\">\n<div style=\"height:67px\" aria-hidden=\"true\" class=\"wp-block-spacer\"><\/div>\n\n\n\n<h2 class=\"wp-block-heading has-text-align-center\" style=\"font-size:40px\">Hur kan vi hj\u00e4lpa dig idag?<\/h2>\n\n\n\n<div style=\"height:54px\" aria-hidden=\"true\" class=\"wp-block-spacer\"><\/div>\n\n\n<section  class=\"nfc-block-text_cards alignwide show_numbers\">\n    <div class=\"wrapper contained\">\n                    <div class=\"text-card\">\n                <div class=\"text-card__content\">\n                    <h3 class=\"heading\" data-number=\"1\">Kostnadsfri r\u00e5dgivning<\/h3>\n\n                                            <div class=\"description\">Boka 1\u20131 med r\u00e5dgivare n\u00e4ra dig. F\u00e5 svar p\u00e5 ekonomi, marknad, tillst\u00e5nd och n\u00e4sta steg.<\/div>\n                    \n                                            <a href=\"https:\/\/nyforetagarcentrum.se\/nord\/radgivning\/\" class=\"button primary\">Boka r\u00e5dgivning<\/a>\n                    \n                <\/div>\n            <\/div>\n                    <div class=\"text-card\">\n                <div class=\"text-card__content\">\n                    <h3 class=\"heading\" data-number=\"2\">Starta eget-guiden<\/h3>\n\n                                            <div class=\"description\">Praktisk steg-f\u00f6r-steg. Fr\u00e5n id\u00e9 till F-skatt och f\u00f6rsta kunden.<\/div>\n                    \n                                            <a href=\"https:\/\/nyforetagarcentrum.se\/starta-eget-guiden\/\" class=\"button primary\">\u00d6ppna guiden<\/a>\n                    \n                <\/div>\n            <\/div>\n                    <div class=\"text-card\">\n                <div class=\"text-card__content\">\n                    <h3 class=\"heading\" data-number=\"3\">Skapa aff\u00e4rsplan<\/h3>\n\n                                            <div class=\"description\">V\u00e5rt digitala verktyg ger en komplett plan + export till PDF.<\/div>\n                    \n                                            <a href=\"https:\/\/affarsplanen.com\/\" class=\"button primary\">Starta aff\u00e4rsplan<\/a>\n                    \n                <\/div>\n            <\/div>\n                    <div class=\"text-card\">\n                <div class=\"text-card__content\">\n                    <h3 class=\"heading\" data-number=\"4\">Vanliga fr\u00e5gor<\/h3>\n\n                                            <div class=\"description\">Snabba svar p\u00e5 finansiering, moms, bolagsform, lokal, f\u00f6rs\u00e4kring.<\/div>\n                    \n                                            <a href=\"https:\/\/nyforetagarcentrum.se\/vanliga-fragor\/\" class=\"button primary\">Fr\u00e5gor om f\u00f6retag<\/a>\n                    \n                <\/div>\n            <\/div>\n                    <div class=\"text-card\">\n                <div class=\"text-card__content\">\n                    <h3 class=\"heading\" data-number=\"5\">V\u00e5rt mentorsprogram<\/h3>\n\n                                            <div class=\"description\">Matchning med erfaren f\u00f6retagare i 12 m\u00e5nader \u2013 kostnadsfritt.<\/div>\n                    \n                                            <a href=\"https:\/\/nyforetagarcentrum.se\/nord\/mentor\/\" class=\"button primary\">Ans\u00f6k nu<\/a>\n                    \n                <\/div>\n            <\/div>\n                    <div class=\"text-card\">\n                <div class=\"text-card__content\">\n                    <h3 class=\"heading\" data-number=\"6\">Business Boost Academy<\/h3>\n\n                                            <div class=\"description\">Utvecklingsprogram f\u00f6r gr\u00f6na n\u00e4ringar, handel och bes\u00f6ksn\u00e4ring.<\/div>\n                    \n                                            <a href=\"https:\/\/nyforetagarcentrum.se\/nord\/business-boost-academy\/\" class=\"button primary\">Utforska programmet<\/a>\n                    \n                <\/div>\n            <\/div>\n                    <div class=\"text-card\">\n                <div class=\"text-card__content\">\n                    <h3 class=\"heading\" data-number=\"7\">Aff\u00e4rsn\u00e4tverk f\u00f6r kvinnor<\/h3>\n\n                                            <div class=\"description\">Tr\u00e4ffar, workshops och pepp, bygg ditt n\u00e4tverk i norr.<\/div>\n                    \n                                            <a href=\"https:\/\/nyforetagarcentrum.se\/nord\/affarsnatverk\/\" class=\"button primary\">G\u00e5 med<\/a>\n                    \n                <\/div>\n            <\/div>\n                    <div class=\"text-card\">\n                <div class=\"text-card__content\">\n                    <h3 class=\"heading\" data-number=\"8\">Digitala starta eget-kurser<\/h3>\n\n                                            <div class=\"description\">Digitala starta eget-kurser f\u00f6r dig som vill starta eget f\u00f6retag.<\/div>\n                    \n                                            <a href=\"https:\/\/nyforetagarcentrum.se\/nord\/digitala-starta-eget-kurser\/\" class=\"button primary\">L\u00e4s mer<\/a>\n                    \n                <\/div>\n            <\/div>\n            <\/div>\n<\/section>\n\n\n<div class=\"wp-block-group alignfull has-background is-layout-constrained wp-block-group-is-layout-constrained\" style=\"background:linear-gradient(135deg,rgb(242,225,215) 0%,rgb(242,225,215) 100%)\">\n<div style=\"height:92px\" aria-hidden=\"true\" class=\"wp-block-spacer\"><\/div>\n<\/div>\n<\/div>\n","protected":false},"excerpt":{"rendered":"<p>Hur kan vi hj\u00e4lpa dig idag?<\/p>\n","protected":false},"author":94,"featured_media":0,"parent":0,"menu_order":0,"comment_status":"closed","ping_status":"closed","template":"","meta":{"footnotes":""},"acf":[],"_links":{"self":[{"href":"https:\/\/nyforetagarcentrum.se\/nord\/wp-json\/wp\/v2\/pages\/1050"}],"collection":[{"href":"https:\/\/nyforetagarcentrum.se\/nord\/wp-json\/wp\/v2\/pages"}],"about":[{"href":"https:\/\/nyforetagarcentrum.se\/nord\/wp-json\/wp\/v2\/types\/page"}],"author":[{"embeddable":true,"href":"https:\/\/nyforetagarcentrum.se\/nord\/wp-json\/wp\/v2\/users\/94"}],"replies":[{"embeddable":true,"href":"https:\/\/nyforetagarcentrum.se\/nord\/wp-json\/wp\/v2\/comments?post=1050"}],"version-history":[{"count":3,"href":"https:\/\/nyforetagarcentrum.se\/nord\/wp-json\/wp\/v2\/pages\/1050\/revisions"}],"predecessor-version":[{"id":2664,"href":"https:\/\/nyforetagarcentrum.se\/nord\/wp-json\/wp\/v2\/pages\/1050\/revisions\/2664"}],"wp:attachment":[{"href":"https:\/\/nyforetagarcentrum.se\/nord\/wp-json\/wp\/v2\/media?parent=1050"}],"curies":[{"name":"wp","href":"https:\/\/api.w.org\/{rel}","templated":true}]}}