{"id":2615,"date":"2026-03-09T13:39:27","date_gmt":"2026-03-09T12:39:27","guid":{"rendered":"https:\/\/nyforetagarcentrum.se\/nord\/?post_type=event&#038;p=2615"},"modified":"2026-03-09T13:39:28","modified_gmt":"2026-03-09T12:39:28","slug":"trendspaning-handel","status":"publish","type":"event","link":"https:\/\/nyforetagarcentrum.se\/nord\/evenemang\/trendspaning-handel\/","title":{"rendered":"Trendspaning: Handel"},"content":{"rendered":"\n<p><strong>Kostnadsfri webbinarium f\u00f6r dig som vill starta eller nyligen har startat f\u00f6retag inom handel.<\/strong><\/p>\n\n\n\n<p><\/p>\n\n\n\n<figure class=\"wp-block-image size-large\"><img loading=\"lazy\" decoding=\"async\" width=\"1024\" height=\"1024\" src=\"https:\/\/nyforetagarcentrum.se\/nord\/wp-content\/uploads\/sites\/104\/2026\/03\/Webbinarium-Nyforetagarcentum-nord-2025-37-1024x1024.png\" alt=\"\" class=\"wp-image-2616\" srcset=\"https:\/\/nyforetagarcentrum.se\/nord\/wp-content\/uploads\/sites\/104\/2026\/03\/Webbinarium-Nyforetagarcentum-nord-2025-37-1024x1024.png 1024w, https:\/\/nyforetagarcentrum.se\/nord\/wp-content\/uploads\/sites\/104\/2026\/03\/Webbinarium-Nyforetagarcentum-nord-2025-37-300x300.png 300w, https:\/\/nyforetagarcentrum.se\/nord\/wp-content\/uploads\/sites\/104\/2026\/03\/Webbinarium-Nyforetagarcentum-nord-2025-37-150x150.png 150w, https:\/\/nyforetagarcentrum.se\/nord\/wp-content\/uploads\/sites\/104\/2026\/03\/Webbinarium-Nyforetagarcentum-nord-2025-37-768x768.png 768w, https:\/\/nyforetagarcentrum.se\/nord\/wp-content\/uploads\/sites\/104\/2026\/03\/Webbinarium-Nyforetagarcentum-nord-2025-37.png 1080w\" sizes=\"(max-width: 1024px) 100vw, 1024px\" \/><\/figure>\n\n\n\n<p><\/p>\n\n\n\n<p>Under tr\u00e4ffen f\u00e5r du ta del av trender, f\u00f6r\u00e4ndrade kundbeteenden och m\u00f6jligheter i handeln. Du f\u00e5r ocks\u00e5 lyssna till experter som delar med sig av kunskap och perspektiv som kan hj\u00e4lpa dig att f\u00f6rst\u00e5 marknaden b\u00e4ttre och utveckla din aff\u00e4r.<\/p>\n\n\n\n<p><strong>Du beh\u00f6ver inte vara med i Business Boost Academy f\u00f6r att delta.<\/strong><br><\/p>\n\n\n\n<p><strong>Datum:<\/strong> 20 mars<br><strong>Tid:<\/strong> 09.30\u201312.00<br><strong>Plats:<\/strong> Digitalt via Teams<br><strong>Kostnad:<\/strong> Kostnadsfritt<\/p>\n\n\n\n<p><\/p>\n\n\n\n<p><strong>Det h\u00e4r \u00e4r f\u00f6r dig som:<\/strong><\/p>\n\n\n\n<ul>\n<li>vill starta f\u00f6retag eller har drivit f\u00f6retag i upp till 3 \u00e5r<\/li>\n\n\n\n<li>driver eller vill starta f\u00f6retag inom handel<\/li>\n\n\n\n<li>bor i Arvidsjaur, Boden, G\u00e4llivare, Haparanda, Lule\u00e5, Pajala, Pite\u00e5, \u00d6verkalix eller \u00d6vertorne\u00e5<\/li>\n<\/ul>\n\n\n\n<p>Efter anm\u00e4lan skickas l\u00e4nken till dig via mejl.<\/p>\n\n\n\n<p><strong><a href=\"https:\/\/simplesignup.se\/private_event\/234838\/30725521f7\">Anm\u00e4l dig h\u00e4r<\/a><\/strong><\/p>\n","protected":false},"template":"","meta":{"footnotes":""},"acf":[],"_links":{"self":[{"href":"https:\/\/nyforetagarcentrum.se\/nord\/wp-json\/wp\/v2\/event\/2615"}],"collection":[{"href":"https:\/\/nyforetagarcentrum.se\/nord\/wp-json\/wp\/v2\/event"}],"about":[{"href":"https:\/\/nyforetagarcentrum.se\/nord\/wp-json\/wp\/v2\/types\/event"}],"version-history":[{"count":2,"href":"https:\/\/nyforetagarcentrum.se\/nord\/wp-json\/wp\/v2\/event\/2615\/revisions"}],"predecessor-version":[{"id":2618,"href":"https:\/\/nyforetagarcentrum.se\/nord\/wp-json\/wp\/v2\/event\/2615\/revisions\/2618"}],"wp:attachment":[{"href":"https:\/\/nyforetagarcentrum.se\/nord\/wp-json\/wp\/v2\/media?parent=2615"}],"curies":[{"name":"wp","href":"https:\/\/api.w.org\/{rel}","templated":true}]}}

<p><strong>Kostnadsfri webbinarium för dig som vill starta eller nyligen har startat företag inom handel.</strong></p>



<p></p>



<figure class="wp-block-image size-large"><img loading="lazy" decoding="async" width="1024" height="1024" src="https://nyforetagarcentrum.se/nord/wp-content/uploads/sites/104/2026/03/Webbinarium-Nyforetagarcentum-nord-2025-37-1024x1024.png" alt="" class="wp-image-2616" srcset="https://nyforetagarcentrum.se/nord/wp-content/uploads/sites/104/2026/03/Webbinarium-Nyforetagarcentum-nord-2025-37-1024x1024.png 1024w, https://nyforetagarcentrum.se/nord/wp-content/uploads/sites/104/2026/03/Webbinarium-Nyforetagarcentum-nord-2025-37-300x300.png 300w, https://nyforetagarcentrum.se/nord/wp-content/uploads/sites/104/2026/03/Webbinarium-Nyforetagarcentum-nord-2025-37-150x150.png 150w, https://nyforetagarcentrum.se/nord/wp-content/uploads/sites/104/2026/03/Webbinarium-Nyforetagarcentum-nord-2025-37-768x768.png 768w, https://nyforetagarcentrum.se/nord/wp-content/uploads/sites/104/2026/03/Webbinarium-Nyforetagarcentum-nord-2025-37.png 1080w" sizes="(max-width: 1024px) 100vw, 1024px" /></figure>



<p></p>



<p>Under träffen får du ta del av trender, förändrade kundbeteenden och möjligheter i handeln. Du får också lyssna till experter som delar med sig av kunskap och perspektiv som kan hjälpa dig att förstå marknaden bättre och utveckla din affär.</p>



<p><strong>Du behöver inte vara med i Business Boost Academy för att delta.</strong><br></p>



<p><strong>Datum:</strong> 20 mars<br><strong>Tid:</strong> 09.30–12.00<br><strong>Plats:</strong> Digitalt via Teams<br><strong>Kostnad:</strong> Kostnadsfritt</p>



<p></p>



<p><strong>Det här är för dig som:</strong></p>



<ul>
<li>vill starta företag eller har drivit företag i upp till 3 år</li>



<li>driver eller vill starta företag inom handel</li>



<li>bor i Arvidsjaur, Boden, Gällivare, Haparanda, Luleå, Pajala, Piteå, Överkalix eller Övertorneå</li>
</ul>



<p>Efter anmälan skickas länken till dig via mejl.</p>



<p><strong><a href="https://simplesignup.se/private_event/234838/30725521f7">Anmäl dig här</a></strong></p>
