{"id":5659,"date":"2026-02-05T12:23:09","date_gmt":"2026-02-05T11:23:09","guid":{"rendered":"https:\/\/nyforetagarcentrum.se\/mellerstaostergotland\/?page_id=5659"},"modified":"2026-04-13T00:34:20","modified_gmt":"2026-04-12T22:34:20","slug":"valkommen-till-startup-time-cafe-mjolby","status":"publish","type":"page","link":"https:\/\/nyforetagarcentrum.se\/mellerstaostergotland\/valkommen-till-startup-time-cafe-mjolby\/","title":{"rendered":"Startup Time i Mj\u00f6lby"},"content":{"rendered":"\n<div style=\"height:51px\" aria-hidden=\"true\" class=\"wp-block-spacer\"><\/div>\n\n\n<section  class=\"nfc-block-breadcrumbs alignwide\">\n    <div class=\"wrapper contained\">\n        <ol class=\"breadcrumbs\" itemscope itemtype=\"https:\/\/schema.org\/BreadcrumbList\">\n            <li itemprop=\"itemListElement\" itemscope itemtype=\"https:\/\/schema.org\/ListItem\">\n            \n\n                            <span class=\"current\" itemprop=\"name\">Hem<\/span>\n            \n            <meta itemprop=\"position\" content=\"1\" \/>\n        <\/li>\n    <\/ol>    <\/div>\n<\/section>\n\n\n<div style=\"height:51px\" aria-hidden=\"true\" class=\"wp-block-spacer\"><\/div>\n\n\n<section  class=\"nfc-block-split_screen alignwide image_alignment-left\">\n    <div class=\"wrapper\">\n        <div class=\"nfc-block-split_screen__image-wrapper\">\n            <img loading=\"lazy\" decoding=\"async\" width=\"1476\" height=\"984\" src=\"https:\/\/nyforetagarcentrum.se\/mellerstaostergotland\/wp-content\/uploads\/sites\/12\/2024\/02\/Nyforetagare-seminarium-2-LOW.jpg\" class=\"attachment-landscape size-landscape\" alt=\"\" srcset=\"https:\/\/nyforetagarcentrum.se\/mellerstaostergotland\/wp-content\/uploads\/sites\/12\/2024\/02\/Nyforetagare-seminarium-2-LOW.jpg 1476w, https:\/\/nyforetagarcentrum.se\/mellerstaostergotland\/wp-content\/uploads\/sites\/12\/2024\/02\/Nyforetagare-seminarium-2-LOW-300x200.jpg 300w, https:\/\/nyforetagarcentrum.se\/mellerstaostergotland\/wp-content\/uploads\/sites\/12\/2024\/02\/Nyforetagare-seminarium-2-LOW-1024x683.jpg 1024w, https:\/\/nyforetagarcentrum.se\/mellerstaostergotland\/wp-content\/uploads\/sites\/12\/2024\/02\/Nyforetagare-seminarium-2-LOW-768x512.jpg 768w\" sizes=\"(max-width: 1476px) 100vw, 1476px\" \/>        <\/div>\n\n        <div class=\"nfc-block-split_screen__content-wrapper\">\n            <h1>V\u00e4lkommen till Startup Time i Mj\u00f6lby<\/h1>\n<p>Startup Time med dess popul\u00e4ra caf\u00e9er \u00e4r projektet f\u00f6r dig med utl\u00e4ndsk bakgrund som vill starta f\u00f6retag! Kom och fika, diskutera din aff\u00e4rsid\u00e9 med f\u00f6retagsr\u00e5dgivare som pratar m\u00e5nga olika spr\u00e5k och ha en trevlig kv\u00e4ll tillsammans med oss p\u00e5 Startup Time i Mj\u00f6lby.<\/p>\n<p data-start=\"163\" data-end=\"264\">I samarbete med Bostadsbolaget och Mj\u00f6lby Kommun etablerar sig nu Startup Time i Mj\u00f6lby.<\/p>\n<p data-start=\"266\" data-end=\"510\">V\u00e4lkommen f\u00f6rbi och prata f\u00f6retagande med v\u00e5r r\u00e5dgivare. Du kan komma med en f\u00e4rdig id\u00e9, en tidig tanke, eller bara nyfikenhet. Vi hj\u00e4lper dig f\u00f6rst\u00e5 vad som kr\u00e4vs f\u00f6r att komma ig\u00e5ng, vilka steg som \u00e4r viktigast och hur du kan planera vidare. Allt \u00e4r kostnadsfritt.<\/p>\n<p data-start=\"540\" data-end=\"549\"><strong>Plats och tillf\u00e4lle f\u00f6r Startup Time i Mj\u00f6lby<\/strong><br \/>\nBostadsbolagets lokaler<br data-start=\"577\" data-end=\"580\" \/>Pr\u00e4stg\u00e5rdsliden 10B, Mj\u00f6lby<br \/>\n26 maj<br data-start=\"644\" data-end=\"647\" \/>12:30\u201314:30<\/p>\n<p data-start=\"684\" data-end=\"702\"><strong>Spr\u00e5k p\u00e5 plats<\/strong><br \/>\nVi pratar enkel svenska, engelska och arabiska.<br \/>\nKom som du \u00e4r \u2013 inga f\u00f6rkunskaper kr\u00e4vs.<br \/>\nHere is information about Startup Time in: <a href=\"https:\/\/www.instagram.com\/reel\/C6hgZo_o9z8\/?utm_source=ig_web_copy_link&amp;igsh=MzRlODBiNWFlZA==\" target=\"_blank\" rel=\"noopener\">Arabic<\/a> \u2013 <a href=\"https:\/\/www.instagram.com\/reel\/C7U-AzwoPFE\/?utm_source=ig_web_copy_link&amp;igsh=MzRlODBiNWFlZA==\" target=\"_blank\" rel=\"noopener\">Kurdish<\/a> \u2013 <a href=\"https:\/\/www.instagram.com\/reel\/C64uHrdoCtJ\/?utm_source=ig_web_copy_link&amp;igsh=MzRlODBiNWFlZA==\" target=\"_blank\" rel=\"noopener\">Persian<\/a> \u2013 <a href=\"https:\/\/www.instagram.com\/p\/C6XE8Q3slMy\/\" target=\"_blank\" rel=\"noopener\">Swedish<\/a> &#8211; For more info, please visit our <a href=\"https:\/\/www.instagram.com\/startuptimenfc\/\" target=\"_blank\" rel=\"noopener\">Instagram<\/a> and <a href=\"https:\/\/www.facebook.com\/startuptimenfc\" target=\"_blank\" rel=\"noopener\">Facebook<\/a>.<br \/>\nDu kan \u00e4ven l\u00e4sa v\u00e5r projektrapport om\u00a0<a href=\"https:\/\/lokala.webexpressdemo.se\/mellersta-ostergotland\/wp-content\/uploads\/sites\/126\/2023\/02\/Startup-Time-Rapport-28-feb.pdf\" target=\"_blank\" rel=\"noopener\">Startup Time h\u00e4r<\/a>.<br \/>\nL\u00e4s mer om projektet p\u00e5 <a href=\"https:\/\/www.corren.se\/nyheter\/mjolby\/artikel\/startup-time-startar-integrationsprojekt-i-mjolby\/j8mx6e4l\">Corren.<\/a><\/p>\n<h3 data-start=\"136\" data-end=\"161\">Startup Time i Mj\u00f6lby i samarbete med<\/h3>\n<p data-start=\"703\" data-end=\"762\"><img loading=\"lazy\" decoding=\"async\" class=\"sFlh5c FyHeAf iPVvYb\" src=\"https:\/\/www.mjolbybostad.se\/wp-content\/themes\/mjolbybostad-v2\/img\/main_logo.png\" alt=\"V\u00e4lkommen till Bostadsbolaget\" width=\"293\" height=\"197\" \/><\/p>\n<p data-start=\"703\" data-end=\"762\"><img loading=\"lazy\" decoding=\"async\" class=\"sFlh5c FyHeAf iPVvYb\" src=\"https:\/\/bildbank.nu\/press\/mjolby\/img\/logo.png\" alt=\"\" width=\"236\" height=\"58\" \/><\/p>\n<p><!-- \/wp:paragraph --><\/p>\n\n                            <div class=\"nfc-block-split_screen__buttons\">\n                                            <a href=\"\" class=\"button primary\">Klicka h\u00e4r<\/a>\n                                    <\/div>\n            \n        <\/div>\n    <\/div>\n<\/section>\n\n\n<div style=\"height:51px\" aria-hidden=\"true\" class=\"wp-block-spacer\"><\/div>\n\n\n\n<div class=\"wp-block-columns alignwide is-layout-flex wp-container-core-columns-is-layout-1 wp-block-columns-is-layout-flex\">\n<div class=\"wp-block-column is-layout-flow wp-block-column-is-layout-flow\">\n<p><\/p>\n\n\n\n<h2 class=\"wp-block-heading has-text-align-left has-large-font-size\">Nyfiken p\u00e5 hur vi kan hj\u00e4lpa dig att f\u00f6rverkliga din f\u00f6retagsdr\u00f6m?<\/h2>\n<\/div>\n\n\n\n<div class=\"wp-block-column is-vertically-aligned-center is-layout-flow wp-block-column-is-layout-flow\">\n<p>D\u00e5 ska du l\u00e4sa <a href=\"https:\/\/nyforetagarcentrum.se\/mellerstaostergotland\/success-stories\/ako-startade-eget-foretag-inom-angtvatt\/\">den h\u00e4r intervjun<\/a> med Ako som startade f\u00f6retaget <a href=\"https:\/\/mistersteam.se\/\">Mister Steam<\/a> med hj\u00e4lp av <a href=\"https:\/\/nyforetagarcentrum.se\/mellerstaostergotland\/for-intressenter\/\">Startup Time<\/a>. Nedan ser du Ako tillsammans med Startup Times Azad Suleimani.<\/p>\n<\/div>\n<\/div>\n\n\n\n<div style=\"height:51px\" aria-hidden=\"true\" class=\"wp-block-spacer\"><\/div>\n\n\n\n<div class=\"wp-block-columns is-layout-flex wp-container-core-columns-is-layout-2 wp-block-columns-is-layout-flex\">\n<div class=\"wp-block-column is-layout-flow wp-block-column-is-layout-flow\">\n<figure class=\"wp-block-image size-full is-resized\"><img loading=\"lazy\" decoding=\"async\" width=\"796\" height=\"800\" src=\"https:\/\/nyforetagarcentrum.se\/mellerstaostergotland\/wp-content\/uploads\/sites\/12\/2024\/06\/dqdqd.png\" alt=\"\" class=\"wp-image-1852\" style=\"width:369px;height:auto\" srcset=\"https:\/\/nyforetagarcentrum.se\/mellerstaostergotland\/wp-content\/uploads\/sites\/12\/2024\/06\/dqdqd.png 796w, https:\/\/nyforetagarcentrum.se\/mellerstaostergotland\/wp-content\/uploads\/sites\/12\/2024\/06\/dqdqd-150x150.png 150w, https:\/\/nyforetagarcentrum.se\/mellerstaostergotland\/wp-content\/uploads\/sites\/12\/2024\/06\/dqdqd-768x772.png 768w\" sizes=\"(max-width: 796px) 100vw, 796px\" \/><\/figure>\n<\/div>\n\n\n\n<div class=\"wp-block-column is-layout-flow wp-block-column-is-layout-flow\">\n<figure class=\"wp-block-image size-full is-resized\"><img loading=\"lazy\" decoding=\"async\" width=\"798\" height=\"804\" src=\"https:\/\/nyforetagarcentrum.se\/mellerstaostergotland\/wp-content\/uploads\/sites\/12\/2024\/06\/Namnlosssasdedddwc.png\" alt=\"\" class=\"wp-image-1853\" style=\"width:417px;height:auto\" srcset=\"https:\/\/nyforetagarcentrum.se\/mellerstaostergotland\/wp-content\/uploads\/sites\/12\/2024\/06\/Namnlosssasdedddwc.png 798w, https:\/\/nyforetagarcentrum.se\/mellerstaostergotland\/wp-content\/uploads\/sites\/12\/2024\/06\/Namnlosssasdedddwc-298x300.png 298w, https:\/\/nyforetagarcentrum.se\/mellerstaostergotland\/wp-content\/uploads\/sites\/12\/2024\/06\/Namnlosssasdedddwc-150x150.png 150w, https:\/\/nyforetagarcentrum.se\/mellerstaostergotland\/wp-content\/uploads\/sites\/12\/2024\/06\/Namnlosssasdedddwc-768x774.png 768w\" sizes=\"(max-width: 798px) 100vw, 798px\" \/><\/figure>\n<\/div>\n\n\n\n<div class=\"wp-block-column is-layout-flow wp-block-column-is-layout-flow\">\n<figure class=\"wp-block-image size-full is-resized\"><img loading=\"lazy\" decoding=\"async\" width=\"807\" height=\"807\" src=\"https:\/\/nyforetagarcentrum.se\/mellerstaostergotland\/wp-content\/uploads\/sites\/12\/2024\/06\/Namnlosssasdewc.png\" alt=\"\" class=\"wp-image-1854\" style=\"width:487px;height:auto\" srcset=\"https:\/\/nyforetagarcentrum.se\/mellerstaostergotland\/wp-content\/uploads\/sites\/12\/2024\/06\/Namnlosssasdewc.png 807w, https:\/\/nyforetagarcentrum.se\/mellerstaostergotland\/wp-content\/uploads\/sites\/12\/2024\/06\/Namnlosssasdewc-300x300.png 300w, https:\/\/nyforetagarcentrum.se\/mellerstaostergotland\/wp-content\/uploads\/sites\/12\/2024\/06\/Namnlosssasdewc-150x150.png 150w, https:\/\/nyforetagarcentrum.se\/mellerstaostergotland\/wp-content\/uploads\/sites\/12\/2024\/06\/Namnlosssasdewc-768x768.png 768w\" sizes=\"(max-width: 807px) 100vw, 807px\" \/><\/figure>\n<\/div>\n<\/div>\n","protected":false},"excerpt":{"rendered":"<p>Nyfiken p\u00e5 hur vi kan hj\u00e4lpa dig att f\u00f6rverkliga din f\u00f6retagsdr\u00f6m? D\u00e5 ska du l\u00e4sa den h\u00e4r intervjun med Ako som startade f\u00f6retaget Mister Steam med hj\u00e4lp av Startup Time. Nedan ser du Ako tillsammans med Startup Times Azad Suleimani.<\/p>\n","protected":false},"author":65,"featured_media":0,"parent":0,"menu_order":0,"comment_status":"closed","ping_status":"closed","template":"","meta":{"footnotes":""},"acf":[],"yoast_head":"<!-- This site is optimized with the Yoast SEO plugin v22.9 - https:\/\/yoast.com\/wordpress\/plugins\/seo\/ -->\n<title>Startup Time i Mj\u00f6lby - Mellersta \u00d6sterg\u00f6tland<\/title>\n<meta name=\"description\" content=\"V\u00e4lkommen till Startup Time i Mj\u00f6lby! H\u00e4r kan du l\u00e4sa mer om vad som sker och hur vi arbetar med just Startup Time och v\u00e5ra Caf\u00e9er i Mj\u00f6lby.\" \/>\n<meta name=\"robots\" content=\"index, follow, max-snippet:-1, max-image-preview:large, max-video-preview:-1\" \/>\n<link rel=\"canonical\" href=\"https:\/\/nyforetagarcentrum.se\/mellerstaostergotland\/valkommen-till-startup-time-cafe-mjolby\/\" \/>\n<meta property=\"og:locale\" content=\"sv_SE\" \/>\n<meta property=\"og:type\" content=\"article\" \/>\n<meta property=\"og:title\" content=\"Startup Time i Mj\u00f6lby - Mellersta \u00d6sterg\u00f6tland\" \/>\n<meta property=\"og:description\" content=\"V\u00e4lkommen till Startup Time i Mj\u00f6lby! H\u00e4r kan du l\u00e4sa mer om vad som sker och hur vi arbetar med just Startup Time och v\u00e5ra Caf\u00e9er i Mj\u00f6lby.\" \/>\n<meta property=\"og:url\" content=\"https:\/\/nyforetagarcentrum.se\/mellerstaostergotland\/valkommen-till-startup-time-cafe-mjolby\/\" \/>\n<meta property=\"og:site_name\" content=\"Mellersta \u00d6sterg\u00f6tland\" \/>\n<meta property=\"article:modified_time\" content=\"2026-04-12T22:34:20+00:00\" \/>\n<meta property=\"og:image\" content=\"https:\/\/nyforetagarcentrum.se\/mellerstaostergotland\/wp-content\/uploads\/sites\/12\/2024\/06\/dqdqd.png\" \/>\n<meta name=\"twitter:card\" content=\"summary_large_image\" \/>\n<meta name=\"twitter:label1\" content=\"Ber\u00e4knad l\u00e4stid\" \/>\n\t<meta name=\"twitter:data1\" content=\"1 minut\" \/>\n<script type=\"application\/ld+json\" class=\"yoast-schema-graph\">{\"@context\":\"https:\/\/schema.org\",\"@graph\":[{\"@type\":\"WebPage\",\"@id\":\"https:\/\/nyforetagarcentrum.se\/mellerstaostergotland\/valkommen-till-startup-time-cafe-mjolby\/\",\"url\":\"https:\/\/nyforetagarcentrum.se\/mellerstaostergotland\/valkommen-till-startup-time-cafe-mjolby\/\",\"name\":\"Startup Time i Mj\u00f6lby - Mellersta \u00d6sterg\u00f6tland\",\"isPartOf\":{\"@id\":\"https:\/\/nyforetagarcentrum.se\/mellerstaostergotland\/#website\"},\"primaryImageOfPage\":{\"@id\":\"https:\/\/nyforetagarcentrum.se\/mellerstaostergotland\/valkommen-till-startup-time-cafe-mjolby\/#primaryimage\"},\"image\":{\"@id\":\"https:\/\/nyforetagarcentrum.se\/mellerstaostergotland\/valkommen-till-startup-time-cafe-mjolby\/#primaryimage\"},\"thumbnailUrl\":\"https:\/\/nyforetagarcentrum.se\/mellerstaostergotland\/wp-content\/uploads\/sites\/12\/2024\/06\/dqdqd.png\",\"datePublished\":\"2026-02-05T11:23:09+00:00\",\"dateModified\":\"2026-04-12T22:34:20+00:00\",\"description\":\"V\u00e4lkommen till Startup Time i Mj\u00f6lby! H\u00e4r kan du l\u00e4sa mer om vad som sker och hur vi arbetar med just Startup Time och v\u00e5ra Caf\u00e9er i Mj\u00f6lby.\",\"breadcrumb\":{\"@id\":\"https:\/\/nyforetagarcentrum.se\/mellerstaostergotland\/valkommen-till-startup-time-cafe-mjolby\/#breadcrumb\"},\"inLanguage\":\"sv-SE\",\"potentialAction\":[{\"@type\":\"ReadAction\",\"target\":[\"https:\/\/nyforetagarcentrum.se\/mellerstaostergotland\/valkommen-till-startup-time-cafe-mjolby\/\"]}]},{\"@type\":\"ImageObject\",\"inLanguage\":\"sv-SE\",\"@id\":\"https:\/\/nyforetagarcentrum.se\/mellerstaostergotland\/valkommen-till-startup-time-cafe-mjolby\/#primaryimage\",\"url\":\"https:\/\/nyforetagarcentrum.se\/mellerstaostergotland\/wp-content\/uploads\/sites\/12\/2024\/06\/dqdqd.png\",\"contentUrl\":\"https:\/\/nyforetagarcentrum.se\/mellerstaostergotland\/wp-content\/uploads\/sites\/12\/2024\/06\/dqdqd.png\",\"width\":796,\"height\":800,\"caption\":\"Startup Time\"},{\"@type\":\"BreadcrumbList\",\"@id\":\"https:\/\/nyforetagarcentrum.se\/mellerstaostergotland\/valkommen-till-startup-time-cafe-mjolby\/#breadcrumb\",\"itemListElement\":[{\"@type\":\"ListItem\",\"position\":1,\"name\":\"Hem\",\"item\":\"https:\/\/nyforetagarcentrum.se\/mellerstaostergotland\/\"},{\"@type\":\"ListItem\",\"position\":2,\"name\":\"Startup Time i Mj\u00f6lby\"}]},{\"@type\":\"WebSite\",\"@id\":\"https:\/\/nyforetagarcentrum.se\/mellerstaostergotland\/#website\",\"url\":\"https:\/\/nyforetagarcentrum.se\/mellerstaostergotland\/\",\"name\":\"Mellersta \u00d6sterg\u00f6tland\",\"description\":\"Sveriges ledande kraft f\u00f6r fler nya livskraftiga f\u00f6retag\",\"publisher\":{\"@id\":\"https:\/\/nyforetagarcentrum.se\/mellerstaostergotland\/#organization\"},\"potentialAction\":[{\"@type\":\"SearchAction\",\"target\":{\"@type\":\"EntryPoint\",\"urlTemplate\":\"https:\/\/nyforetagarcentrum.se\/mellerstaostergotland\/?s={search_term_string}\"},\"query-input\":\"required name=search_term_string\"}],\"inLanguage\":\"sv-SE\"},{\"@type\":\"Organization\",\"@id\":\"https:\/\/nyforetagarcentrum.se\/mellerstaostergotland\/#organization\",\"name\":\"Mellersta \u00d6sterg\u00f6tland\",\"url\":\"https:\/\/nyforetagarcentrum.se\/mellerstaostergotland\/\",\"logo\":{\"@type\":\"ImageObject\",\"inLanguage\":\"sv-SE\",\"@id\":\"https:\/\/nyforetagarcentrum.se\/mellerstaostergotland\/#\/schema\/logo\/image\/\",\"url\":\"https:\/\/nyforetagarcentrum.se\/mellerstaostergotland\/wp-content\/uploads\/sites\/12\/2025\/03\/cropped-NyFC_Mellersta_Ostergotland_big.png\",\"contentUrl\":\"https:\/\/nyforetagarcentrum.se\/mellerstaostergotland\/wp-content\/uploads\/sites\/12\/2025\/03\/cropped-NyFC_Mellersta_Ostergotland_big.png\",\"width\":1000,\"height\":463,\"caption\":\"Mellersta \u00d6sterg\u00f6tland\"},\"image\":{\"@id\":\"https:\/\/nyforetagarcentrum.se\/mellerstaostergotland\/#\/schema\/logo\/image\/\"}}]}<\/script>\n<!-- \/ Yoast SEO plugin. -->","yoast_head_json":{"title":"Startup Time i Mj\u00f6lby - Mellersta \u00d6sterg\u00f6tland","description":"V\u00e4lkommen till Startup Time i Mj\u00f6lby! H\u00e4r kan du l\u00e4sa mer om vad som sker och hur vi arbetar med just Startup Time och v\u00e5ra Caf\u00e9er i Mj\u00f6lby.","robots":{"index":"index","follow":"follow","max-snippet":"max-snippet:-1","max-image-preview":"max-image-preview:large","max-video-preview":"max-video-preview:-1"},"canonical":"https:\/\/nyforetagarcentrum.se\/mellerstaostergotland\/valkommen-till-startup-time-cafe-mjolby\/","og_locale":"sv_SE","og_type":"article","og_title":"Startup Time i Mj\u00f6lby - Mellersta \u00d6sterg\u00f6tland","og_description":"V\u00e4lkommen till Startup Time i Mj\u00f6lby! H\u00e4r kan du l\u00e4sa mer om vad som sker och hur vi arbetar med just Startup Time och v\u00e5ra Caf\u00e9er i Mj\u00f6lby.","og_url":"https:\/\/nyforetagarcentrum.se\/mellerstaostergotland\/valkommen-till-startup-time-cafe-mjolby\/","og_site_name":"Mellersta \u00d6sterg\u00f6tland","article_modified_time":"2026-04-12T22:34:20+00:00","og_image":[{"url":"https:\/\/nyforetagarcentrum.se\/mellerstaostergotland\/wp-content\/uploads\/sites\/12\/2024\/06\/dqdqd.png"}],"twitter_card":"summary_large_image","twitter_misc":{"Ber\u00e4knad l\u00e4stid":"1 minut"},"schema":{"@context":"https:\/\/schema.org","@graph":[{"@type":"WebPage","@id":"https:\/\/nyforetagarcentrum.se\/mellerstaostergotland\/valkommen-till-startup-time-cafe-mjolby\/","url":"https:\/\/nyforetagarcentrum.se\/mellerstaostergotland\/valkommen-till-startup-time-cafe-mjolby\/","name":"Startup Time i Mj\u00f6lby - Mellersta \u00d6sterg\u00f6tland","isPartOf":{"@id":"https:\/\/nyforetagarcentrum.se\/mellerstaostergotland\/#website"},"primaryImageOfPage":{"@id":"https:\/\/nyforetagarcentrum.se\/mellerstaostergotland\/valkommen-till-startup-time-cafe-mjolby\/#primaryimage"},"image":{"@id":"https:\/\/nyforetagarcentrum.se\/mellerstaostergotland\/valkommen-till-startup-time-cafe-mjolby\/#primaryimage"},"thumbnailUrl":"https:\/\/nyforetagarcentrum.se\/mellerstaostergotland\/wp-content\/uploads\/sites\/12\/2024\/06\/dqdqd.png","datePublished":"2026-02-05T11:23:09+00:00","dateModified":"2026-04-12T22:34:20+00:00","description":"V\u00e4lkommen till Startup Time i Mj\u00f6lby! H\u00e4r kan du l\u00e4sa mer om vad som sker och hur vi arbetar med just Startup Time och v\u00e5ra Caf\u00e9er i Mj\u00f6lby.","breadcrumb":{"@id":"https:\/\/nyforetagarcentrum.se\/mellerstaostergotland\/valkommen-till-startup-time-cafe-mjolby\/#breadcrumb"},"inLanguage":"sv-SE","potentialAction":[{"@type":"ReadAction","target":["https:\/\/nyforetagarcentrum.se\/mellerstaostergotland\/valkommen-till-startup-time-cafe-mjolby\/"]}]},{"@type":"ImageObject","inLanguage":"sv-SE","@id":"https:\/\/nyforetagarcentrum.se\/mellerstaostergotland\/valkommen-till-startup-time-cafe-mjolby\/#primaryimage","url":"https:\/\/nyforetagarcentrum.se\/mellerstaostergotland\/wp-content\/uploads\/sites\/12\/2024\/06\/dqdqd.png","contentUrl":"https:\/\/nyforetagarcentrum.se\/mellerstaostergotland\/wp-content\/uploads\/sites\/12\/2024\/06\/dqdqd.png","width":796,"height":800,"caption":"Startup Time"},{"@type":"BreadcrumbList","@id":"https:\/\/nyforetagarcentrum.se\/mellerstaostergotland\/valkommen-till-startup-time-cafe-mjolby\/#breadcrumb","itemListElement":[{"@type":"ListItem","position":1,"name":"Hem","item":"https:\/\/nyforetagarcentrum.se\/mellerstaostergotland\/"},{"@type":"ListItem","position":2,"name":"Startup Time i Mj\u00f6lby"}]},{"@type":"WebSite","@id":"https:\/\/nyforetagarcentrum.se\/mellerstaostergotland\/#website","url":"https:\/\/nyforetagarcentrum.se\/mellerstaostergotland\/","name":"Mellersta \u00d6sterg\u00f6tland","description":"Sveriges ledande kraft f\u00f6r fler nya livskraftiga f\u00f6retag","publisher":{"@id":"https:\/\/nyforetagarcentrum.se\/mellerstaostergotland\/#organization"},"potentialAction":[{"@type":"SearchAction","target":{"@type":"EntryPoint","urlTemplate":"https:\/\/nyforetagarcentrum.se\/mellerstaostergotland\/?s={search_term_string}"},"query-input":"required name=search_term_string"}],"inLanguage":"sv-SE"},{"@type":"Organization","@id":"https:\/\/nyforetagarcentrum.se\/mellerstaostergotland\/#organization","name":"Mellersta \u00d6sterg\u00f6tland","url":"https:\/\/nyforetagarcentrum.se\/mellerstaostergotland\/","logo":{"@type":"ImageObject","inLanguage":"sv-SE","@id":"https:\/\/nyforetagarcentrum.se\/mellerstaostergotland\/#\/schema\/logo\/image\/","url":"https:\/\/nyforetagarcentrum.se\/mellerstaostergotland\/wp-content\/uploads\/sites\/12\/2025\/03\/cropped-NyFC_Mellersta_Ostergotland_big.png","contentUrl":"https:\/\/nyforetagarcentrum.se\/mellerstaostergotland\/wp-content\/uploads\/sites\/12\/2025\/03\/cropped-NyFC_Mellersta_Ostergotland_big.png","width":1000,"height":463,"caption":"Mellersta \u00d6sterg\u00f6tland"},"image":{"@id":"https:\/\/nyforetagarcentrum.se\/mellerstaostergotland\/#\/schema\/logo\/image\/"}}]}},"_links":{"self":[{"href":"https:\/\/nyforetagarcentrum.se\/mellerstaostergotland\/wp-json\/wp\/v2\/pages\/5659"}],"collection":[{"href":"https:\/\/nyforetagarcentrum.se\/mellerstaostergotland\/wp-json\/wp\/v2\/pages"}],"about":[{"href":"https:\/\/nyforetagarcentrum.se\/mellerstaostergotland\/wp-json\/wp\/v2\/types\/page"}],"author":[{"embeddable":true,"href":"https:\/\/nyforetagarcentrum.se\/mellerstaostergotland\/wp-json\/wp\/v2\/users\/65"}],"replies":[{"embeddable":true,"href":"https:\/\/nyforetagarcentrum.se\/mellerstaostergotland\/wp-json\/wp\/v2\/comments?post=5659"}],"version-history":[{"count":28,"href":"https:\/\/nyforetagarcentrum.se\/mellerstaostergotland\/wp-json\/wp\/v2\/pages\/5659\/revisions"}],"predecessor-version":[{"id":6068,"href":"https:\/\/nyforetagarcentrum.se\/mellerstaostergotland\/wp-json\/wp\/v2\/pages\/5659\/revisions\/6068"}],"wp:attachment":[{"href":"https:\/\/nyforetagarcentrum.se\/mellerstaostergotland\/wp-json\/wp\/v2\/media?parent=5659"}],"curies":[{"name":"wp","href":"https:\/\/api.w.org\/{rel}","templated":true}]}}