{"id":1524,"date":"2024-05-27T11:22:25","date_gmt":"2024-05-27T09:22:25","guid":{"rendered":"https:\/\/nyforetagarcentrum.se\/mellerstaostergotland\/?page_id=1524"},"modified":"2025-09-17T16:42:11","modified_gmt":"2025-09-17T14:42:11","slug":"for-intressenter","status":"publish","type":"page","link":"https:\/\/nyforetagarcentrum.se\/mellerstaostergotland\/for-intressenter\/","title":{"rendered":"F\u00f6r intressenter"},"content":{"rendered":"\n<div style=\"height:50px\" aria-hidden=\"true\" class=\"wp-block-spacer\"><\/div>\n\n\n<section  class=\"nfc-block-breadcrumbs alignwide\">\n    <div class=\"wrapper contained\">\n        <ol class=\"breadcrumbs\" itemscope itemtype=\"https:\/\/schema.org\/BreadcrumbList\">\n            <li itemprop=\"itemListElement\" itemscope itemtype=\"https:\/\/schema.org\/ListItem\">\n            \n\n                            <span class=\"current\" itemprop=\"name\">Hem<\/span>\n            \n            <meta itemprop=\"position\" content=\"1\" \/>\n        <\/li>\n    <\/ol>    <\/div>\n<\/section>\n\n\n<div style=\"height:51px\" aria-hidden=\"true\" class=\"wp-block-spacer\"><\/div>\n\n\n<section  class=\"nfc-block-split_screen alignwide image_alignment-left\">\n    <div class=\"wrapper\">\n        <div class=\"nfc-block-split_screen__image-wrapper\">\n            <img loading=\"lazy\" decoding=\"async\" width=\"1026\" height=\"1080\" src=\"https:\/\/nyforetagarcentrum.se\/mellerstaostergotland\/wp-content\/uploads\/sites\/12\/2024\/07\/rabi-k-mini1-1-1026x1080.jpg\" class=\"attachment-landscape size-landscape\" alt=\"\" srcset=\"https:\/\/nyforetagarcentrum.se\/mellerstaostergotland\/wp-content\/uploads\/sites\/12\/2024\/07\/rabi-k-mini1-1-1026x1080.jpg 1026w, https:\/\/nyforetagarcentrum.se\/mellerstaostergotland\/wp-content\/uploads\/sites\/12\/2024\/07\/rabi-k-mini1-1-285x300.jpg 285w, https:\/\/nyforetagarcentrum.se\/mellerstaostergotland\/wp-content\/uploads\/sites\/12\/2024\/07\/rabi-k-mini1-1-973x1024.jpg 973w, https:\/\/nyforetagarcentrum.se\/mellerstaostergotland\/wp-content\/uploads\/sites\/12\/2024\/07\/rabi-k-mini1-1-768x808.jpg 768w, https:\/\/nyforetagarcentrum.se\/mellerstaostergotland\/wp-content\/uploads\/sites\/12\/2024\/07\/rabi-k-mini1-1-1459x1536.jpg 1459w, https:\/\/nyforetagarcentrum.se\/mellerstaostergotland\/wp-content\/uploads\/sites\/12\/2024\/07\/rabi-k-mini1-1-1946x2048.jpg 1946w\" sizes=\"(max-width: 1026px) 100vw, 1026px\" \/>        <\/div>\n\n        <div class=\"nfc-block-split_screen__content-wrapper\">\n            <h1>Startup Time \u2013 Ett projekt med mycket hj\u00e4rta och engagemang<\/h1>\n<p>Startup Time \u00e4r ett l\u00e5ngsiktigt projekt f\u00f6r att fr\u00e4mja och stimulera f\u00f6retagandet. Projektet startade och drivs som ett samarbete mellan Nyf\u00f6retagarcentrum Mellersta \u00d6sterg\u00f6tland och Link\u00f6pings kommun. Med finansiering av kommunen och privata partners.<\/p>\n<p>Startup Time v\u00e4nder sig till personer med utl\u00e4ndsk bakgrund som \u00e4r intresserade av att starta eget. Personer som har entrepren\u00f6rsandan i sig; men som beh\u00f6ver lite extra hj\u00e4lp och st\u00f6ttning med att komma ig\u00e5ng med sin verksamhet.<\/p>\n<p><a href=\"https:\/\/news.cision.com\/se\/sankt-kors\/r\/nytt-samarbete-ska-skapa-sysselsattning-for-utsatta,c3997357\"><strong>H\u00e4r kan du l\u00e4sa ett pressmeddelande om Startup Time och v\u00e5rt samarbete med Sankt Kors och \u00d6sterg\u00f6tlands Stadsmission.<\/strong><\/a><\/p>\n<p><strong>Here is information about Startup Time in: <a href=\"https:\/\/www.instagram.com\/reel\/C6hgZo_o9z8\/?utm_source=ig_web_copy_link&amp;igsh=MzRlODBiNWFlZA==\">Arabic<\/a> \u2013 <a href=\"https:\/\/www.instagram.com\/reel\/C7U-AzwoPFE\/?utm_source=ig_web_copy_link&amp;igsh=MzRlODBiNWFlZA==\">Kurdish<\/a> \u2013 <a href=\"https:\/\/www.instagram.com\/reel\/C64uHrdoCtJ\/?utm_source=ig_web_copy_link&amp;igsh=MzRlODBiNWFlZA==\">Persian<\/a> \u2013 <a href=\"https:\/\/www.instagram.com\/p\/C6XE8Q3slMy\/\">Swedish<\/a> &#8211; For more info, please visit our <a href=\"https:\/\/www.instagram.com\/startuptimenfc\/\">Instagram<\/a> and <a href=\"https:\/\/www.facebook.com\/startuptimenfc\">Facebook<\/a>.<\/strong><\/p>\n\n                            <div class=\"nfc-block-split_screen__buttons\">\n                                            <a href=\"https:\/\/nyforetagarcentrum.se\/mellerstaostergotland\/for-deltagare\/\" class=\"button primary\">Tid &amp; plats f\u00f6r Startup Caf\u00e9<\/a>\n                                    <\/div>\n            \n        <\/div>\n    <\/div>\n<\/section>\n\n\n<div style=\"height:51px\" aria-hidden=\"true\" class=\"wp-block-spacer\"><\/div>\n\n\n\n<div class=\"wp-block-columns is-layout-flex wp-container-core-columns-is-layout-1 wp-block-columns-is-layout-flex\">\n<div class=\"wp-block-column is-layout-flow wp-block-column-is-layout-flow\">\n<h2 class=\"wp-block-heading\">F\u00f6retagande en v\u00e4g till integration \u2013 tillsammans ger vi extra st\u00f6d om du vill starta f\u00f6retag i Link\u00f6ping<\/h2>\n\n\n\n<p>F\u00f6retagande bland personer med utl\u00e4ndsk bakgrund bidrar till en snabbare integration. V\u00e5rt projekt Startup Time syftar till att fler utrikesf\u00f6dda ska kunna starta f\u00f6retag och genom det bidra till en snabbare samh\u00e4llsintegration. F\u00f6retagandet finns alltid som ett alternativ, men kunskapsgapet och den upplevda risken \u00e4r en h\u00f6g barri\u00e4r som Nyf\u00f6retagarcentrum vill minska.<\/p>\n<\/div>\n<\/div>\n\n\n\n<div class=\"wp-block-columns is-layout-flex wp-container-core-columns-is-layout-2 wp-block-columns-is-layout-flex\">\n<div class=\"wp-block-column is-layout-flow wp-block-column-is-layout-flow\">\n<h2 class=\"wp-block-heading\">\u00d6kad myndighetstillit och tillh\u00f6righet<\/h2>\n\n\n\n<p>Startup Time-projektet hos Nyf\u00f6retagarcentrum Mellersta \u00d6sterg\u00f6tland vill att f\u00f6retagaren f\u00e5r st\u00f6rre tillit till myndigheter och inv\u00e5narna samt l\u00e4r sig f\u00f6rst\u00e5 den lokala kulturen, vilket tillsammans bidrar till en \u00f6kad k\u00e4nsla av tillh\u00f6righet.<\/p>\n<\/div>\n<\/div>\n\n\n\n<div class=\"wp-block-columns is-layout-flex wp-container-core-columns-is-layout-3 wp-block-columns-is-layout-flex\">\n<div class=\"wp-block-column is-layout-flow wp-block-column-is-layout-flow\">\n<h2 class=\"wp-block-heading\">Utrikesf\u00f6ddas f\u00f6retagande \u00e4r ett viktigt bidrag till integrationen<\/h2>\n\n\n\n<p>Eget f\u00f6retagande \u00e4r ett bra alternativ f\u00f6r personer med utl\u00e4ndsk bakgrund att integreras i det svenska samh\u00e4llet. Vi vet dock att m\u00e5lgruppen m\u00f6ter st\u00f6rre hinder i sitt f\u00f6retagande. De \u00f6kade hindren \u00e4r bl.a l\u00e4gre inkomster, sv\u00e5rt att f\u00f6rst\u00e5 det svenska systemet, regler och lagar. Utrikesf\u00f6dda upplever oftare \u00e4n andra att de diskrimineras av banker, kunder och leverant\u00f6rer. Olika anledningar leder oftare \u00e4n f\u00f6r andra till att de tvingas upph\u00f6ra med sina verksamheter.<\/p>\n<\/div>\n<\/div>\n\n\n\n<div class=\"wp-block-columns is-layout-flex wp-container-core-columns-is-layout-4 wp-block-columns-is-layout-flex\">\n<div class=\"wp-block-column is-layout-flow wp-block-column-is-layout-flow\">\n<h2 class=\"wp-block-heading\">Det finns bra st\u00f6dfunktioner att ta del av<\/h2>\n\n\n\n<p>Det \u00e4r f\u00e4rre f\u00f6retag som startas av kvinnor och i f\u00f6retag som \u00e4gs av kvinnor \u00e4r antalet anst\u00e4llda f\u00e4rre \u00e4n hos f\u00f6retag som drivs av m\u00e4n. Integrationsproblemen i svensk arbetsmarknad \u00e4r v\u00e4l dokumenterade. Ett s\u00e4tt att komma in p\u00e5 arbetsmarknaden \u00e4r att starta f\u00f6retag. Men m\u00e5lgruppen har sv\u00e5rt att hitta de st\u00f6dfunktioner som finns i samh\u00e4llet som exempelvis Nyf\u00f6retagarcentrum. Utrikesf\u00f6ddas f\u00f6retagande \u00e4r ett viktigt bidrag till integrationen.<\/p>\n<\/div>\n<\/div>\n\n\n\n<div class=\"wp-block-columns is-layout-flex wp-container-core-columns-is-layout-5 wp-block-columns-is-layout-flex\">\n<div class=\"wp-block-column is-layout-flow wp-block-column-is-layout-flow\">\n<h2 class=\"wp-block-heading\">St\u00f6d, l\u00e5ngsiktig kunskap, tillh\u00f6righet och n\u00e4tverkande<\/h2>\n\n\n\n<p>I Startup Time f\u00e5r f\u00f6retagaren en st\u00f6rre tillit till st\u00f6dsystemet, myndigheter och inv\u00e5nare. De l\u00e4r sig att f\u00f6rst\u00e5 den lokala kulturen, vilket bidrar till en \u00f6kad k\u00e4nsla av tillh\u00f6righet. Nyf\u00f6retagarcentrum ska via projektet erbjuda delar av det som idag saknas i form av ett ut\u00f6kat st\u00f6d, en l\u00e5ngsiktig kunskap och n\u00e4tverksbyggande f\u00f6r de som vill driva f\u00f6retag och har f\u00f6ruts\u00e4ttningarna att starta f\u00f6retag. I Startup Time-projektet ing\u00e5r \u00e4ven st\u00f6d i arbetet med att etablera, utveckla och f\u00f6rfina aff\u00e4rsid\u00e9er.<\/p>\n<\/div>\n<\/div>\n\n\n\n<div class=\"wp-block-columns is-layout-flex wp-container-core-columns-is-layout-6 wp-block-columns-is-layout-flex\">\n<div class=\"wp-block-column is-layout-flow wp-block-column-is-layout-flow\">\n<h2 class=\"wp-block-heading\">St\u00f6ttning och aktiviteter p\u00e5 en m\u00e4ngd olika spr\u00e5k<\/h2>\n\n\n\n<p>StartUp Time erbjuder mer genomg\u00e5ende st\u00f6ttning p\u00e5 en m\u00e4ngd olika spr\u00e5k f\u00f6r att m\u00f6ta m\u00e5lgruppen p\u00e5 ett smidigare och inbjudande s\u00e4tt. Vi har d\u00e4rf\u00f6r satt upp fysiska hubbar p\u00e5 plats i Berga, Ryd och Sk\u00e4ggetorp. D\u00e4r m\u00e5lgruppen naturligt befinner sig f\u00f6r att fr\u00e4mja och st\u00e4rka f\u00f6retagskulturen i omr\u00e5dena, som redan finns fr\u00e5n olika kulturers perspektiv, men ej exploateras i svenska systemet.<\/p>\n<\/div>\n<\/div>\n\n\n<section  class=\"nfc-block-split_screen alignwide image_alignment-right\">\n    <div class=\"wrapper\">\n        <div class=\"nfc-block-split_screen__image-wrapper\">\n            <img loading=\"lazy\" decoding=\"async\" width=\"1080\" height=\"566\" src=\"https:\/\/nyforetagarcentrum.se\/mellerstaostergotland\/wp-content\/uploads\/sites\/12\/2024\/05\/start-uptime.png\" class=\"attachment-landscape size-landscape\" alt=\"Startup Time\" srcset=\"https:\/\/nyforetagarcentrum.se\/mellerstaostergotland\/wp-content\/uploads\/sites\/12\/2024\/05\/start-uptime.png 1080w, https:\/\/nyforetagarcentrum.se\/mellerstaostergotland\/wp-content\/uploads\/sites\/12\/2024\/05\/start-uptime-300x157.png 300w, https:\/\/nyforetagarcentrum.se\/mellerstaostergotland\/wp-content\/uploads\/sites\/12\/2024\/05\/start-uptime-1024x537.png 1024w, https:\/\/nyforetagarcentrum.se\/mellerstaostergotland\/wp-content\/uploads\/sites\/12\/2024\/05\/start-uptime-768x402.png 768w\" sizes=\"(max-width: 1080px) 100vw, 1080px\" \/>        <\/div>\n\n        <div class=\"nfc-block-split_screen__content-wrapper\">\n            <h2>Aktiviteter och tr\u00e4ffar som bygger viktiga broar<\/h2>\n<p>Samtidigt bjuds m\u00e5lgruppen in till aktiviteter centralt hos Nyf\u00f6retagarcentum Mellersta \u00d6sterg\u00f6tland i Link\u00f6ping f\u00f6r att skapa broar in till samh\u00e4llet. Detta g\u00f6rs t.ex genom fysiska tr\u00e4ffar med riktade insatser och aktiviteter.<\/p>\n<p>Sj\u00e4lvklart kan deltagarna r\u00f6ra sig fritt mellan aktiviteterna. P\u00e5 s\u00e5 s\u00e4tt kan de maximera sin kompetensh\u00f6jning f\u00f6r att senare skapa livskraftiga och h\u00e5llbara nya f\u00f6retag.<\/p>\n<p><strong>Here is information about Startup Time in: <a href=\"https:\/\/www.instagram.com\/reel\/C6hgZo_o9z8\/?utm_source=ig_web_copy_link&amp;igsh=MzRlODBiNWFlZA==\">Arabic<\/a> \u2013 <a href=\"https:\/\/www.instagram.com\/reel\/C7U-AzwoPFE\/?utm_source=ig_web_copy_link&amp;igsh=MzRlODBiNWFlZA==\">Kurdish<\/a> \u2013 <a href=\"https:\/\/www.instagram.com\/reel\/C64uHrdoCtJ\/?utm_source=ig_web_copy_link&amp;igsh=MzRlODBiNWFlZA==\">Persian<\/a> \u2013 <a href=\"https:\/\/www.instagram.com\/p\/C6XE8Q3slMy\/\">Swedish<\/a> &#8211; For more info, please visit our <a href=\"https:\/\/www.instagram.com\/startuptimenfc\/\">Instagram<\/a> and <a href=\"https:\/\/www.facebook.com\/startuptimenfc\">Facebook<\/a>.<\/strong><\/p>\n\n            \n        <\/div>\n    <\/div>\n<\/section>\n\n\n<div style=\"height:51px\" aria-hidden=\"true\" class=\"wp-block-spacer\"><\/div>\n\n\n\n<div class=\"wp-block-columns is-layout-flex wp-container-core-columns-is-layout-7 wp-block-columns-is-layout-flex\">\n<div class=\"wp-block-column is-layout-flow wp-block-column-is-layout-flow\">\n<h2 class=\"wp-block-heading\">Fr\u00e5n social exkludering till social inkludering<\/h2>\n\n\n\n<p>Startup Times m\u00e5l \u00e4r att gradvis g\u00e5 fr\u00e5n att vara socialt exkluderade till att bli socialt inkluderade. F\u00f6retagandet blir allts\u00e5 en del av den kommunala integrationsprocessen. Nyttan \u00e4r med andra ord dubbel. Entrepren\u00f6rskapet skyndar p\u00e5 integrationen. Samtidigt bidrar integrationsprocessen till att utveckla f\u00f6retagarens aff\u00e4rskoncept.<\/p>\n<\/div>\n<\/div>\n\n\n\n<div class=\"wp-block-columns is-layout-flex wp-container-core-columns-is-layout-8 wp-block-columns-is-layout-flex\">\n<div class=\"wp-block-column is-layout-flow wp-block-column-is-layout-flow\">\n<h2 class=\"wp-block-heading\">Starkare spr\u00e5kkunskaper och samh\u00e4llsekonomiska vinster<\/h2>\n\n\n\n<p>Genom att koppla sin verksamhet till etablerade v\u00e4rderingar och delta i det lokala n\u00e4ringslivet, s\u00e5 blir det l\u00e4ttare att f\u00f6rst\u00e5 kundernas \u00f6nskem\u00e5l och behov \u2013 samtidigt som man l\u00e4r sig spr\u00e5ket snabbare. Nyf\u00f6retagandet bryter ny mark. Det \u00e4r en stor samh\u00e4llsekonomisk vinst om fler utlandsf\u00f6dda startar f\u00f6retag, vid sidan av den stora vinst det blir f\u00f6r individerna sj\u00e4lva som blir en stark del av samh\u00e4llet.<\/p>\n\n\n\n<h3 class=\"wp-block-heading\">Vill du veta mer om Startup Time?<\/h3>\n\n\n\n<p>H\u00e4r kan du&nbsp;<a href=\"https:\/\/lokala.webexpressdemo.se\/mellersta-ostergotland\/wp-content\/uploads\/sites\/126\/2023\/02\/Startup-Time-Rapport-28-feb.pdf\">ladda ner och l\u00e4sa<\/a>&nbsp;v\u00e5r utf\u00f6rliga rapport om Startup Time. V\u00e5r samarbetspartner Link\u00f6pings kommun har ocks\u00e5 lagt upp&nbsp;<a href=\"https:\/\/www.linkoping.se\/nyheter\/pressmeddelanden-fran-via-tt\/202205\/unik-satsning-pa-foretagande-som-en-vag-till-integration\/\">ett matigt pressmeddelande h\u00e4r.<\/a><\/p>\n\n\n\n<p>F\u00f6lj oss g\u00e4rna p\u00e5 v\u00e5ra sociala medier. D\u00e5 f\u00e5r du reda p\u00e5 vad som \u00e4r p\u00e5 g\u00e5ng och vad vi g\u00f6r p\u00e5 v\u00e5ra tr\u00e4ffar. H\u00e4r finns v\u00e5r&nbsp;<a href=\"http:\/\/www.facebook.com\/startuptimenfc\">Facebook<\/a>&nbsp;och h\u00e4r \u00e4r v\u00e5r&nbsp;<a href=\"https:\/\/www.instagram.com\/startuptimenfc\/\">Instagram<\/a>. Corren har \u00e4ven skrivit om projektet,&nbsp;<a href=\"https:\/\/corren.se\/nyheter\/linkoping\/artikel\/hon-fick-hjalp-att-starta-eget-projektet-ska-fa-igang-foretagandet-i-stadsdelarna\/j8o48zpr\">h\u00e4r finns en artikel<\/a>. Corren skrev \u00e4ven en artikel om projektledaren&nbsp;<a href=\"https:\/\/lokala.webexpressdemo.se\/mellersta-ostergotland\/boka-radgivning\/vara-radgivare\/sam-issa\/\">Sam Issa<\/a>,&nbsp;<a href=\"https:\/\/corren.se\/nyheter\/linkoping\/artikel\/om-inte-jag-gor-nagot-vem-ska-da-gora-nagot\/lw3d2mvj\">den kan du l\u00e4sa h\u00e4r<\/a>.<\/p>\n<\/div>\n<\/div>\n\n\n\n<div style=\"height:51px\" aria-hidden=\"true\" class=\"wp-block-spacer\"><\/div>\n\n\n<section  class=\"nfc-block-split_screen alignwide image_alignment-right theme-dark\">\n    <div class=\"wrapper\">\n        <div class=\"nfc-block-split_screen__image-wrapper\">\n            <img loading=\"lazy\" decoding=\"async\" width=\"1026\" height=\"1080\" src=\"https:\/\/nyforetagarcentrum.se\/mellerstaostergotland\/wp-content\/uploads\/sites\/12\/2024\/07\/rabi-k-mini1-1026x1080.jpg\" class=\"attachment-landscape size-landscape\" alt=\"\" srcset=\"https:\/\/nyforetagarcentrum.se\/mellerstaostergotland\/wp-content\/uploads\/sites\/12\/2024\/07\/rabi-k-mini1-1026x1080.jpg 1026w, https:\/\/nyforetagarcentrum.se\/mellerstaostergotland\/wp-content\/uploads\/sites\/12\/2024\/07\/rabi-k-mini1-285x300.jpg 285w, https:\/\/nyforetagarcentrum.se\/mellerstaostergotland\/wp-content\/uploads\/sites\/12\/2024\/07\/rabi-k-mini1-973x1024.jpg 973w, https:\/\/nyforetagarcentrum.se\/mellerstaostergotland\/wp-content\/uploads\/sites\/12\/2024\/07\/rabi-k-mini1-768x808.jpg 768w, https:\/\/nyforetagarcentrum.se\/mellerstaostergotland\/wp-content\/uploads\/sites\/12\/2024\/07\/rabi-k-mini1-1459x1536.jpg 1459w, https:\/\/nyforetagarcentrum.se\/mellerstaostergotland\/wp-content\/uploads\/sites\/12\/2024\/07\/rabi-k-mini1-1946x2048.jpg 1946w\" sizes=\"(max-width: 1026px) 100vw, 1026px\" \/>        <\/div>\n\n        <div class=\"nfc-block-split_screen__content-wrapper\">\n            <h2>Vill du veta mer om<br \/>\nStartup Time?<\/h2>\n<p><strong>Kontakta v\u00e5r projektledare<\/strong>:<br \/>\nRabi Khalaf<br \/>\nrabi.khalaf@nyforetagarcentrum.se<\/p>\n\n            \n        <\/div>\n    <\/div>\n<\/section>\n\n\n<div style=\"height:51px\" aria-hidden=\"true\" class=\"wp-block-spacer\"><\/div>\n","protected":false},"excerpt":{"rendered":"<p>F\u00f6retagande en v\u00e4g till integration \u2013 tillsammans ger vi extra st\u00f6d om du vill starta f\u00f6retag i Link\u00f6ping F\u00f6retagande bland personer med utl\u00e4ndsk bakgrund bidrar till en snabbare integration. V\u00e5rt projekt Startup Time syftar till att fler utrikesf\u00f6dda ska kunna starta f\u00f6retag och genom det bidra till en snabbare samh\u00e4llsintegration. F\u00f6retagandet finns alltid som ett [&hellip;]<\/p>\n","protected":false},"author":1,"featured_media":0,"parent":0,"menu_order":0,"comment_status":"closed","ping_status":"closed","template":"","meta":{"footnotes":""},"acf":[],"yoast_head":"<!-- This site is optimized with the Yoast SEO plugin v22.9 - https:\/\/yoast.com\/wordpress\/plugins\/seo\/ -->\n<title>F\u00f6r intressenter - Mellersta \u00d6sterg\u00f6tland<\/title>\n<meta name=\"description\" content=\"Projekt Startup Time v\u00e4nder sig till personer med utl\u00e4ndsk bakgrund som vill starta eget och som beh\u00f6ver lite extra hj\u00e4lp att komma ig\u00e5ng\" \/>\n<meta name=\"robots\" content=\"index, follow, max-snippet:-1, max-image-preview:large, max-video-preview:-1\" \/>\n<link rel=\"canonical\" href=\"https:\/\/nyforetagarcentrum.se\/mellerstaostergotland\/for-intressenter\/\" \/>\n<meta property=\"og:locale\" content=\"sv_SE\" \/>\n<meta property=\"og:type\" content=\"article\" \/>\n<meta property=\"og:title\" content=\"F\u00f6r intressenter - Mellersta \u00d6sterg\u00f6tland\" \/>\n<meta property=\"og:description\" content=\"Projekt Startup Time v\u00e4nder sig till personer med utl\u00e4ndsk bakgrund som vill starta eget och som beh\u00f6ver lite extra hj\u00e4lp att komma ig\u00e5ng\" \/>\n<meta property=\"og:url\" content=\"https:\/\/nyforetagarcentrum.se\/mellerstaostergotland\/for-intressenter\/\" \/>\n<meta property=\"og:site_name\" content=\"Mellersta \u00d6sterg\u00f6tland\" \/>\n<meta property=\"article:modified_time\" content=\"2025-09-17T14:42:11+00:00\" \/>\n<meta name=\"twitter:card\" content=\"summary_large_image\" \/>\n<meta name=\"twitter:label1\" content=\"Ber\u00e4knad l\u00e4stid\" \/>\n\t<meta name=\"twitter:data1\" content=\"4 minuter\" \/>\n<script type=\"application\/ld+json\" class=\"yoast-schema-graph\">{\"@context\":\"https:\/\/schema.org\",\"@graph\":[{\"@type\":\"WebPage\",\"@id\":\"https:\/\/nyforetagarcentrum.se\/mellerstaostergotland\/for-intressenter\/\",\"url\":\"https:\/\/nyforetagarcentrum.se\/mellerstaostergotland\/for-intressenter\/\",\"name\":\"F\u00f6r intressenter - Mellersta \u00d6sterg\u00f6tland\",\"isPartOf\":{\"@id\":\"https:\/\/nyforetagarcentrum.se\/mellerstaostergotland\/#website\"},\"datePublished\":\"2024-05-27T09:22:25+00:00\",\"dateModified\":\"2025-09-17T14:42:11+00:00\",\"description\":\"Projekt Startup Time v\u00e4nder sig till personer med utl\u00e4ndsk bakgrund som vill starta eget och som beh\u00f6ver lite extra hj\u00e4lp att komma ig\u00e5ng\",\"breadcrumb\":{\"@id\":\"https:\/\/nyforetagarcentrum.se\/mellerstaostergotland\/for-intressenter\/#breadcrumb\"},\"inLanguage\":\"sv-SE\",\"potentialAction\":[{\"@type\":\"ReadAction\",\"target\":[\"https:\/\/nyforetagarcentrum.se\/mellerstaostergotland\/for-intressenter\/\"]}]},{\"@type\":\"BreadcrumbList\",\"@id\":\"https:\/\/nyforetagarcentrum.se\/mellerstaostergotland\/for-intressenter\/#breadcrumb\",\"itemListElement\":[{\"@type\":\"ListItem\",\"position\":1,\"name\":\"Hem\",\"item\":\"https:\/\/nyforetagarcentrum.se\/mellerstaostergotland\/\"},{\"@type\":\"ListItem\",\"position\":2,\"name\":\"F\u00f6r intressenter\"}]},{\"@type\":\"WebSite\",\"@id\":\"https:\/\/nyforetagarcentrum.se\/mellerstaostergotland\/#website\",\"url\":\"https:\/\/nyforetagarcentrum.se\/mellerstaostergotland\/\",\"name\":\"Mellersta \u00d6sterg\u00f6tland\",\"description\":\"Sveriges ledande kraft f\u00f6r fler nya livskraftiga f\u00f6retag\",\"publisher\":{\"@id\":\"https:\/\/nyforetagarcentrum.se\/mellerstaostergotland\/#organization\"},\"potentialAction\":[{\"@type\":\"SearchAction\",\"target\":{\"@type\":\"EntryPoint\",\"urlTemplate\":\"https:\/\/nyforetagarcentrum.se\/mellerstaostergotland\/?s={search_term_string}\"},\"query-input\":\"required name=search_term_string\"}],\"inLanguage\":\"sv-SE\"},{\"@type\":\"Organization\",\"@id\":\"https:\/\/nyforetagarcentrum.se\/mellerstaostergotland\/#organization\",\"name\":\"Mellersta \u00d6sterg\u00f6tland\",\"url\":\"https:\/\/nyforetagarcentrum.se\/mellerstaostergotland\/\",\"logo\":{\"@type\":\"ImageObject\",\"inLanguage\":\"sv-SE\",\"@id\":\"https:\/\/nyforetagarcentrum.se\/mellerstaostergotland\/#\/schema\/logo\/image\/\",\"url\":\"https:\/\/nyforetagarcentrum.se\/mellerstaostergotland\/wp-content\/uploads\/sites\/12\/2025\/03\/cropped-NyFC_Mellersta_Ostergotland_big.png\",\"contentUrl\":\"https:\/\/nyforetagarcentrum.se\/mellerstaostergotland\/wp-content\/uploads\/sites\/12\/2025\/03\/cropped-NyFC_Mellersta_Ostergotland_big.png\",\"width\":1000,\"height\":463,\"caption\":\"Mellersta \u00d6sterg\u00f6tland\"},\"image\":{\"@id\":\"https:\/\/nyforetagarcentrum.se\/mellerstaostergotland\/#\/schema\/logo\/image\/\"}}]}<\/script>\n<!-- \/ Yoast SEO plugin. -->","yoast_head_json":{"title":"F\u00f6r intressenter - Mellersta \u00d6sterg\u00f6tland","description":"Projekt Startup Time v\u00e4nder sig till personer med utl\u00e4ndsk bakgrund som vill starta eget och som beh\u00f6ver lite extra hj\u00e4lp att komma ig\u00e5ng","robots":{"index":"index","follow":"follow","max-snippet":"max-snippet:-1","max-image-preview":"max-image-preview:large","max-video-preview":"max-video-preview:-1"},"canonical":"https:\/\/nyforetagarcentrum.se\/mellerstaostergotland\/for-intressenter\/","og_locale":"sv_SE","og_type":"article","og_title":"F\u00f6r intressenter - Mellersta \u00d6sterg\u00f6tland","og_description":"Projekt Startup Time v\u00e4nder sig till personer med utl\u00e4ndsk bakgrund som vill starta eget och som beh\u00f6ver lite extra hj\u00e4lp att komma ig\u00e5ng","og_url":"https:\/\/nyforetagarcentrum.se\/mellerstaostergotland\/for-intressenter\/","og_site_name":"Mellersta \u00d6sterg\u00f6tland","article_modified_time":"2025-09-17T14:42:11+00:00","twitter_card":"summary_large_image","twitter_misc":{"Ber\u00e4knad l\u00e4stid":"4 minuter"},"schema":{"@context":"https:\/\/schema.org","@graph":[{"@type":"WebPage","@id":"https:\/\/nyforetagarcentrum.se\/mellerstaostergotland\/for-intressenter\/","url":"https:\/\/nyforetagarcentrum.se\/mellerstaostergotland\/for-intressenter\/","name":"F\u00f6r intressenter - Mellersta \u00d6sterg\u00f6tland","isPartOf":{"@id":"https:\/\/nyforetagarcentrum.se\/mellerstaostergotland\/#website"},"datePublished":"2024-05-27T09:22:25+00:00","dateModified":"2025-09-17T14:42:11+00:00","description":"Projekt Startup Time v\u00e4nder sig till personer med utl\u00e4ndsk bakgrund som vill starta eget och som beh\u00f6ver lite extra hj\u00e4lp att komma ig\u00e5ng","breadcrumb":{"@id":"https:\/\/nyforetagarcentrum.se\/mellerstaostergotland\/for-intressenter\/#breadcrumb"},"inLanguage":"sv-SE","potentialAction":[{"@type":"ReadAction","target":["https:\/\/nyforetagarcentrum.se\/mellerstaostergotland\/for-intressenter\/"]}]},{"@type":"BreadcrumbList","@id":"https:\/\/nyforetagarcentrum.se\/mellerstaostergotland\/for-intressenter\/#breadcrumb","itemListElement":[{"@type":"ListItem","position":1,"name":"Hem","item":"https:\/\/nyforetagarcentrum.se\/mellerstaostergotland\/"},{"@type":"ListItem","position":2,"name":"F\u00f6r intressenter"}]},{"@type":"WebSite","@id":"https:\/\/nyforetagarcentrum.se\/mellerstaostergotland\/#website","url":"https:\/\/nyforetagarcentrum.se\/mellerstaostergotland\/","name":"Mellersta \u00d6sterg\u00f6tland","description":"Sveriges ledande kraft f\u00f6r fler nya livskraftiga f\u00f6retag","publisher":{"@id":"https:\/\/nyforetagarcentrum.se\/mellerstaostergotland\/#organization"},"potentialAction":[{"@type":"SearchAction","target":{"@type":"EntryPoint","urlTemplate":"https:\/\/nyforetagarcentrum.se\/mellerstaostergotland\/?s={search_term_string}"},"query-input":"required name=search_term_string"}],"inLanguage":"sv-SE"},{"@type":"Organization","@id":"https:\/\/nyforetagarcentrum.se\/mellerstaostergotland\/#organization","name":"Mellersta \u00d6sterg\u00f6tland","url":"https:\/\/nyforetagarcentrum.se\/mellerstaostergotland\/","logo":{"@type":"ImageObject","inLanguage":"sv-SE","@id":"https:\/\/nyforetagarcentrum.se\/mellerstaostergotland\/#\/schema\/logo\/image\/","url":"https:\/\/nyforetagarcentrum.se\/mellerstaostergotland\/wp-content\/uploads\/sites\/12\/2025\/03\/cropped-NyFC_Mellersta_Ostergotland_big.png","contentUrl":"https:\/\/nyforetagarcentrum.se\/mellerstaostergotland\/wp-content\/uploads\/sites\/12\/2025\/03\/cropped-NyFC_Mellersta_Ostergotland_big.png","width":1000,"height":463,"caption":"Mellersta \u00d6sterg\u00f6tland"},"image":{"@id":"https:\/\/nyforetagarcentrum.se\/mellerstaostergotland\/#\/schema\/logo\/image\/"}}]}},"_links":{"self":[{"href":"https:\/\/nyforetagarcentrum.se\/mellerstaostergotland\/wp-json\/wp\/v2\/pages\/1524"}],"collection":[{"href":"https:\/\/nyforetagarcentrum.se\/mellerstaostergotland\/wp-json\/wp\/v2\/pages"}],"about":[{"href":"https:\/\/nyforetagarcentrum.se\/mellerstaostergotland\/wp-json\/wp\/v2\/types\/page"}],"author":[{"embeddable":true,"href":"https:\/\/nyforetagarcentrum.se\/mellerstaostergotland\/wp-json\/wp\/v2\/users\/1"}],"replies":[{"embeddable":true,"href":"https:\/\/nyforetagarcentrum.se\/mellerstaostergotland\/wp-json\/wp\/v2\/comments?post=1524"}],"version-history":[{"count":60,"href":"https:\/\/nyforetagarcentrum.se\/mellerstaostergotland\/wp-json\/wp\/v2\/pages\/1524\/revisions"}],"predecessor-version":[{"id":4297,"href":"https:\/\/nyforetagarcentrum.se\/mellerstaostergotland\/wp-json\/wp\/v2\/pages\/1524\/revisions\/4297"}],"wp:attachment":[{"href":"https:\/\/nyforetagarcentrum.se\/mellerstaostergotland\/wp-json\/wp\/v2\/media?parent=1524"}],"curies":[{"name":"wp","href":"https:\/\/api.w.org\/{rel}","templated":true}]}}