{"id":5695,"date":"2026-02-06T10:21:47","date_gmt":"2026-02-06T09:21:47","guid":{"rendered":"https:\/\/nyforetagarcentrum.se\/mellerstaostergotland\/?post_type=event&#038;p=5695"},"modified":"2026-02-06T10:22:08","modified_gmt":"2026-02-06T09:22:08","slug":"starta-eget-kurs-forsaljning-och-marknadsforing-2","status":"publish","type":"event","link":"https:\/\/nyforetagarcentrum.se\/mellerstaostergotland\/evenemang\/starta-eget-kurs-forsaljning-och-marknadsforing-2\/","title":{"rendered":"Starta eget-kurs: F\u00f6rs\u00e4ljning och marknadsf\u00f6ring"},"content":{"rendered":"\n<p>L\u00e4r dig n\u00e5 ut med din aff\u00e4rsid\u00e9 och skaffa kunder. Du f\u00e5r tips om marknadsf\u00f6ring, kommunikation och digital synlighet, viktiga delar i att driva f\u00f6retag idag.<\/p>\n\n\n\n<p><strong>\ud83d\udcc5<\/strong>\u00a0Tisdag 24\/2 kl 16.30-19.30 <br><strong>\ud83d\udccd<\/strong>\u00a0Nyf\u00f6retagarcentrum, Dospace Alfa, Industrigatan 5, Link\u00f6ping<\/p>\n\n\n\n<p>Kursen \u00e4r kostnadsfri (om du avbokar vid f\u00f6rhinder). Begr\u00e4nsat antal platser.<\/p>\n\n\n\n<p>Kursen \u00e4r p\u00e5 svenska och du beh\u00f6ver b\u00e5de f\u00f6rst\u00e5 och kunna prata svenska f\u00f6r att ha nytta av kursen.<br><br>Vi bjuder p\u00e5 sm\u00f6rg\u00e5sfika.<\/p>\n\n\n\n<p>Fr\u00e5gor? Mejla&nbsp;<a href=\"mailto:mellerstaostergotland@nyforetagarcentrum.se\">mellerstaostergotland@nyforetagarcentrum.se<\/a>.<\/p>\n","protected":false},"template":"","meta":{"footnotes":""},"acf":[],"yoast_head":"<!-- This site is optimized with the Yoast SEO plugin v22.9 - https:\/\/yoast.com\/wordpress\/plugins\/seo\/ -->\n<title>Evenemang f\u00f6r f\u00f6retagare och blivande f\u00f6retagare i Mellersta \u00d6sterg\u00f6tland | Nyf\u00f6retagarcentrum<\/title>\n<meta name=\"description\" content=\"Nyf\u00f6retagarcentrum i Mellersta \u00d6sterg\u00f6tland arrangerar inspirerande evenemang och utbildningar f\u00f6r dig som vill starta eget f\u00f6retag.\" \/>\n<meta name=\"robots\" content=\"index, follow, max-snippet:-1, max-image-preview:large, max-video-preview:-1\" \/>\n<link rel=\"canonical\" href=\"https:\/\/nyforetagarcentrum.se\/mellerstaostergotland\/evenemang\/starta-eget-kurs-forsaljning-och-marknadsforing-2\/\" \/>\n<meta property=\"og:locale\" content=\"sv_SE\" \/>\n<meta property=\"og:type\" content=\"article\" \/>\n<meta property=\"og:title\" content=\"Evenemang f\u00f6r f\u00f6retagare och blivande f\u00f6retagare i Mellersta \u00d6sterg\u00f6tland | Nyf\u00f6retagarcentrum\" \/>\n<meta property=\"og:description\" content=\"Nyf\u00f6retagarcentrum i Mellersta \u00d6sterg\u00f6tland arrangerar inspirerande evenemang och utbildningar f\u00f6r dig som vill starta eget f\u00f6retag.\" \/>\n<meta property=\"og:url\" content=\"https:\/\/nyforetagarcentrum.se\/mellerstaostergotland\/evenemang\/starta-eget-kurs-forsaljning-och-marknadsforing-2\/\" \/>\n<meta property=\"og:site_name\" content=\"Mellersta \u00d6sterg\u00f6tland\" \/>\n<meta property=\"article:modified_time\" content=\"2026-02-06T09:22:08+00:00\" \/>\n<meta name=\"twitter:card\" content=\"summary_large_image\" \/>\n<meta name=\"twitter:label1\" content=\"Ber\u00e4knad l\u00e4stid\" \/>\n\t<meta name=\"twitter:data1\" content=\"1 minut\" \/>\n<script type=\"application\/ld+json\" class=\"yoast-schema-graph\">{\"@context\":\"https:\/\/schema.org\",\"@graph\":[{\"@type\":\"WebPage\",\"@id\":\"https:\/\/nyforetagarcentrum.se\/mellerstaostergotland\/evenemang\/starta-eget-kurs-forsaljning-och-marknadsforing-2\/\",\"url\":\"https:\/\/nyforetagarcentrum.se\/mellerstaostergotland\/evenemang\/starta-eget-kurs-forsaljning-och-marknadsforing-2\/\",\"name\":\"Evenemang f\u00f6r f\u00f6retagare och blivande f\u00f6retagare i Mellersta \u00d6sterg\u00f6tland | Nyf\u00f6retagarcentrum\",\"isPartOf\":{\"@id\":\"https:\/\/nyforetagarcentrum.se\/mellerstaostergotland\/#website\"},\"datePublished\":\"2026-02-06T09:21:47+00:00\",\"dateModified\":\"2026-02-06T09:22:08+00:00\",\"description\":\"Nyf\u00f6retagarcentrum i Mellersta \u00d6sterg\u00f6tland arrangerar inspirerande evenemang och utbildningar f\u00f6r dig som vill starta eget f\u00f6retag.\",\"breadcrumb\":{\"@id\":\"https:\/\/nyforetagarcentrum.se\/mellerstaostergotland\/evenemang\/starta-eget-kurs-forsaljning-och-marknadsforing-2\/#breadcrumb\"},\"inLanguage\":\"sv-SE\",\"potentialAction\":[{\"@type\":\"ReadAction\",\"target\":[\"https:\/\/nyforetagarcentrum.se\/mellerstaostergotland\/evenemang\/starta-eget-kurs-forsaljning-och-marknadsforing-2\/\"]}]},{\"@type\":\"BreadcrumbList\",\"@id\":\"https:\/\/nyforetagarcentrum.se\/mellerstaostergotland\/evenemang\/starta-eget-kurs-forsaljning-och-marknadsforing-2\/#breadcrumb\",\"itemListElement\":[{\"@type\":\"ListItem\",\"position\":1,\"name\":\"Hem\",\"item\":\"https:\/\/nyforetagarcentrum.se\/mellerstaostergotland\/\"},{\"@type\":\"ListItem\",\"position\":2,\"name\":\"Evenemang\",\"item\":\"https:\/\/nyforetagarcentrum.se\/mellerstaostergotland\/evenemang\/\"},{\"@type\":\"ListItem\",\"position\":3,\"name\":\"Starta eget-kurs: F\u00f6rs\u00e4ljning och marknadsf\u00f6ring\"}]},{\"@type\":\"WebSite\",\"@id\":\"https:\/\/nyforetagarcentrum.se\/mellerstaostergotland\/#website\",\"url\":\"https:\/\/nyforetagarcentrum.se\/mellerstaostergotland\/\",\"name\":\"Mellersta \u00d6sterg\u00f6tland\",\"description\":\"Sveriges ledande kraft f\u00f6r fler nya livskraftiga f\u00f6retag\",\"publisher\":{\"@id\":\"https:\/\/nyforetagarcentrum.se\/mellerstaostergotland\/#organization\"},\"potentialAction\":[{\"@type\":\"SearchAction\",\"target\":{\"@type\":\"EntryPoint\",\"urlTemplate\":\"https:\/\/nyforetagarcentrum.se\/mellerstaostergotland\/?s={search_term_string}\"},\"query-input\":\"required name=search_term_string\"}],\"inLanguage\":\"sv-SE\"},{\"@type\":\"Organization\",\"@id\":\"https:\/\/nyforetagarcentrum.se\/mellerstaostergotland\/#organization\",\"name\":\"Mellersta \u00d6sterg\u00f6tland\",\"url\":\"https:\/\/nyforetagarcentrum.se\/mellerstaostergotland\/\",\"logo\":{\"@type\":\"ImageObject\",\"inLanguage\":\"sv-SE\",\"@id\":\"https:\/\/nyforetagarcentrum.se\/mellerstaostergotland\/#\/schema\/logo\/image\/\",\"url\":\"https:\/\/nyforetagarcentrum.se\/mellerstaostergotland\/wp-content\/uploads\/sites\/12\/2026\/04\/mellerstaostergotland_bla.png\",\"contentUrl\":\"https:\/\/nyforetagarcentrum.se\/mellerstaostergotland\/wp-content\/uploads\/sites\/12\/2026\/04\/mellerstaostergotland_bla.png\",\"width\":870,\"height\":355,\"caption\":\"Mellersta \u00d6sterg\u00f6tland\"},\"image\":{\"@id\":\"https:\/\/nyforetagarcentrum.se\/mellerstaostergotland\/#\/schema\/logo\/image\/\"}}]}<\/script>\n<!-- \/ Yoast SEO plugin. -->","yoast_head_json":{"title":"Evenemang f\u00f6r f\u00f6retagare och blivande f\u00f6retagare i Mellersta \u00d6sterg\u00f6tland | Nyf\u00f6retagarcentrum","description":"Nyf\u00f6retagarcentrum i Mellersta \u00d6sterg\u00f6tland arrangerar inspirerande evenemang och utbildningar f\u00f6r dig som vill starta eget f\u00f6retag.","robots":{"index":"index","follow":"follow","max-snippet":"max-snippet:-1","max-image-preview":"max-image-preview:large","max-video-preview":"max-video-preview:-1"},"canonical":"https:\/\/nyforetagarcentrum.se\/mellerstaostergotland\/evenemang\/starta-eget-kurs-forsaljning-och-marknadsforing-2\/","og_locale":"sv_SE","og_type":"article","og_title":"Evenemang f\u00f6r f\u00f6retagare och blivande f\u00f6retagare i Mellersta \u00d6sterg\u00f6tland | Nyf\u00f6retagarcentrum","og_description":"Nyf\u00f6retagarcentrum i Mellersta \u00d6sterg\u00f6tland arrangerar inspirerande evenemang och utbildningar f\u00f6r dig som vill starta eget f\u00f6retag.","og_url":"https:\/\/nyforetagarcentrum.se\/mellerstaostergotland\/evenemang\/starta-eget-kurs-forsaljning-och-marknadsforing-2\/","og_site_name":"Mellersta \u00d6sterg\u00f6tland","article_modified_time":"2026-02-06T09:22:08+00:00","twitter_card":"summary_large_image","twitter_misc":{"Ber\u00e4knad l\u00e4stid":"1 minut"},"schema":{"@context":"https:\/\/schema.org","@graph":[{"@type":"WebPage","@id":"https:\/\/nyforetagarcentrum.se\/mellerstaostergotland\/evenemang\/starta-eget-kurs-forsaljning-och-marknadsforing-2\/","url":"https:\/\/nyforetagarcentrum.se\/mellerstaostergotland\/evenemang\/starta-eget-kurs-forsaljning-och-marknadsforing-2\/","name":"Evenemang f\u00f6r f\u00f6retagare och blivande f\u00f6retagare i Mellersta \u00d6sterg\u00f6tland | Nyf\u00f6retagarcentrum","isPartOf":{"@id":"https:\/\/nyforetagarcentrum.se\/mellerstaostergotland\/#website"},"datePublished":"2026-02-06T09:21:47+00:00","dateModified":"2026-02-06T09:22:08+00:00","description":"Nyf\u00f6retagarcentrum i Mellersta \u00d6sterg\u00f6tland arrangerar inspirerande evenemang och utbildningar f\u00f6r dig som vill starta eget f\u00f6retag.","breadcrumb":{"@id":"https:\/\/nyforetagarcentrum.se\/mellerstaostergotland\/evenemang\/starta-eget-kurs-forsaljning-och-marknadsforing-2\/#breadcrumb"},"inLanguage":"sv-SE","potentialAction":[{"@type":"ReadAction","target":["https:\/\/nyforetagarcentrum.se\/mellerstaostergotland\/evenemang\/starta-eget-kurs-forsaljning-och-marknadsforing-2\/"]}]},{"@type":"BreadcrumbList","@id":"https:\/\/nyforetagarcentrum.se\/mellerstaostergotland\/evenemang\/starta-eget-kurs-forsaljning-och-marknadsforing-2\/#breadcrumb","itemListElement":[{"@type":"ListItem","position":1,"name":"Hem","item":"https:\/\/nyforetagarcentrum.se\/mellerstaostergotland\/"},{"@type":"ListItem","position":2,"name":"Evenemang","item":"https:\/\/nyforetagarcentrum.se\/mellerstaostergotland\/evenemang\/"},{"@type":"ListItem","position":3,"name":"Starta eget-kurs: F\u00f6rs\u00e4ljning och marknadsf\u00f6ring"}]},{"@type":"WebSite","@id":"https:\/\/nyforetagarcentrum.se\/mellerstaostergotland\/#website","url":"https:\/\/nyforetagarcentrum.se\/mellerstaostergotland\/","name":"Mellersta \u00d6sterg\u00f6tland","description":"Sveriges ledande kraft f\u00f6r fler nya livskraftiga f\u00f6retag","publisher":{"@id":"https:\/\/nyforetagarcentrum.se\/mellerstaostergotland\/#organization"},"potentialAction":[{"@type":"SearchAction","target":{"@type":"EntryPoint","urlTemplate":"https:\/\/nyforetagarcentrum.se\/mellerstaostergotland\/?s={search_term_string}"},"query-input":"required name=search_term_string"}],"inLanguage":"sv-SE"},{"@type":"Organization","@id":"https:\/\/nyforetagarcentrum.se\/mellerstaostergotland\/#organization","name":"Mellersta \u00d6sterg\u00f6tland","url":"https:\/\/nyforetagarcentrum.se\/mellerstaostergotland\/","logo":{"@type":"ImageObject","inLanguage":"sv-SE","@id":"https:\/\/nyforetagarcentrum.se\/mellerstaostergotland\/#\/schema\/logo\/image\/","url":"https:\/\/nyforetagarcentrum.se\/mellerstaostergotland\/wp-content\/uploads\/sites\/12\/2026\/04\/mellerstaostergotland_bla.png","contentUrl":"https:\/\/nyforetagarcentrum.se\/mellerstaostergotland\/wp-content\/uploads\/sites\/12\/2026\/04\/mellerstaostergotland_bla.png","width":870,"height":355,"caption":"Mellersta \u00d6sterg\u00f6tland"},"image":{"@id":"https:\/\/nyforetagarcentrum.se\/mellerstaostergotland\/#\/schema\/logo\/image\/"}}]}},"_links":{"self":[{"href":"https:\/\/nyforetagarcentrum.se\/mellerstaostergotland\/wp-json\/wp\/v2\/event\/5695"}],"collection":[{"href":"https:\/\/nyforetagarcentrum.se\/mellerstaostergotland\/wp-json\/wp\/v2\/event"}],"about":[{"href":"https:\/\/nyforetagarcentrum.se\/mellerstaostergotland\/wp-json\/wp\/v2\/types\/event"}],"version-history":[{"count":3,"href":"https:\/\/nyforetagarcentrum.se\/mellerstaostergotland\/wp-json\/wp\/v2\/event\/5695\/revisions"}],"predecessor-version":[{"id":5698,"href":"https:\/\/nyforetagarcentrum.se\/mellerstaostergotland\/wp-json\/wp\/v2\/event\/5695\/revisions\/5698"}],"wp:attachment":[{"href":"https:\/\/nyforetagarcentrum.se\/mellerstaostergotland\/wp-json\/wp\/v2\/media?parent=5695"}],"curies":[{"name":"wp","href":"https:\/\/api.w.org\/{rel}","templated":true}]}}

Starta eget-kurs: Försäljning och marknadsföring

<p>Lär dig nå ut med din affärsidé och skaffa kunder. Du får tips om marknadsföring, kommunikation och digital synlighet, viktiga delar i att driva företag idag.</p>



<p><strong>📅</strong> Tisdag 24/2 kl 16.30-19.30 <br><strong>📍</strong> Nyföretagarcentrum, Dospace Alfa, Industrigatan 5, Linköping</p>



<p>Kursen är kostnadsfri (om du avbokar vid förhinder). Begränsat antal platser.</p>



<p>Kursen är på svenska och du behöver både förstå och kunna prata svenska för att ha nytta av kursen.<br><br>Vi bjuder på smörgåsfika.</p>



<p>Frågor? Mejla&nbsp;<a href="mailto:mellerstaostergotland@nyforetagarcentrum.se">mellerstaostergotland@nyforetagarcentrum.se</a>.</p>

<!-- This site is optimized with the Yoast SEO plugin v22.9 - https://yoast.com/wordpress/plugins/seo/ -->
<title>Evenemang för företagare och blivande företagare i Mellersta Östergötland | Nyföretagarcentrum</title>
<meta name="description" content="Nyföretagarcentrum i Mellersta Östergötland arrangerar inspirerande evenemang och utbildningar för dig som vill starta eget företag." />
<meta name="robots" content="index, follow, max-snippet:-1, max-image-preview:large, max-video-preview:-1" />
<link rel="canonical" href="https://nyforetagarcentrum.se/mellerstaostergotland/evenemang/starta-eget-kurs-forsaljning-och-marknadsforing-2/" />
<meta property="og:locale" content="sv_SE" />
<meta property="og:type" content="article" />
<meta property="og:title" content="Evenemang för företagare och blivande företagare i Mellersta Östergötland | Nyföretagarcentrum" />
<meta property="og:description" content="Nyföretagarcentrum i Mellersta Östergötland arrangerar inspirerande evenemang och utbildningar för dig som vill starta eget företag." />
<meta property="og:url" content="https://nyforetagarcentrum.se/mellerstaostergotland/evenemang/starta-eget-kurs-forsaljning-och-marknadsforing-2/" />
<meta property="og:site_name" content="Mellersta Östergötland" />
<meta property="article:modified_time" content="2026-02-06T09:22:08+00:00" />
<meta name="twitter:card" content="summary_large_image" />
<meta name="twitter:label1" content="Beräknad lästid" />
	<meta name="twitter:data1" content="1 minut" />
<script type="application/ld+json" class="yoast-schema-graph">{"@context":"https://schema.org","@graph":[{"@type":"WebPage","@id":"https://nyforetagarcentrum.se/mellerstaostergotland/evenemang/starta-eget-kurs-forsaljning-och-marknadsforing-2/","url":"https://nyforetagarcentrum.se/mellerstaostergotland/evenemang/starta-eget-kurs-forsaljning-och-marknadsforing-2/","name":"Evenemang för företagare och blivande företagare i Mellersta Östergötland | Nyföretagarcentrum","isPartOf":{"@id":"https://nyforetagarcentrum.se/mellerstaostergotland/#website"},"datePublished":"2026-02-06T09:21:47+00:00","dateModified":"2026-02-06T09:22:08+00:00","description":"Nyföretagarcentrum i Mellersta Östergötland arrangerar inspirerande evenemang och utbildningar för dig som vill starta eget företag.","breadcrumb":{"@id":"https://nyforetagarcentrum.se/mellerstaostergotland/evenemang/starta-eget-kurs-forsaljning-och-marknadsforing-2/#breadcrumb"},"inLanguage":"sv-SE","potentialAction":[{"@type":"ReadAction","target":["https://nyforetagarcentrum.se/mellerstaostergotland/evenemang/starta-eget-kurs-forsaljning-och-marknadsforing-2/"]}]},{"@type":"BreadcrumbList","@id":"https://nyforetagarcentrum.se/mellerstaostergotland/evenemang/starta-eget-kurs-forsaljning-och-marknadsforing-2/#breadcrumb","itemListElement":[{"@type":"ListItem","position":1,"name":"Hem","item":"https://nyforetagarcentrum.se/mellerstaostergotland/"},{"@type":"ListItem","position":2,"name":"Evenemang","item":"https://nyforetagarcentrum.se/mellerstaostergotland/evenemang/"},{"@type":"ListItem","position":3,"name":"Starta eget-kurs: Försäljning och marknadsföring"}]},{"@type":"WebSite","@id":"https://nyforetagarcentrum.se/mellerstaostergotland/#website","url":"https://nyforetagarcentrum.se/mellerstaostergotland/","name":"Mellersta Östergötland","description":"Sveriges ledande kraft för fler nya livskraftiga företag","publisher":{"@id":"https://nyforetagarcentrum.se/mellerstaostergotland/#organization"},"potentialAction":[{"@type":"SearchAction","target":{"@type":"EntryPoint","urlTemplate":"https://nyforetagarcentrum.se/mellerstaostergotland/?s={search_term_string}"},"query-input":"required name=search_term_string"}],"inLanguage":"sv-SE"},{"@type":"Organization","@id":"https://nyforetagarcentrum.se/mellerstaostergotland/#organization","name":"Mellersta Östergötland","url":"https://nyforetagarcentrum.se/mellerstaostergotland/","logo":{"@type":"ImageObject","inLanguage":"sv-SE","@id":"https://nyforetagarcentrum.se/mellerstaostergotland/#/schema/logo/image/","url":"https://nyforetagarcentrum.se/mellerstaostergotland/wp-content/uploads/sites/12/2026/04/mellerstaostergotland_bla.png","contentUrl":"https://nyforetagarcentrum.se/mellerstaostergotland/wp-content/uploads/sites/12/2026/04/mellerstaostergotland_bla.png","width":870,"height":355,"caption":"Mellersta Östergötland"},"image":{"@id":"https://nyforetagarcentrum.se/mellerstaostergotland/#/schema/logo/image/"}}]}</script>
<!-- / Yoast SEO plugin. -->

Evenemang för företagare och blivande företagare i Mellersta Östergötland | Nyföretagarcentrum

Nyföretagarcentrum i Mellersta Östergötland arrangerar inspirerande evenemang och utbildningar för dig som vill starta eget företag.

Mellersta Östergötland

Sveriges ledande kraft för fler nya livskraftiga företag
