{"id":5690,"date":"2026-02-06T10:17:20","date_gmt":"2026-02-06T09:17:20","guid":{"rendered":"https:\/\/nyforetagarcentrum.se\/mellerstaostergotland\/?post_type=event&#038;p=5690"},"modified":"2026-02-06T10:17:55","modified_gmt":"2026-02-06T09:17:55","slug":"starta-eget-kurs-ekonomi-i-ditt-foretag-4","status":"publish","type":"event","link":"https:\/\/nyforetagarcentrum.se\/mellerstaostergotland\/evenemang\/starta-eget-kurs-ekonomi-i-ditt-foretag-4\/","title":{"rendered":"Starta eget-kurs: Ekonomi i ditt f\u00f6retag"},"content":{"rendered":"\n<p>F\u00e5 koll p\u00e5 budget, bokf\u00f6ring och l\u00f6nsamhet. Den h\u00e4r delen g\u00f6r ekonomi begriplig och ger dig kunskap om hur du hanterar skatter, avgifter och kostnader. M\u00e5nga deltagare beskriver detta moment som s\u00e4rskilt v\u00e4rdefullt, ett bra komplement till informationen du hittar via exempelvis Skatteverket eller Verksamt.se.<\/p>\n\n\n\n<p><strong>\ud83d\udcc5<\/strong>\u00a010\/2 kl 16.30 &#8211; 19.30<br><strong>\ud83d\udccd<\/strong>\u00a0Nyf\u00f6retagarcentrum, Dospace Alfa, Industrigatan 5, Link\u00f6ping<\/p>\n\n\n\n<p>Kursen \u00e4r kostnadsfri (om du avbokar vid f\u00f6rhinder). Begr\u00e4nsat antal platser.<\/p>\n\n\n\n<p>Kursen \u00e4r p\u00e5 svenska och du beh\u00f6ver b\u00e5de f\u00f6rst\u00e5 och kunna prata svenska f\u00f6r att ha nytta av kursen.<br><br>Vi bjuder p\u00e5 sm\u00f6rg\u00e5sfika.<\/p>\n\n\n\n<p>Fr\u00e5gor? Mejla&nbsp;<a href=\"mailto:mellerstaostergotland@nyforetagarcentrum.se\">mellerstaostergotland@nyforetagarcentrum.se<\/a>.<\/p>\n","protected":false},"template":"","meta":{"footnotes":""},"acf":[],"yoast_head":"<!-- This site is optimized with the Yoast SEO plugin v22.9 - https:\/\/yoast.com\/wordpress\/plugins\/seo\/ -->\n<title>Evenemang f\u00f6r blivande f\u00f6retagare i Mellersta \u00d6sterg\u00f6tland | Nyf\u00f6retagarcentrum<\/title>\n<meta name=\"description\" content=\"Nyf\u00f6retagarcentrum i Mellersta \u00d6sterg\u00f6tland arrangerar inspirerande evenemang och utbildningar f\u00f6r dig som vill starta eget f\u00f6retag.\" \/>\n<meta name=\"robots\" content=\"index, follow, max-snippet:-1, max-image-preview:large, max-video-preview:-1\" \/>\n<link rel=\"canonical\" href=\"https:\/\/nyforetagarcentrum.se\/mellerstaostergotland\/evenemang\/starta-eget-kurs-ekonomi-i-ditt-foretag-4\/\" \/>\n<meta property=\"og:locale\" content=\"sv_SE\" \/>\n<meta property=\"og:type\" content=\"article\" \/>\n<meta property=\"og:title\" content=\"Evenemang f\u00f6r blivande f\u00f6retagare i Mellersta \u00d6sterg\u00f6tland | Nyf\u00f6retagarcentrum\" \/>\n<meta property=\"og:description\" content=\"Nyf\u00f6retagarcentrum i Mellersta \u00d6sterg\u00f6tland arrangerar inspirerande evenemang och utbildningar f\u00f6r dig som vill starta eget f\u00f6retag.\" \/>\n<meta property=\"og:url\" content=\"https:\/\/nyforetagarcentrum.se\/mellerstaostergotland\/evenemang\/starta-eget-kurs-ekonomi-i-ditt-foretag-4\/\" \/>\n<meta property=\"og:site_name\" content=\"Mellersta \u00d6sterg\u00f6tland\" \/>\n<meta property=\"article:modified_time\" content=\"2026-02-06T09:17:55+00:00\" \/>\n<meta name=\"twitter:card\" content=\"summary_large_image\" \/>\n<meta name=\"twitter:label1\" content=\"Ber\u00e4knad l\u00e4stid\" \/>\n\t<meta name=\"twitter:data1\" content=\"1 minut\" \/>\n<script type=\"application\/ld+json\" class=\"yoast-schema-graph\">{\"@context\":\"https:\/\/schema.org\",\"@graph\":[{\"@type\":\"WebPage\",\"@id\":\"https:\/\/nyforetagarcentrum.se\/mellerstaostergotland\/evenemang\/starta-eget-kurs-ekonomi-i-ditt-foretag-4\/\",\"url\":\"https:\/\/nyforetagarcentrum.se\/mellerstaostergotland\/evenemang\/starta-eget-kurs-ekonomi-i-ditt-foretag-4\/\",\"name\":\"Evenemang f\u00f6r blivande f\u00f6retagare i Mellersta \u00d6sterg\u00f6tland | Nyf\u00f6retagarcentrum\",\"isPartOf\":{\"@id\":\"https:\/\/nyforetagarcentrum.se\/mellerstaostergotland\/#website\"},\"datePublished\":\"2026-02-06T09:17:20+00:00\",\"dateModified\":\"2026-02-06T09:17:55+00:00\",\"description\":\"Nyf\u00f6retagarcentrum i Mellersta \u00d6sterg\u00f6tland arrangerar inspirerande evenemang och utbildningar f\u00f6r dig som vill starta eget f\u00f6retag.\",\"breadcrumb\":{\"@id\":\"https:\/\/nyforetagarcentrum.se\/mellerstaostergotland\/evenemang\/starta-eget-kurs-ekonomi-i-ditt-foretag-4\/#breadcrumb\"},\"inLanguage\":\"sv-SE\",\"potentialAction\":[{\"@type\":\"ReadAction\",\"target\":[\"https:\/\/nyforetagarcentrum.se\/mellerstaostergotland\/evenemang\/starta-eget-kurs-ekonomi-i-ditt-foretag-4\/\"]}]},{\"@type\":\"BreadcrumbList\",\"@id\":\"https:\/\/nyforetagarcentrum.se\/mellerstaostergotland\/evenemang\/starta-eget-kurs-ekonomi-i-ditt-foretag-4\/#breadcrumb\",\"itemListElement\":[{\"@type\":\"ListItem\",\"position\":1,\"name\":\"Hem\",\"item\":\"https:\/\/nyforetagarcentrum.se\/mellerstaostergotland\/\"},{\"@type\":\"ListItem\",\"position\":2,\"name\":\"Evenemang\",\"item\":\"https:\/\/nyforetagarcentrum.se\/mellerstaostergotland\/evenemang\/\"},{\"@type\":\"ListItem\",\"position\":3,\"name\":\"Starta eget-kurs: Ekonomi i ditt f\u00f6retag\"}]},{\"@type\":\"WebSite\",\"@id\":\"https:\/\/nyforetagarcentrum.se\/mellerstaostergotland\/#website\",\"url\":\"https:\/\/nyforetagarcentrum.se\/mellerstaostergotland\/\",\"name\":\"Mellersta \u00d6sterg\u00f6tland\",\"description\":\"Sveriges ledande kraft f\u00f6r fler nya livskraftiga f\u00f6retag\",\"publisher\":{\"@id\":\"https:\/\/nyforetagarcentrum.se\/mellerstaostergotland\/#organization\"},\"potentialAction\":[{\"@type\":\"SearchAction\",\"target\":{\"@type\":\"EntryPoint\",\"urlTemplate\":\"https:\/\/nyforetagarcentrum.se\/mellerstaostergotland\/?s={search_term_string}\"},\"query-input\":\"required name=search_term_string\"}],\"inLanguage\":\"sv-SE\"},{\"@type\":\"Organization\",\"@id\":\"https:\/\/nyforetagarcentrum.se\/mellerstaostergotland\/#organization\",\"name\":\"Mellersta \u00d6sterg\u00f6tland\",\"url\":\"https:\/\/nyforetagarcentrum.se\/mellerstaostergotland\/\",\"logo\":{\"@type\":\"ImageObject\",\"inLanguage\":\"sv-SE\",\"@id\":\"https:\/\/nyforetagarcentrum.se\/mellerstaostergotland\/#\/schema\/logo\/image\/\",\"url\":\"https:\/\/nyforetagarcentrum.se\/mellerstaostergotland\/wp-content\/uploads\/sites\/12\/2026\/04\/mellerstaostergotland_bla.png\",\"contentUrl\":\"https:\/\/nyforetagarcentrum.se\/mellerstaostergotland\/wp-content\/uploads\/sites\/12\/2026\/04\/mellerstaostergotland_bla.png\",\"width\":870,\"height\":355,\"caption\":\"Mellersta \u00d6sterg\u00f6tland\"},\"image\":{\"@id\":\"https:\/\/nyforetagarcentrum.se\/mellerstaostergotland\/#\/schema\/logo\/image\/\"}}]}<\/script>\n<!-- \/ Yoast SEO plugin. -->","yoast_head_json":{"title":"Evenemang f\u00f6r blivande f\u00f6retagare i Mellersta \u00d6sterg\u00f6tland | Nyf\u00f6retagarcentrum","description":"Nyf\u00f6retagarcentrum i Mellersta \u00d6sterg\u00f6tland arrangerar inspirerande evenemang och utbildningar f\u00f6r dig som vill starta eget f\u00f6retag.","robots":{"index":"index","follow":"follow","max-snippet":"max-snippet:-1","max-image-preview":"max-image-preview:large","max-video-preview":"max-video-preview:-1"},"canonical":"https:\/\/nyforetagarcentrum.se\/mellerstaostergotland\/evenemang\/starta-eget-kurs-ekonomi-i-ditt-foretag-4\/","og_locale":"sv_SE","og_type":"article","og_title":"Evenemang f\u00f6r blivande f\u00f6retagare i Mellersta \u00d6sterg\u00f6tland | Nyf\u00f6retagarcentrum","og_description":"Nyf\u00f6retagarcentrum i Mellersta \u00d6sterg\u00f6tland arrangerar inspirerande evenemang och utbildningar f\u00f6r dig som vill starta eget f\u00f6retag.","og_url":"https:\/\/nyforetagarcentrum.se\/mellerstaostergotland\/evenemang\/starta-eget-kurs-ekonomi-i-ditt-foretag-4\/","og_site_name":"Mellersta \u00d6sterg\u00f6tland","article_modified_time":"2026-02-06T09:17:55+00:00","twitter_card":"summary_large_image","twitter_misc":{"Ber\u00e4knad l\u00e4stid":"1 minut"},"schema":{"@context":"https:\/\/schema.org","@graph":[{"@type":"WebPage","@id":"https:\/\/nyforetagarcentrum.se\/mellerstaostergotland\/evenemang\/starta-eget-kurs-ekonomi-i-ditt-foretag-4\/","url":"https:\/\/nyforetagarcentrum.se\/mellerstaostergotland\/evenemang\/starta-eget-kurs-ekonomi-i-ditt-foretag-4\/","name":"Evenemang f\u00f6r blivande f\u00f6retagare i Mellersta \u00d6sterg\u00f6tland | Nyf\u00f6retagarcentrum","isPartOf":{"@id":"https:\/\/nyforetagarcentrum.se\/mellerstaostergotland\/#website"},"datePublished":"2026-02-06T09:17:20+00:00","dateModified":"2026-02-06T09:17:55+00:00","description":"Nyf\u00f6retagarcentrum i Mellersta \u00d6sterg\u00f6tland arrangerar inspirerande evenemang och utbildningar f\u00f6r dig som vill starta eget f\u00f6retag.","breadcrumb":{"@id":"https:\/\/nyforetagarcentrum.se\/mellerstaostergotland\/evenemang\/starta-eget-kurs-ekonomi-i-ditt-foretag-4\/#breadcrumb"},"inLanguage":"sv-SE","potentialAction":[{"@type":"ReadAction","target":["https:\/\/nyforetagarcentrum.se\/mellerstaostergotland\/evenemang\/starta-eget-kurs-ekonomi-i-ditt-foretag-4\/"]}]},{"@type":"BreadcrumbList","@id":"https:\/\/nyforetagarcentrum.se\/mellerstaostergotland\/evenemang\/starta-eget-kurs-ekonomi-i-ditt-foretag-4\/#breadcrumb","itemListElement":[{"@type":"ListItem","position":1,"name":"Hem","item":"https:\/\/nyforetagarcentrum.se\/mellerstaostergotland\/"},{"@type":"ListItem","position":2,"name":"Evenemang","item":"https:\/\/nyforetagarcentrum.se\/mellerstaostergotland\/evenemang\/"},{"@type":"ListItem","position":3,"name":"Starta eget-kurs: Ekonomi i ditt f\u00f6retag"}]},{"@type":"WebSite","@id":"https:\/\/nyforetagarcentrum.se\/mellerstaostergotland\/#website","url":"https:\/\/nyforetagarcentrum.se\/mellerstaostergotland\/","name":"Mellersta \u00d6sterg\u00f6tland","description":"Sveriges ledande kraft f\u00f6r fler nya livskraftiga f\u00f6retag","publisher":{"@id":"https:\/\/nyforetagarcentrum.se\/mellerstaostergotland\/#organization"},"potentialAction":[{"@type":"SearchAction","target":{"@type":"EntryPoint","urlTemplate":"https:\/\/nyforetagarcentrum.se\/mellerstaostergotland\/?s={search_term_string}"},"query-input":"required name=search_term_string"}],"inLanguage":"sv-SE"},{"@type":"Organization","@id":"https:\/\/nyforetagarcentrum.se\/mellerstaostergotland\/#organization","name":"Mellersta \u00d6sterg\u00f6tland","url":"https:\/\/nyforetagarcentrum.se\/mellerstaostergotland\/","logo":{"@type":"ImageObject","inLanguage":"sv-SE","@id":"https:\/\/nyforetagarcentrum.se\/mellerstaostergotland\/#\/schema\/logo\/image\/","url":"https:\/\/nyforetagarcentrum.se\/mellerstaostergotland\/wp-content\/uploads\/sites\/12\/2026\/04\/mellerstaostergotland_bla.png","contentUrl":"https:\/\/nyforetagarcentrum.se\/mellerstaostergotland\/wp-content\/uploads\/sites\/12\/2026\/04\/mellerstaostergotland_bla.png","width":870,"height":355,"caption":"Mellersta \u00d6sterg\u00f6tland"},"image":{"@id":"https:\/\/nyforetagarcentrum.se\/mellerstaostergotland\/#\/schema\/logo\/image\/"}}]}},"_links":{"self":[{"href":"https:\/\/nyforetagarcentrum.se\/mellerstaostergotland\/wp-json\/wp\/v2\/event\/5690"}],"collection":[{"href":"https:\/\/nyforetagarcentrum.se\/mellerstaostergotland\/wp-json\/wp\/v2\/event"}],"about":[{"href":"https:\/\/nyforetagarcentrum.se\/mellerstaostergotland\/wp-json\/wp\/v2\/types\/event"}],"version-history":[{"count":4,"href":"https:\/\/nyforetagarcentrum.se\/mellerstaostergotland\/wp-json\/wp\/v2\/event\/5690\/revisions"}],"predecessor-version":[{"id":5694,"href":"https:\/\/nyforetagarcentrum.se\/mellerstaostergotland\/wp-json\/wp\/v2\/event\/5690\/revisions\/5694"}],"wp:attachment":[{"href":"https:\/\/nyforetagarcentrum.se\/mellerstaostergotland\/wp-json\/wp\/v2\/media?parent=5690"}],"curies":[{"name":"wp","href":"https:\/\/api.w.org\/{rel}","templated":true}]}}

Starta eget-kurs: Ekonomi i ditt företag

<p>Få koll på budget, bokföring och lönsamhet. Den här delen gör ekonomi begriplig och ger dig kunskap om hur du hanterar skatter, avgifter och kostnader. Många deltagare beskriver detta moment som särskilt värdefullt, ett bra komplement till informationen du hittar via exempelvis Skatteverket eller Verksamt.se.</p>



<p><strong>📅</strong> 10/2 kl 16.30 &#8211; 19.30<br><strong>📍</strong> Nyföretagarcentrum, Dospace Alfa, Industrigatan 5, Linköping</p>



<p>Kursen är kostnadsfri (om du avbokar vid förhinder). Begränsat antal platser.</p>



<p>Kursen är på svenska och du behöver både förstå och kunna prata svenska för att ha nytta av kursen.<br><br>Vi bjuder på smörgåsfika.</p>



<p>Frågor? Mejla&nbsp;<a href="mailto:mellerstaostergotland@nyforetagarcentrum.se">mellerstaostergotland@nyforetagarcentrum.se</a>.</p>

<!-- This site is optimized with the Yoast SEO plugin v22.9 - https://yoast.com/wordpress/plugins/seo/ -->
<title>Evenemang för blivande företagare i Mellersta Östergötland | Nyföretagarcentrum</title>
<meta name="description" content="Nyföretagarcentrum i Mellersta Östergötland arrangerar inspirerande evenemang och utbildningar för dig som vill starta eget företag." />
<meta name="robots" content="index, follow, max-snippet:-1, max-image-preview:large, max-video-preview:-1" />
<link rel="canonical" href="https://nyforetagarcentrum.se/mellerstaostergotland/evenemang/starta-eget-kurs-ekonomi-i-ditt-foretag-4/" />
<meta property="og:locale" content="sv_SE" />
<meta property="og:type" content="article" />
<meta property="og:title" content="Evenemang för blivande företagare i Mellersta Östergötland | Nyföretagarcentrum" />
<meta property="og:description" content="Nyföretagarcentrum i Mellersta Östergötland arrangerar inspirerande evenemang och utbildningar för dig som vill starta eget företag." />
<meta property="og:url" content="https://nyforetagarcentrum.se/mellerstaostergotland/evenemang/starta-eget-kurs-ekonomi-i-ditt-foretag-4/" />
<meta property="og:site_name" content="Mellersta Östergötland" />
<meta property="article:modified_time" content="2026-02-06T09:17:55+00:00" />
<meta name="twitter:card" content="summary_large_image" />
<meta name="twitter:label1" content="Beräknad lästid" />
	<meta name="twitter:data1" content="1 minut" />
<script type="application/ld+json" class="yoast-schema-graph">{"@context":"https://schema.org","@graph":[{"@type":"WebPage","@id":"https://nyforetagarcentrum.se/mellerstaostergotland/evenemang/starta-eget-kurs-ekonomi-i-ditt-foretag-4/","url":"https://nyforetagarcentrum.se/mellerstaostergotland/evenemang/starta-eget-kurs-ekonomi-i-ditt-foretag-4/","name":"Evenemang för blivande företagare i Mellersta Östergötland | Nyföretagarcentrum","isPartOf":{"@id":"https://nyforetagarcentrum.se/mellerstaostergotland/#website"},"datePublished":"2026-02-06T09:17:20+00:00","dateModified":"2026-02-06T09:17:55+00:00","description":"Nyföretagarcentrum i Mellersta Östergötland arrangerar inspirerande evenemang och utbildningar för dig som vill starta eget företag.","breadcrumb":{"@id":"https://nyforetagarcentrum.se/mellerstaostergotland/evenemang/starta-eget-kurs-ekonomi-i-ditt-foretag-4/#breadcrumb"},"inLanguage":"sv-SE","potentialAction":[{"@type":"ReadAction","target":["https://nyforetagarcentrum.se/mellerstaostergotland/evenemang/starta-eget-kurs-ekonomi-i-ditt-foretag-4/"]}]},{"@type":"BreadcrumbList","@id":"https://nyforetagarcentrum.se/mellerstaostergotland/evenemang/starta-eget-kurs-ekonomi-i-ditt-foretag-4/#breadcrumb","itemListElement":[{"@type":"ListItem","position":1,"name":"Hem","item":"https://nyforetagarcentrum.se/mellerstaostergotland/"},{"@type":"ListItem","position":2,"name":"Evenemang","item":"https://nyforetagarcentrum.se/mellerstaostergotland/evenemang/"},{"@type":"ListItem","position":3,"name":"Starta eget-kurs: Ekonomi i ditt företag"}]},{"@type":"WebSite","@id":"https://nyforetagarcentrum.se/mellerstaostergotland/#website","url":"https://nyforetagarcentrum.se/mellerstaostergotland/","name":"Mellersta Östergötland","description":"Sveriges ledande kraft för fler nya livskraftiga företag","publisher":{"@id":"https://nyforetagarcentrum.se/mellerstaostergotland/#organization"},"potentialAction":[{"@type":"SearchAction","target":{"@type":"EntryPoint","urlTemplate":"https://nyforetagarcentrum.se/mellerstaostergotland/?s={search_term_string}"},"query-input":"required name=search_term_string"}],"inLanguage":"sv-SE"},{"@type":"Organization","@id":"https://nyforetagarcentrum.se/mellerstaostergotland/#organization","name":"Mellersta Östergötland","url":"https://nyforetagarcentrum.se/mellerstaostergotland/","logo":{"@type":"ImageObject","inLanguage":"sv-SE","@id":"https://nyforetagarcentrum.se/mellerstaostergotland/#/schema/logo/image/","url":"https://nyforetagarcentrum.se/mellerstaostergotland/wp-content/uploads/sites/12/2026/04/mellerstaostergotland_bla.png","contentUrl":"https://nyforetagarcentrum.se/mellerstaostergotland/wp-content/uploads/sites/12/2026/04/mellerstaostergotland_bla.png","width":870,"height":355,"caption":"Mellersta Östergötland"},"image":{"@id":"https://nyforetagarcentrum.se/mellerstaostergotland/#/schema/logo/image/"}}]}</script>
<!-- / Yoast SEO plugin. -->

Evenemang för blivande företagare i Mellersta Östergötland | Nyföretagarcentrum

Nyföretagarcentrum i Mellersta Östergötland arrangerar inspirerande evenemang och utbildningar för dig som vill starta eget företag.

Mellersta Östergötland

Sveriges ledande kraft för fler nya livskraftiga företag
