{"id":169,"date":"2024-02-27T16:06:59","date_gmt":"2024-02-27T15:06:59","guid":{"rendered":"https:\/\/nyforetagarcentrum.se\/lund\/?page_id=169"},"modified":"2024-06-25T15:07:32","modified_gmt":"2024-06-25T13:07:32","slug":"kontakt","status":"publish","type":"page","link":"https:\/\/nyforetagarcentrum.se\/lund\/kontakt\/","title":{"rendered":"Kontakt"},"content":{"rendered":"\n<div style=\"height:24px\" aria-hidden=\"true\" class=\"wp-block-spacer\"><\/div>\n\n\n<section  class=\"nfc-block-breadcrumbs alignwide\">\n    <div class=\"wrapper contained\">\n        <ol class=\"breadcrumbs\" itemscope itemtype=\"https:\/\/schema.org\/BreadcrumbList\">\n            <li itemprop=\"itemListElement\" itemscope itemtype=\"https:\/\/schema.org\/ListItem\">\n            \n\n                            <span class=\"current\" itemprop=\"name\">Hem<\/span>\n            \n            <meta itemprop=\"position\" content=\"1\" \/>\n        <\/li>\n    <\/ol>    <\/div>\n<\/section>\n\n\n<div style=\"height:48px\" aria-hidden=\"true\" class=\"wp-block-spacer\"><\/div>\n\n\n\n<div class=\"wp-block-group alignwide is-layout-constrained wp-block-group-is-layout-constrained\">\n<div class=\"wp-block-columns alignfull is-layout-flex wp-container-core-columns-is-layout-1 wp-block-columns-is-layout-flex\">\n<div class=\"wp-block-column is-layout-flow wp-block-column-is-layout-flow\">\n<h1 class=\"wp-block-heading has-text-align-left\">Kontakta oss<\/h1>\n<\/div>\n\n\n\n<div class=\"wp-block-column is-layout-flow wp-block-column-is-layout-flow\"><section  class=\"nfc-block-form aligncenter layout-small\">\n    <div class=\"contained\">\n\n        <form data-nfc-form=\"block_e80be86227aaa47b072ad803ca372fc2\" data-nfc-page=\"169\">\n            <label class=\"input-wrapper required\" for=\"namn-och-efternamn\">\n    <span>Namn och Efternamn<\/span>\n    <input type=\"text\" name=\"namn-och-efternamn\" id=\"namn-och-efternamn\" placeholder=\"Ditt namn\" required>\n<\/label><label class=\"input-wrapper required\" for=\"mailadress\">\n    <span>Mailadress<\/span>\n    <input type=\"text\" name=\"mailadress\" id=\"mailadress\" placeholder=\"Din mailadress\" required>\n<\/label><label class=\"input-wrapper\" for=\"telefonnummer\">\n    <span>Telefonnummer<\/span>\n    <input type=\"number\" name=\"telefonnummer\" id=\"telefonnummer\" placeholder=\"Ditt telefonnummer\" >\n<\/label><label class=\"input-wrapper required\" for=\"meddelande\">\n    <span>Meddelande<\/span>\n    <textarea type=\"text\" name=\"meddelande\" id=\"meddelande\" placeholder=\"Skriv ditt meddelande h\u00e4r\" required rows=\"6\"><\/textarea>\n<\/label>\n            <div class=\"input-wrapper\">\n                <button type=\"submit\" class=\"button\">Skicka<\/button>\n            <\/div>\n        <\/form>\n    <\/div>\n<\/section><\/div>\n<\/div>\n<\/div>\n\n\n\n<div style=\"height:100px\" aria-hidden=\"true\" class=\"wp-block-spacer\"><\/div>\n\n\n<section  class=\"nfc-block-split_screen alignwide image_alignment-right mobile_full_width theme-dark\">\n    <div class=\"wrapper\">\n        <div class=\"nfc-block-split_screen__image-wrapper\">\n            <img loading=\"lazy\" decoding=\"async\" width=\"1280\" height=\"960\" src=\"https:\/\/nyforetagarcentrum.se\/lund\/wp-content\/uploads\/sites\/62\/2024\/05\/ideon-alfa-ingang.jpg\" class=\"attachment-landscape size-landscape\" alt=\"\" srcset=\"https:\/\/nyforetagarcentrum.se\/lund\/wp-content\/uploads\/sites\/62\/2024\/05\/ideon-alfa-ingang.jpg 1280w, https:\/\/nyforetagarcentrum.se\/lund\/wp-content\/uploads\/sites\/62\/2024\/05\/ideon-alfa-ingang-300x225.jpg 300w, https:\/\/nyforetagarcentrum.se\/lund\/wp-content\/uploads\/sites\/62\/2024\/05\/ideon-alfa-ingang-1024x768.jpg 1024w, https:\/\/nyforetagarcentrum.se\/lund\/wp-content\/uploads\/sites\/62\/2024\/05\/ideon-alfa-ingang-768x576.jpg 768w\" sizes=\"(max-width: 1280px) 100vw, 1280px\" \/>        <\/div>\n\n        <div class=\"nfc-block-split_screen__content-wrapper\">\n            <h2>Nyf\u00f6retagarCentrum Lund<\/h2>\n<p>Ideon Alfa Agora<br \/>\nAdress: Scheelev\u00e4gen 15, 2 v\u00e5n, Hus Alfa3.<br \/>\nTelefon: 046-286 88 00<br \/>\nE-post:\u00a0<a href=\"mailto:lund@nyforetagarcentrum.se\">lund@nyforetagarcentrum.se<\/a><\/p>\n<p>Vill du ha kontakt ang\u00e5ende din r\u00e5dgivning s\u00e5 ska du ringa direkt till din\u00a0r\u00e5dgivare.<\/p>\n\n                            <div class=\"nfc-block-split_screen__buttons\">\n                                            <a href=\"\/lund\/vara-radgivare\/\" class=\"button primary\">Kontakta r\u00e5dgivare<\/a>\n                                    <\/div>\n            \n        <\/div>\n    <\/div>\n<\/section>\n\n\n<div style=\"height:48px\" aria-hidden=\"true\" class=\"wp-block-spacer\"><\/div>\n\n\n\n<div class=\"wp-block-group is-layout-constrained wp-block-group-is-layout-constrained\">\n<h2 class=\"wp-block-heading\">Hitta till LNC \u2013 ta v\u00e4stra ing\u00e5ngen (Ole R\u00f6mers v\u00e4g)<\/h2>\n\n\n\n<p>Det finns flera ing\u00e5ngar till byggnaden f\u00f6r att komma till Ideon Agora (en del av huset Ideon Alfa 3-6), d\u00e4r vi finns p\u00e5 andra v\u00e5ningen. V\u00e5r adress \u00e4r Scheelev\u00e4gen 15 vilket inneb\u00e4r att man l\u00e4tt hamnar vid ing\u00e5ngen p\u00e5 den \u00f6stra sidan. Fr\u00e5n denna \u00e4r det sv\u00e5rt att hitta inne i byggnaden. Om du \u00e4r d\u00e4r s\u00e5 g\u00e5 runt huset till den v\u00e4stra ing\u00e5ngen.<\/p>\n\n\n\n<p>Vi rekommenderar s\u00e5ledes att du tar ing\u00e5ngen v\u00e4sterifr\u00e5n som v\u00e4tter mot Ole R\u00f6mers v\u00e4g, f\u00f6r att hitta till oss p\u00e5 enklaste s\u00e4tt (just nu \u00e4r det tyv\u00e4rr en byggarbetsplats n\u00e4ra ing\u00e5ngen och parkeringen).<\/p>\n\n\n\n<p>Kommer du d\u00e5 med:<\/p>\n\n\n\n<h4 class=\"wp-block-heading\">Bil<\/h4>\n\n\n\n<p>D\u00e5 rekommenderar vi att du anv\u00e4nder parkeringsplatsen (precis intill Ole R\u00f6mers v\u00e4g) som ligger v\u00e4ster om ing\u00e5ngen, d\u00e5 kommer du n\u00e4rmast.<\/p>\n\n\n\n<h4 class=\"wp-block-heading\">Sp\u00e5rv\u00e4gen<\/h4>\n\n\n\n<p>H\u00e5llplats Ideontorget ligger 500 meter norr om oss och det tar ca 6 minuter att g\u00e5.<\/p>\n\n\n\n<h4 class=\"wp-block-heading\">Buss<\/h4>\n\n\n\n<ul>\n<li><em>H\u00e5llplats Warholms v\u00e4g<\/em>&nbsp;(buss 3 och 6 stannar h\u00e4r) ligger s\u00f6der om. G\u00e5 f\u00f6rbi EkonomiCentrum s\u00e5 att du har det t\u00e4tt intill p\u00e5 v\u00e4nster sida. P\u00e5 h\u00f6ger sida har du en ICA-butik. F\u00f6lj g\u00e5ngv\u00e4gen rakt norrut i ca 250 meter s\u00e5 kommer du till entr\u00e9n.<\/li>\n\n\n\n<li><em>H\u00e5llplats Ole R\u00f6mers v\u00e4g<\/em>&nbsp;(regionbussar 170, 171 och 103 stannar h\u00e4r) ligger precis norr om huset. G\u00e5 s\u00f6derut ca 150 meter s\u00e5 kommer du till entr\u00e9n.<\/li>\n<\/ul>\n\n\n\n<h4 class=\"wp-block-heading\">Cykel<\/h4>\n\n\n\n<p>Cykelst\u00e4ll finns utanf\u00f6r ing\u00e5ngen<\/p>\n\n\n\n<h4 class=\"wp-block-heading\">Inne i byggnaden<\/h4>\n\n\n\n<p>N\u00e4r du kommer in i byggnaden ligger en reception p\u00e5 h\u00f6ger sida och rakt fram ligger Ideon Agora med ett kaf\u00e9. Ta till v\u00e4nster och snart ser du en ing\u00e5ng p\u00e5 h\u00f6ger sida (skylt Alfa 4). D\u00e4r finner du en trappa. Vi finns p\u00e5 andra v\u00e5ningen. Ring p\u00e5 klockan s\u00e5 kommer vi och \u00f6ppnar. V\u00e4lkommen!<\/p>\n\n\n\n<figure class=\"wp-block-image size-full\"><img loading=\"lazy\" decoding=\"async\" width=\"1024\" height=\"1024\" src=\"https:\/\/nyforetagarcentrum.se\/lund\/wp-content\/uploads\/sites\/62\/2024\/05\/lnc-karta-03.jpg\" alt=\"\" class=\"wp-image-754\" srcset=\"https:\/\/nyforetagarcentrum.se\/lund\/wp-content\/uploads\/sites\/62\/2024\/05\/lnc-karta-03.jpg 1024w, https:\/\/nyforetagarcentrum.se\/lund\/wp-content\/uploads\/sites\/62\/2024\/05\/lnc-karta-03-300x300.jpg 300w, https:\/\/nyforetagarcentrum.se\/lund\/wp-content\/uploads\/sites\/62\/2024\/05\/lnc-karta-03-150x150.jpg 150w, https:\/\/nyforetagarcentrum.se\/lund\/wp-content\/uploads\/sites\/62\/2024\/05\/lnc-karta-03-768x768.jpg 768w\" sizes=\"(max-width: 1024px) 100vw, 1024px\" \/><\/figure>\n<\/div>\n\n\n\n<div style=\"height:100px\" aria-hidden=\"true\" class=\"wp-block-spacer\"><\/div>\n\n\n<script>const member_map_block_28c4693fae6a56f05f8325ddd828db54 = [{\"id\":\"62-326\",\"lng\":13.2160441,\"lat\":55.711704,\"title\":\"Nyf\\u00f6retagarCentrum Lund\",\"address\":\"Scheelev\\u00e4gen 15, 223 63  Lund\"},{\"id\":\"62-1815\",\"lng\":13.0943597,\"lat\":55.6858434,\"title\":\"Nyf\\u00f6retagarCentrum Lund i Alnarp\",\"address\":\"Green Innovation Park, Slottsv\\u00e4gen 1 (ing\\u00e5ng p\\u00e5 baksidan), 234 56 Alnarp\"}];<\/script>\n\n<!-- Loads the google map api. -->\n<script type=\"text\/javascript\" src=\"\/\/maps.googleapis.com\/maps\/api\/js?key=AIzaSyDGhZjiYRUYd9Gp8cEzhhoiQNx5apfS6jM&#038;sensor=false\"><\/script>\n\n<section  class=\"nfc-block-locations alignwide\">\n\n    <div class=\"search-wrapper\">\n        <input type=\"text\" id=\"search-location\" placeholder=\"S\u00f6k p\u00e5 ort eller adress\">\n    <\/div>\n\n    <div class=\"location-list\">\n\n                    <div class=\"location\" id=\"location-62-326\">\n                <h2 class=\"location-title\">Nyf\u00f6retagarCentrum Lund<\/h2>\n\n                <div class=\"address-container\">\n                    <p>Scheelev\u00e4gen 15<\/p>\n                    <p>223 63  Lund<\/p>\n                <\/div>\n\n                                    <a href=\"https:\/\/www.nyforetagarcentrum.se\/lund\/\" class=\"location-link\" target=\"_blank\" rel=\"noopener noreferrer\">https:\/\/www.nyforetagarcentrum.se\/lund\/<\/a>\n                \n            <\/div>\n                    <div class=\"location\" id=\"location-62-1815\">\n                <h2 class=\"location-title\">Nyf\u00f6retagarCentrum Lund i Alnarp<\/h2>\n\n                <div class=\"address-container\">\n                    <p>Green Innovation Park, Slottsv\u00e4gen 1 (ing\u00e5ng p\u00e5 baksidan)<\/p>\n                    <p>234 56 Alnarp<\/p>\n                <\/div>\n\n                                    <a href=\"https:\/\/www.nyforetagarcentrum.se\/lund\/\" class=\"location-link\" target=\"_blank\" rel=\"noopener noreferrer\">https:\/\/www.nyforetagarcentrum.se\/lund\/<\/a>\n                \n            <\/div>\n        \n    <\/div>\n    <div class=\"location-map\" id=\"map\">\n        <noscript><p>JavaScript is required to render the Google Map.<\/p><\/noscript>\n    <\/div>\n<\/section>\n\n\n\n<script>\n\n\t\/\/ Initialize and add the map\n\tlet map;\n\n\tasync function initMap() {\n\n        \/\/ Fetch the current position based on the user's IP address.\n        const userLocation = await fetch('https:\/\/ipapi.co\/json\/')\n            .then(response => response.json())\n            .then(data => {\n                return {\n                    lat: data.latitude,\n                    lng: data.longitude\n                };\n            })\n            .catch(error => {\n                console.error('Error:', error);\n            });\n\n\n\n\t\t\/\/ Request needed libraries.\n\t\tconst { Map } = await google.maps.importLibrary(\"maps\");\n\t\tconst { AdvancedMarkerElement } = await google.maps.importLibrary(\"marker\");\n\n\t\t\/\/ The map, centered at Uluru\n\t\tmap = new google.maps.Map(document.getElementById(\"map\"), {\n\t\t\tzoom: 5,\n\t\t\tmapId: \"7883236a355b0892\"\n\t\t});\n\n\n\t\t\/\/ Add the pins\n\t\tconst pins = member_map_block_28c4693fae6a56f05f8325ddd828db54;\n\t\tconst markers = pins.map(pin => {\n\n            const lat = Number(pin.lat);\n            const lng = Number(pin.lng);\n                        \n            if (isNaN(lat) || isNaN(lng)) {\n                console.warn('Skipping marker with invalid coordinates:', pin.title);\n                return null;\n            }\n                        \n            const marker = new AdvancedMarkerElement({\n                position: { lat, lng },\n                map,\n                title: pin.title,\n            });\n                        \n            marker.addListener('gmp-click', () => {\n                const el = document.getElementById('location-' + pin.id);\n                if ( ! el ) {\n                    return;\n                }\n                        \n                el.scrollIntoView({ behavior: 'smooth', block: 'nearest', inline: 'start' })\n                el.classList.add('highlighted');\n                setTimeout(() => el.classList.remove('highlighted'), 1000);\n            })\n                        \n            return {marker, pin};\n        }).filter(Boolean);\n\n\n        const bounds = new google.maps.LatLngBounds();\n        markers.forEach(marker => bounds.extend(marker.marker.position));\n\n\n        \/\/ Center the map on the user location\n        if (userLocation && bounds.contains(userLocation)) {\n            map.setCenter(userLocation);\n            map.setZoom(9);\n        } else {\n            map.fitBounds(bounds);\n        }\n\n        google.maps.event.addListener(map, 'idle', function() {\n            if (markers.some(marker => map.getBounds().contains(marker.marker.position))) {\n            } else {\n                map.setZoom(map.getZoom() - 1);\n            }\n        });\n\n\n\n        const searchInput = document.getElementById('search-location');\n        if (searchInput) {\n            searchInput.addEventListener('input', (e) => {\n                const search = e.target.value.toLowerCase();\n                const locations = document.querySelectorAll('.location');\n                locations.forEach(location => {\n                    const title = location.querySelector('.location-title').textContent.toLowerCase();\n                    const address = location.querySelector('.address-container').textContent.toLowerCase();\n                    if (title.includes(search) || address.includes(search)) {\n                        location.style.display = 'block';\n                    } else {\n                        location.style.display = 'none';\n                    }\n                });\n\n                const bounds = new google.maps.LatLngBounds();\n\n\n                let hasMarker = false;\n                markers.forEach(marker => {\n                    const title = marker.pin.title.toLowerCase();\n                    const address = marker.pin.address.toLowerCase();\n                    if (title.includes(search) || address.includes(search)) {\n                        marker.marker.setMap(map);\n                        bounds.extend(marker.marker.position)\n                        hasMarker = true;\n                    } else {\n                        marker.marker.setMap(null);\n                    }\n                });\n\n                if (!hasMarker) {\n                    map.setCenter({ lat: 62.3908, lng: 16.3252 });\n                    map.setZoom(5);\n                } else {\n                    map.fitBounds(bounds);\n                }\n            });\n        }\n\t}\n\n\tinitMap();\n\n\n<\/script>\n\n\n<div style=\"height:100px\" aria-hidden=\"true\" class=\"wp-block-spacer\"><\/div>\n","protected":false},"excerpt":{"rendered":"<p>Kontakta oss Hitta till LNC \u2013 ta v\u00e4stra ing\u00e5ngen (Ole R\u00f6mers v\u00e4g) Det finns flera ing\u00e5ngar till byggnaden f\u00f6r att komma till Ideon Agora (en del av huset Ideon Alfa 3-6), d\u00e4r vi finns p\u00e5 andra v\u00e5ningen. V\u00e5r adress \u00e4r Scheelev\u00e4gen 15 vilket inneb\u00e4r att man l\u00e4tt hamnar vid ing\u00e5ngen p\u00e5 den \u00f6stra sidan. Fr\u00e5n [&hellip;]<\/p>\n","protected":false},"author":1,"featured_media":0,"parent":0,"menu_order":0,"comment_status":"closed","ping_status":"closed","template":"","meta":{"footnotes":""},"acf":[],"yoast_head":"<!-- This site is optimized with the Yoast SEO plugin v22.9 - https:\/\/yoast.com\/wordpress\/plugins\/seo\/ -->\n<title>Kontakt - Lund<\/title>\n<meta name=\"robots\" content=\"index, follow, max-snippet:-1, max-image-preview:large, max-video-preview:-1\" \/>\n<link rel=\"canonical\" href=\"https:\/\/nyforetagarcentrum.se\/lund\/kontakt\/\" \/>\n<meta property=\"og:locale\" content=\"sv_SE\" \/>\n<meta property=\"og:type\" content=\"article\" \/>\n<meta property=\"og:title\" content=\"Kontakt - Lund\" \/>\n<meta property=\"og:description\" content=\"Kontakta oss Hitta till LNC \u2013 ta v\u00e4stra ing\u00e5ngen (Ole R\u00f6mers v\u00e4g) Det finns flera ing\u00e5ngar till byggnaden f\u00f6r att komma till Ideon Agora (en del av huset Ideon Alfa 3-6), d\u00e4r vi finns p\u00e5 andra v\u00e5ningen. V\u00e5r adress \u00e4r Scheelev\u00e4gen 15 vilket inneb\u00e4r att man l\u00e4tt hamnar vid ing\u00e5ngen p\u00e5 den \u00f6stra sidan. Fr\u00e5n [&hellip;]\" \/>\n<meta property=\"og:url\" content=\"https:\/\/nyforetagarcentrum.se\/lund\/kontakt\/\" \/>\n<meta property=\"og:site_name\" content=\"Lund\" \/>\n<meta property=\"article:modified_time\" content=\"2024-06-25T13:07:32+00:00\" \/>\n<meta property=\"og:image\" content=\"https:\/\/nyforetagarcentrum.se\/lund\/wp-content\/uploads\/sites\/62\/2024\/05\/lnc-karta-03.jpg\" \/>\n<meta name=\"twitter:card\" content=\"summary_large_image\" \/>\n<meta name=\"twitter:label1\" content=\"Ber\u00e4knad l\u00e4stid\" \/>\n\t<meta name=\"twitter:data1\" content=\"2 minuter\" \/>\n<script type=\"application\/ld+json\" class=\"yoast-schema-graph\">{\"@context\":\"https:\/\/schema.org\",\"@graph\":[{\"@type\":\"WebPage\",\"@id\":\"https:\/\/nyforetagarcentrum.se\/lund\/kontakt\/\",\"url\":\"https:\/\/nyforetagarcentrum.se\/lund\/kontakt\/\",\"name\":\"Kontakt - Lund\",\"isPartOf\":{\"@id\":\"https:\/\/nyforetagarcentrum.se\/lund\/#website\"},\"primaryImageOfPage\":{\"@id\":\"https:\/\/nyforetagarcentrum.se\/lund\/kontakt\/#primaryimage\"},\"image\":{\"@id\":\"https:\/\/nyforetagarcentrum.se\/lund\/kontakt\/#primaryimage\"},\"thumbnailUrl\":\"https:\/\/nyforetagarcentrum.se\/lund\/wp-content\/uploads\/sites\/62\/2024\/05\/lnc-karta-03.jpg\",\"datePublished\":\"2024-02-27T15:06:59+00:00\",\"dateModified\":\"2024-06-25T13:07:32+00:00\",\"breadcrumb\":{\"@id\":\"https:\/\/nyforetagarcentrum.se\/lund\/kontakt\/#breadcrumb\"},\"inLanguage\":\"sv-SE\",\"potentialAction\":[{\"@type\":\"ReadAction\",\"target\":[\"https:\/\/nyforetagarcentrum.se\/lund\/kontakt\/\"]}]},{\"@type\":\"ImageObject\",\"inLanguage\":\"sv-SE\",\"@id\":\"https:\/\/nyforetagarcentrum.se\/lund\/kontakt\/#primaryimage\",\"url\":\"https:\/\/nyforetagarcentrum.se\/lund\/wp-content\/uploads\/sites\/62\/2024\/05\/lnc-karta-03.jpg\",\"contentUrl\":\"https:\/\/nyforetagarcentrum.se\/lund\/wp-content\/uploads\/sites\/62\/2024\/05\/lnc-karta-03.jpg\",\"width\":1024,\"height\":1024},{\"@type\":\"BreadcrumbList\",\"@id\":\"https:\/\/nyforetagarcentrum.se\/lund\/kontakt\/#breadcrumb\",\"itemListElement\":[{\"@type\":\"ListItem\",\"position\":1,\"name\":\"Hem\",\"item\":\"https:\/\/nyforetagarcentrum.se\/lund\/\"},{\"@type\":\"ListItem\",\"position\":2,\"name\":\"Kontakt\"}]},{\"@type\":\"WebSite\",\"@id\":\"https:\/\/nyforetagarcentrum.se\/lund\/#website\",\"url\":\"https:\/\/nyforetagarcentrum.se\/lund\/\",\"name\":\"Lund\",\"description\":\"Sveriges ledande kraft f\u00f6r fler nya livskraftiga f\u00f6retag\",\"publisher\":{\"@id\":\"https:\/\/nyforetagarcentrum.se\/lund\/#organization\"},\"potentialAction\":[{\"@type\":\"SearchAction\",\"target\":{\"@type\":\"EntryPoint\",\"urlTemplate\":\"https:\/\/nyforetagarcentrum.se\/lund\/?s={search_term_string}\"},\"query-input\":\"required name=search_term_string\"}],\"inLanguage\":\"sv-SE\"},{\"@type\":\"Organization\",\"@id\":\"https:\/\/nyforetagarcentrum.se\/lund\/#organization\",\"name\":\"Lund\",\"url\":\"https:\/\/nyforetagarcentrum.se\/lund\/\",\"logo\":{\"@type\":\"ImageObject\",\"inLanguage\":\"sv-SE\",\"@id\":\"https:\/\/nyforetagarcentrum.se\/lund\/#\/schema\/logo\/image\/\",\"url\":\"https:\/\/nyforetagarcentrum.se\/lund\/wp-content\/uploads\/sites\/62\/2024\/07\/lund_bla.png\",\"contentUrl\":\"https:\/\/nyforetagarcentrum.se\/lund\/wp-content\/uploads\/sites\/62\/2024\/07\/lund_bla.png\",\"width\":870,\"height\":355,\"caption\":\"Lund\"},\"image\":{\"@id\":\"https:\/\/nyforetagarcentrum.se\/lund\/#\/schema\/logo\/image\/\"}}]}<\/script>\n<!-- \/ Yoast SEO plugin. -->","yoast_head_json":{"title":"Kontakt - Lund","robots":{"index":"index","follow":"follow","max-snippet":"max-snippet:-1","max-image-preview":"max-image-preview:large","max-video-preview":"max-video-preview:-1"},"canonical":"https:\/\/nyforetagarcentrum.se\/lund\/kontakt\/","og_locale":"sv_SE","og_type":"article","og_title":"Kontakt - Lund","og_description":"Kontakta oss Hitta till LNC \u2013 ta v\u00e4stra ing\u00e5ngen (Ole R\u00f6mers v\u00e4g) Det finns flera ing\u00e5ngar till byggnaden f\u00f6r att komma till Ideon Agora (en del av huset Ideon Alfa 3-6), d\u00e4r vi finns p\u00e5 andra v\u00e5ningen. V\u00e5r adress \u00e4r Scheelev\u00e4gen 15 vilket inneb\u00e4r att man l\u00e4tt hamnar vid ing\u00e5ngen p\u00e5 den \u00f6stra sidan. Fr\u00e5n [&hellip;]","og_url":"https:\/\/nyforetagarcentrum.se\/lund\/kontakt\/","og_site_name":"Lund","article_modified_time":"2024-06-25T13:07:32+00:00","og_image":[{"url":"https:\/\/nyforetagarcentrum.se\/lund\/wp-content\/uploads\/sites\/62\/2024\/05\/lnc-karta-03.jpg"}],"twitter_card":"summary_large_image","twitter_misc":{"Ber\u00e4knad l\u00e4stid":"2 minuter"},"schema":{"@context":"https:\/\/schema.org","@graph":[{"@type":"WebPage","@id":"https:\/\/nyforetagarcentrum.se\/lund\/kontakt\/","url":"https:\/\/nyforetagarcentrum.se\/lund\/kontakt\/","name":"Kontakt - Lund","isPartOf":{"@id":"https:\/\/nyforetagarcentrum.se\/lund\/#website"},"primaryImageOfPage":{"@id":"https:\/\/nyforetagarcentrum.se\/lund\/kontakt\/#primaryimage"},"image":{"@id":"https:\/\/nyforetagarcentrum.se\/lund\/kontakt\/#primaryimage"},"thumbnailUrl":"https:\/\/nyforetagarcentrum.se\/lund\/wp-content\/uploads\/sites\/62\/2024\/05\/lnc-karta-03.jpg","datePublished":"2024-02-27T15:06:59+00:00","dateModified":"2024-06-25T13:07:32+00:00","breadcrumb":{"@id":"https:\/\/nyforetagarcentrum.se\/lund\/kontakt\/#breadcrumb"},"inLanguage":"sv-SE","potentialAction":[{"@type":"ReadAction","target":["https:\/\/nyforetagarcentrum.se\/lund\/kontakt\/"]}]},{"@type":"ImageObject","inLanguage":"sv-SE","@id":"https:\/\/nyforetagarcentrum.se\/lund\/kontakt\/#primaryimage","url":"https:\/\/nyforetagarcentrum.se\/lund\/wp-content\/uploads\/sites\/62\/2024\/05\/lnc-karta-03.jpg","contentUrl":"https:\/\/nyforetagarcentrum.se\/lund\/wp-content\/uploads\/sites\/62\/2024\/05\/lnc-karta-03.jpg","width":1024,"height":1024},{"@type":"BreadcrumbList","@id":"https:\/\/nyforetagarcentrum.se\/lund\/kontakt\/#breadcrumb","itemListElement":[{"@type":"ListItem","position":1,"name":"Hem","item":"https:\/\/nyforetagarcentrum.se\/lund\/"},{"@type":"ListItem","position":2,"name":"Kontakt"}]},{"@type":"WebSite","@id":"https:\/\/nyforetagarcentrum.se\/lund\/#website","url":"https:\/\/nyforetagarcentrum.se\/lund\/","name":"Lund","description":"Sveriges ledande kraft f\u00f6r fler nya livskraftiga f\u00f6retag","publisher":{"@id":"https:\/\/nyforetagarcentrum.se\/lund\/#organization"},"potentialAction":[{"@type":"SearchAction","target":{"@type":"EntryPoint","urlTemplate":"https:\/\/nyforetagarcentrum.se\/lund\/?s={search_term_string}"},"query-input":"required name=search_term_string"}],"inLanguage":"sv-SE"},{"@type":"Organization","@id":"https:\/\/nyforetagarcentrum.se\/lund\/#organization","name":"Lund","url":"https:\/\/nyforetagarcentrum.se\/lund\/","logo":{"@type":"ImageObject","inLanguage":"sv-SE","@id":"https:\/\/nyforetagarcentrum.se\/lund\/#\/schema\/logo\/image\/","url":"https:\/\/nyforetagarcentrum.se\/lund\/wp-content\/uploads\/sites\/62\/2024\/07\/lund_bla.png","contentUrl":"https:\/\/nyforetagarcentrum.se\/lund\/wp-content\/uploads\/sites\/62\/2024\/07\/lund_bla.png","width":870,"height":355,"caption":"Lund"},"image":{"@id":"https:\/\/nyforetagarcentrum.se\/lund\/#\/schema\/logo\/image\/"}}]}},"_links":{"self":[{"href":"https:\/\/nyforetagarcentrum.se\/lund\/wp-json\/wp\/v2\/pages\/169"}],"collection":[{"href":"https:\/\/nyforetagarcentrum.se\/lund\/wp-json\/wp\/v2\/pages"}],"about":[{"href":"https:\/\/nyforetagarcentrum.se\/lund\/wp-json\/wp\/v2\/types\/page"}],"author":[{"embeddable":true,"href":"https:\/\/nyforetagarcentrum.se\/lund\/wp-json\/wp\/v2\/users\/1"}],"replies":[{"embeddable":true,"href":"https:\/\/nyforetagarcentrum.se\/lund\/wp-json\/wp\/v2\/comments?post=169"}],"version-history":[{"count":34,"href":"https:\/\/nyforetagarcentrum.se\/lund\/wp-json\/wp\/v2\/pages\/169\/revisions"}],"predecessor-version":[{"id":1814,"href":"https:\/\/nyforetagarcentrum.se\/lund\/wp-json\/wp\/v2\/pages\/169\/revisions\/1814"}],"wp:attachment":[{"href":"https:\/\/nyforetagarcentrum.se\/lund\/wp-json\/wp\/v2\/media?parent=169"}],"curies":[{"name":"wp","href":"https:\/\/api.w.org\/{rel}","templated":true}]}}