{"id":164,"date":"2024-02-27T16:05:17","date_gmt":"2024-02-27T15:05:17","guid":{"rendered":"https:\/\/nyforetagarcentrum.se\/kungalv\/?page_id=164"},"modified":"2024-10-08T10:31:38","modified_gmt":"2024-10-08T08:31:38","slug":"var-styrelse","status":"publish","type":"page","link":"https:\/\/nyforetagarcentrum.se\/kungalv\/var-styrelse\/","title":{"rendered":"V\u00e5r styrelse"},"content":{"rendered":"<section  class=\"nfc-block-hero alignfull\">\n\n    <img loading=\"lazy\" decoding=\"async\" width=\"1470\" height=\"980\" src=\"https:\/\/nyforetagarcentrum.se\/kungalv\/wp-content\/uploads\/sites\/99\/2024\/02\/Medium_JM.png\" class=\"attachment-landscape size-landscape\" alt=\"\" srcset=\"https:\/\/nyforetagarcentrum.se\/kungalv\/wp-content\/uploads\/sites\/99\/2024\/02\/Medium_JM.png 1470w, https:\/\/nyforetagarcentrum.se\/kungalv\/wp-content\/uploads\/sites\/99\/2024\/02\/Medium_JM-300x200.png 300w, https:\/\/nyforetagarcentrum.se\/kungalv\/wp-content\/uploads\/sites\/99\/2024\/02\/Medium_JM-1024x683.png 1024w, https:\/\/nyforetagarcentrum.se\/kungalv\/wp-content\/uploads\/sites\/99\/2024\/02\/Medium_JM-768x512.png 768w\" sizes=\"(max-width: 1470px) 100vw, 1470px\" \/>\n    <div class=\"contained\">\n        <h1 class=\"nfc-block-hero__heading\">V\u00e5r styrelse<\/h1>\n\n            <\/div>\n<\/section>\n\n\n<div style=\"height:50px\" aria-hidden=\"true\" class=\"wp-block-spacer\"><\/div>\n\n\n<section  class=\"nfc-block-breadcrumbs alignwide\">\n    <div class=\"wrapper contained\">\n        <ol class=\"breadcrumbs\" itemscope itemtype=\"https:\/\/schema.org\/BreadcrumbList\">\n            <li itemprop=\"itemListElement\" itemscope itemtype=\"https:\/\/schema.org\/ListItem\">\n            \n\n                            <span class=\"current\" itemprop=\"name\">Hem<\/span>\n            \n            <meta itemprop=\"position\" content=\"1\" \/>\n        <\/li>\n    <\/ol>    <\/div>\n<\/section>\n\n<section  class=\"nfc-block-person_grid alignwide layout-small\">\n    <div class=\"contained\">\n        <div class=\"grid\">\n            <div class=\"person-card\">\n    \n    \n    <div class=\"content-wrapper\">\n        <div class=\"top\">\n                    <\/div>\n        \n        <h3>Roger Bostr\u00f6m<\/h3>\n\n        <div class=\"excerpt\">\n            Ordf.<br \/>\r\n        <\/div>\n\n        <div class=\"links\">\n                            <a href=\"tel:076-3111442\">\n                    Telefon: 076-3111442                <\/a>\n            \n                            <a href=\"mailto:roger.bostrom@inforit.se\">\n                    MAIL: roger.bostrom@inforit.se                <\/a>\n                    <\/div>\n        \n    <\/div>\n<\/div><div class=\"person-card\">\n    \n    \n    <div class=\"content-wrapper\">\n        <div class=\"top\">\n                    <\/div>\n        \n        <h3><\/h3>\n\n        <div class=\"excerpt\">\n            V.ordf        <\/div>\n\n        <div class=\"links\">\n            \n                    <\/div>\n        \n    <\/div>\n<\/div><div class=\"person-card\">\n    \n    \n    <div class=\"content-wrapper\">\n        <div class=\"top\">\n                    <\/div>\n        \n        <h3><\/h3>\n\n        <div class=\"excerpt\">\n            Ekonomichef Kung\u00e4lvsbost\u00e4der        <\/div>\n\n        <div class=\"links\">\n            \n                    <\/div>\n        \n    <\/div>\n<\/div><div class=\"person-card\">\n    \n    \n    <div class=\"content-wrapper\">\n        <div class=\"top\">\n                    <\/div>\n        \n        <h3>David Hartman<\/h3>\n\n        <div class=\"excerpt\">\n            Aukt.revisor Nordenhams        <\/div>\n\n        <div class=\"links\">\n                            <a href=\"tel:070-7349930\">\n                    Telefon: 070-7349930                <\/a>\n            \n                            <a href=\"mailto:david.hartman@nordenham.se\">\n                    MAIL: david.hartman@nordenham.se                <\/a>\n                    <\/div>\n        \n    <\/div>\n<\/div><div class=\"person-card\">\n    \n    \n    <div class=\"content-wrapper\">\n        <div class=\"top\">\n                    <\/div>\n        \n        <h3>Jessica Waller<\/h3>\n\n        <div class=\"excerpt\">\n            N\u00e4ringslivschef Stenungsunds kommun        <\/div>\n\n        <div class=\"links\">\n                            <a href=\"tel: 070-0874640\">\n                    Telefon:  070-0874640                <\/a>\n            \n                            <a href=\"mailto:jessica.waller@stenungsund.se    \">\n                    MAIL: jessica.waller@stenungsund.se                    <\/a>\n                    <\/div>\n        \n    <\/div>\n<\/div><div class=\"person-card\">\n    \n    \n    <div class=\"content-wrapper\">\n        <div class=\"top\">\n                    <\/div>\n        \n        <h3>Lars Pettersson<\/h3>\n\n        <div class=\"excerpt\">\n            VD Bokab        <\/div>\n\n        <div class=\"links\">\n                            <a href=\"tel:070-6329089\">\n                    Telefon: 070-6329089                <\/a>\n            \n                            <a href=\"mailto:lars.pettersson@kungalv.se\">\n                    MAIL: lars.pettersson@kungalv.se                <\/a>\n                    <\/div>\n        \n    <\/div>\n<\/div><div class=\"person-card\">\n    \n    \n    <div class=\"content-wrapper\">\n        <div class=\"top\">\n                    <\/div>\n        \n        <h3>Olivia Widell Tengvall<\/h3>\n\n        <div class=\"excerpt\">\n            N\u00e4ringslivsutvecklare Kung\u00e4lvs kommun        <\/div>\n\n        <div class=\"links\">\n                            <a href=\"tel:070-6329063\">\n                    Telefon: 070-6329063                <\/a>\n            \n                            <a href=\"mailto:olivia.widelltengvall@kungalv.se\">\n                    MAIL: olivia.widelltengvall@kungalv.se                <\/a>\n                    <\/div>\n        \n    <\/div>\n<\/div><div class=\"person-card\">\n    \n    \n    <div class=\"content-wrapper\">\n        <div class=\"top\">\n                    <\/div>\n        \n        <h3>Per Brohagen<\/h3>\n\n        <div class=\"excerpt\">\n            N\u00e4ringslivschef Ale kommun        <\/div>\n\n        <div class=\"links\">\n                            <a href=\"tel:070-6746990\">\n                    Telefon: 070-6746990                <\/a>\n            \n                            <a href=\"mailto:per.brohagen@ale.se\">\n                    MAIL: per.brohagen@ale.se                <\/a>\n                    <\/div>\n        \n    <\/div>\n<\/div>        <\/div>\n    <\/div>\n<\/section>\n\n\n<div style=\"height:100px\" aria-hidden=\"true\" class=\"wp-block-spacer\"><\/div>\n","protected":false},"excerpt":{"rendered":"","protected":false},"author":1,"featured_media":0,"parent":0,"menu_order":0,"comment_status":"closed","ping_status":"closed","template":"","meta":{"footnotes":""},"acf":[],"yoast_head":"<!-- This site is optimized with the Yoast SEO plugin v22.9 - https:\/\/yoast.com\/wordpress\/plugins\/seo\/ -->\n<title>V\u00e5r styrelse - S\u00f6dra Bohusl\u00e4n<\/title>\n<meta name=\"description\" content=\"L\u00e4s om vilka som sitter i styrelsen f\u00f6r Nyf\u00f6retagarcentrum S\u00f6dra Bohusl\u00e4n samt vilka roller de har i n\u00e4ringslivet.\" \/>\n<meta name=\"robots\" content=\"index, follow, max-snippet:-1, max-image-preview:large, max-video-preview:-1\" \/>\n<link rel=\"canonical\" href=\"https:\/\/nyforetagarcentrum.se\/kungalv\/var-styrelse\/\" \/>\n<meta property=\"og:locale\" content=\"sv_SE\" \/>\n<meta property=\"og:type\" content=\"article\" \/>\n<meta property=\"og:title\" content=\"V\u00e5r styrelse - S\u00f6dra Bohusl\u00e4n\" \/>\n<meta property=\"og:description\" content=\"L\u00e4s om vilka som sitter i styrelsen f\u00f6r Nyf\u00f6retagarcentrum S\u00f6dra Bohusl\u00e4n samt vilka roller de har i n\u00e4ringslivet.\" \/>\n<meta property=\"og:url\" content=\"https:\/\/nyforetagarcentrum.se\/kungalv\/var-styrelse\/\" \/>\n<meta property=\"og:site_name\" content=\"S\u00f6dra Bohusl\u00e4n\" \/>\n<meta property=\"article:modified_time\" content=\"2024-10-08T08:31:38+00:00\" \/>\n<meta name=\"twitter:card\" content=\"summary_large_image\" \/>\n<script type=\"application\/ld+json\" class=\"yoast-schema-graph\">{\"@context\":\"https:\/\/schema.org\",\"@graph\":[{\"@type\":\"WebPage\",\"@id\":\"https:\/\/nyforetagarcentrum.se\/kungalv\/var-styrelse\/\",\"url\":\"https:\/\/nyforetagarcentrum.se\/kungalv\/var-styrelse\/\",\"name\":\"V\u00e5r styrelse - S\u00f6dra Bohusl\u00e4n\",\"isPartOf\":{\"@id\":\"https:\/\/nyforetagarcentrum.se\/kungalv\/#website\"},\"datePublished\":\"2024-02-27T15:05:17+00:00\",\"dateModified\":\"2024-10-08T08:31:38+00:00\",\"description\":\"L\u00e4s om vilka som sitter i styrelsen f\u00f6r Nyf\u00f6retagarcentrum S\u00f6dra Bohusl\u00e4n samt vilka roller de har i n\u00e4ringslivet.\",\"breadcrumb\":{\"@id\":\"https:\/\/nyforetagarcentrum.se\/kungalv\/var-styrelse\/#breadcrumb\"},\"inLanguage\":\"sv-SE\",\"potentialAction\":[{\"@type\":\"ReadAction\",\"target\":[\"https:\/\/nyforetagarcentrum.se\/kungalv\/var-styrelse\/\"]}]},{\"@type\":\"BreadcrumbList\",\"@id\":\"https:\/\/nyforetagarcentrum.se\/kungalv\/var-styrelse\/#breadcrumb\",\"itemListElement\":[{\"@type\":\"ListItem\",\"position\":1,\"name\":\"Hem\",\"item\":\"https:\/\/nyforetagarcentrum.se\/kungalv\/\"},{\"@type\":\"ListItem\",\"position\":2,\"name\":\"V\u00e5r styrelse\"}]},{\"@type\":\"WebSite\",\"@id\":\"https:\/\/nyforetagarcentrum.se\/kungalv\/#website\",\"url\":\"https:\/\/nyforetagarcentrum.se\/kungalv\/\",\"name\":\"S\u00f6dra Bohusl\u00e4n\",\"description\":\"Sveriges ledande kraft f\u00f6r fler nya livskraftiga f\u00f6retag\",\"publisher\":{\"@id\":\"https:\/\/nyforetagarcentrum.se\/kungalv\/#organization\"},\"potentialAction\":[{\"@type\":\"SearchAction\",\"target\":{\"@type\":\"EntryPoint\",\"urlTemplate\":\"https:\/\/nyforetagarcentrum.se\/kungalv\/?s={search_term_string}\"},\"query-input\":\"required name=search_term_string\"}],\"inLanguage\":\"sv-SE\"},{\"@type\":\"Organization\",\"@id\":\"https:\/\/nyforetagarcentrum.se\/kungalv\/#organization\",\"name\":\"S\u00f6dra Bohusl\u00e4n\",\"url\":\"https:\/\/nyforetagarcentrum.se\/kungalv\/\",\"logo\":{\"@type\":\"ImageObject\",\"inLanguage\":\"sv-SE\",\"@id\":\"https:\/\/nyforetagarcentrum.se\/kungalv\/#\/schema\/logo\/image\/\",\"url\":\"https:\/\/nyforetagarcentrum.se\/kungalv\/wp-content\/uploads\/sites\/99\/2024\/05\/cropped-NFC_SodraBOHUSLAN-removebg-preview.png\",\"contentUrl\":\"https:\/\/nyforetagarcentrum.se\/kungalv\/wp-content\/uploads\/sites\/99\/2024\/05\/cropped-NFC_SodraBOHUSLAN-removebg-preview.png\",\"width\":209,\"height\":91,\"caption\":\"S\u00f6dra Bohusl\u00e4n\"},\"image\":{\"@id\":\"https:\/\/nyforetagarcentrum.se\/kungalv\/#\/schema\/logo\/image\/\"}}]}<\/script>\n<!-- \/ Yoast SEO plugin. -->","yoast_head_json":{"title":"V\u00e5r styrelse - S\u00f6dra Bohusl\u00e4n","description":"L\u00e4s om vilka som sitter i styrelsen f\u00f6r Nyf\u00f6retagarcentrum S\u00f6dra Bohusl\u00e4n samt vilka roller de har i n\u00e4ringslivet.","robots":{"index":"index","follow":"follow","max-snippet":"max-snippet:-1","max-image-preview":"max-image-preview:large","max-video-preview":"max-video-preview:-1"},"canonical":"https:\/\/nyforetagarcentrum.se\/kungalv\/var-styrelse\/","og_locale":"sv_SE","og_type":"article","og_title":"V\u00e5r styrelse - S\u00f6dra Bohusl\u00e4n","og_description":"L\u00e4s om vilka som sitter i styrelsen f\u00f6r Nyf\u00f6retagarcentrum S\u00f6dra Bohusl\u00e4n samt vilka roller de har i n\u00e4ringslivet.","og_url":"https:\/\/nyforetagarcentrum.se\/kungalv\/var-styrelse\/","og_site_name":"S\u00f6dra Bohusl\u00e4n","article_modified_time":"2024-10-08T08:31:38+00:00","twitter_card":"summary_large_image","schema":{"@context":"https:\/\/schema.org","@graph":[{"@type":"WebPage","@id":"https:\/\/nyforetagarcentrum.se\/kungalv\/var-styrelse\/","url":"https:\/\/nyforetagarcentrum.se\/kungalv\/var-styrelse\/","name":"V\u00e5r styrelse - S\u00f6dra Bohusl\u00e4n","isPartOf":{"@id":"https:\/\/nyforetagarcentrum.se\/kungalv\/#website"},"datePublished":"2024-02-27T15:05:17+00:00","dateModified":"2024-10-08T08:31:38+00:00","description":"L\u00e4s om vilka som sitter i styrelsen f\u00f6r Nyf\u00f6retagarcentrum S\u00f6dra Bohusl\u00e4n samt vilka roller de har i n\u00e4ringslivet.","breadcrumb":{"@id":"https:\/\/nyforetagarcentrum.se\/kungalv\/var-styrelse\/#breadcrumb"},"inLanguage":"sv-SE","potentialAction":[{"@type":"ReadAction","target":["https:\/\/nyforetagarcentrum.se\/kungalv\/var-styrelse\/"]}]},{"@type":"BreadcrumbList","@id":"https:\/\/nyforetagarcentrum.se\/kungalv\/var-styrelse\/#breadcrumb","itemListElement":[{"@type":"ListItem","position":1,"name":"Hem","item":"https:\/\/nyforetagarcentrum.se\/kungalv\/"},{"@type":"ListItem","position":2,"name":"V\u00e5r styrelse"}]},{"@type":"WebSite","@id":"https:\/\/nyforetagarcentrum.se\/kungalv\/#website","url":"https:\/\/nyforetagarcentrum.se\/kungalv\/","name":"S\u00f6dra Bohusl\u00e4n","description":"Sveriges ledande kraft f\u00f6r fler nya livskraftiga f\u00f6retag","publisher":{"@id":"https:\/\/nyforetagarcentrum.se\/kungalv\/#organization"},"potentialAction":[{"@type":"SearchAction","target":{"@type":"EntryPoint","urlTemplate":"https:\/\/nyforetagarcentrum.se\/kungalv\/?s={search_term_string}"},"query-input":"required name=search_term_string"}],"inLanguage":"sv-SE"},{"@type":"Organization","@id":"https:\/\/nyforetagarcentrum.se\/kungalv\/#organization","name":"S\u00f6dra Bohusl\u00e4n","url":"https:\/\/nyforetagarcentrum.se\/kungalv\/","logo":{"@type":"ImageObject","inLanguage":"sv-SE","@id":"https:\/\/nyforetagarcentrum.se\/kungalv\/#\/schema\/logo\/image\/","url":"https:\/\/nyforetagarcentrum.se\/kungalv\/wp-content\/uploads\/sites\/99\/2024\/05\/cropped-NFC_SodraBOHUSLAN-removebg-preview.png","contentUrl":"https:\/\/nyforetagarcentrum.se\/kungalv\/wp-content\/uploads\/sites\/99\/2024\/05\/cropped-NFC_SodraBOHUSLAN-removebg-preview.png","width":209,"height":91,"caption":"S\u00f6dra Bohusl\u00e4n"},"image":{"@id":"https:\/\/nyforetagarcentrum.se\/kungalv\/#\/schema\/logo\/image\/"}}]}},"_links":{"self":[{"href":"https:\/\/nyforetagarcentrum.se\/kungalv\/wp-json\/wp\/v2\/pages\/164"}],"collection":[{"href":"https:\/\/nyforetagarcentrum.se\/kungalv\/wp-json\/wp\/v2\/pages"}],"about":[{"href":"https:\/\/nyforetagarcentrum.se\/kungalv\/wp-json\/wp\/v2\/types\/page"}],"author":[{"embeddable":true,"href":"https:\/\/nyforetagarcentrum.se\/kungalv\/wp-json\/wp\/v2\/users\/1"}],"replies":[{"embeddable":true,"href":"https:\/\/nyforetagarcentrum.se\/kungalv\/wp-json\/wp\/v2\/comments?post=164"}],"version-history":[{"count":32,"href":"https:\/\/nyforetagarcentrum.se\/kungalv\/wp-json\/wp\/v2\/pages\/164\/revisions"}],"predecessor-version":[{"id":2140,"href":"https:\/\/nyforetagarcentrum.se\/kungalv\/wp-json\/wp\/v2\/pages\/164\/revisions\/2140"}],"wp:attachment":[{"href":"https:\/\/nyforetagarcentrum.se\/kungalv\/wp-json\/wp\/v2\/media?parent=164"}],"curies":[{"name":"wp","href":"https:\/\/api.w.org\/{rel}","templated":true}]}}