{"id":48,"date":"2024-02-22T10:29:05","date_gmt":"2024-02-22T09:29:05","guid":{"rendered":"https:\/\/nyforetagarcentrum.se\/kramfors\/?page_id=48"},"modified":"2025-04-23T14:47:58","modified_gmt":"2025-04-23T12:47:58","slug":"erbjudanden","status":"publish","type":"page","link":"https:\/\/nyforetagarcentrum.se\/kramfors\/erbjudanden\/","title":{"rendered":"Erbjudanden"},"content":{"rendered":"<section  class=\"nfc-block-hero alignfull\">\n\n    <img loading=\"lazy\" decoding=\"async\" width=\"1476\" height=\"984\" src=\"https:\/\/nyforetagarcentrum.se\/kramfors\/wp-content\/uploads\/sites\/22\/2024\/02\/Tillvaxt-planta-LOW.jpg\" class=\"attachment-landscape size-landscape\" alt=\"\" srcset=\"https:\/\/nyforetagarcentrum.se\/kramfors\/wp-content\/uploads\/sites\/22\/2024\/02\/Tillvaxt-planta-LOW.jpg 1476w, https:\/\/nyforetagarcentrum.se\/kramfors\/wp-content\/uploads\/sites\/22\/2024\/02\/Tillvaxt-planta-LOW-300x200.jpg 300w, https:\/\/nyforetagarcentrum.se\/kramfors\/wp-content\/uploads\/sites\/22\/2024\/02\/Tillvaxt-planta-LOW-1024x683.jpg 1024w, https:\/\/nyforetagarcentrum.se\/kramfors\/wp-content\/uploads\/sites\/22\/2024\/02\/Tillvaxt-planta-LOW-768x512.jpg 768w\" sizes=\"(max-width: 1476px) 100vw, 1476px\" \/>\n    <div class=\"contained\">\n        <h1 class=\"nfc-block-hero__heading\">V\u00e5ra erbjudanden till dig som \u00e4r f\u00f6retagare<\/h1>\n\n            <\/div>\n<\/section>\n\n\n<div style=\"height:50px\" aria-hidden=\"true\" class=\"wp-block-spacer\"><\/div>\n\n\n<section  class=\"nfc-block-breadcrumbs\">\n    <div class=\"wrapper contained\">\n        <ol class=\"breadcrumbs\" itemscope itemtype=\"https:\/\/schema.org\/BreadcrumbList\">\n            <li itemprop=\"itemListElement\" itemscope itemtype=\"https:\/\/schema.org\/ListItem\">\n            \n\n                            <span class=\"current\" itemprop=\"name\">Hem<\/span>\n            \n            <meta itemprop=\"position\" content=\"1\" \/>\n        <\/li>\n    <\/ol>    <\/div>\n<\/section>\n\n\n<h2 class=\"wp-block-heading alignwide has-x-large-font-size\">Ta del av v\u00e5ra partners lokala erbjudanden<\/h2>\n\n\n<section  class=\"nfc-block-offer_grid alignwide layout-small\">\n    <div class=\"contained\">\n\n        <div class=\"filter-row\">\n            \n                            <button id=\"local-offers-button\">\n                    Lokala partners\n                <\/button>\n                <button id=\"national-offers-button\" class=\"outlined\">\n                    Nationella partners\n                <\/button>\n                    <\/div>\n\n        <div class=\"grid\" id=\"offers-grid\">\n            <div class=\"offer-card\">\n\n    <div class=\"gallery-wrapper\">\n                    <div class=\"selected-media\">\n                                    <img loading=\"lazy\" decoding=\"async\" width=\"1024\" height=\"742\" src=\"https:\/\/nyforetagarcentrum.se\/kramfors\/wp-content\/uploads\/sites\/22\/2024\/02\/Radgivning-radgivare-nyforetagareLOW-1024x742.jpg\" class=\"attachment-large size-large\" alt=\"\" srcset=\"https:\/\/nyforetagarcentrum.se\/kramfors\/wp-content\/uploads\/sites\/22\/2024\/02\/Radgivning-radgivare-nyforetagareLOW-1024x742.jpg 1024w, https:\/\/nyforetagarcentrum.se\/kramfors\/wp-content\/uploads\/sites\/22\/2024\/02\/Radgivning-radgivare-nyforetagareLOW-300x217.jpg 300w, https:\/\/nyforetagarcentrum.se\/kramfors\/wp-content\/uploads\/sites\/22\/2024\/02\/Radgivning-radgivare-nyforetagareLOW-768x557.jpg 768w, https:\/\/nyforetagarcentrum.se\/kramfors\/wp-content\/uploads\/sites\/22\/2024\/02\/Radgivning-radgivare-nyforetagareLOW.jpg 1476w\" sizes=\"(max-width: 1024px) 100vw, 1024px\" \/>                            <\/div>\n        \n            <\/div>\n\n\n    <div class=\"content-wrapper\">\n                    <div class=\"logo-wrapper\">\n                <img loading=\"lazy\" decoding=\"async\" width=\"300\" height=\"115\" src=\"https:\/\/nyforetagarcentrum.se\/kramfors\/wp-content\/uploads\/sites\/22\/2024\/11\/thumbnail_gra\u2560e-gul-slogan-utan-bakgrund-300x115.png\" class=\"attachment-medium size-medium\" alt=\"\" srcset=\"https:\/\/nyforetagarcentrum.se\/kramfors\/wp-content\/uploads\/sites\/22\/2024\/11\/thumbnail_gra\u2560e-gul-slogan-utan-bakgrund-300x115.png 300w, https:\/\/nyforetagarcentrum.se\/kramfors\/wp-content\/uploads\/sites\/22\/2024\/11\/thumbnail_gra\u2560e-gul-slogan-utan-bakgrund-1024x394.png 1024w, https:\/\/nyforetagarcentrum.se\/kramfors\/wp-content\/uploads\/sites\/22\/2024\/11\/thumbnail_gra\u2560e-gul-slogan-utan-bakgrund-768x295.png 768w, https:\/\/nyforetagarcentrum.se\/kramfors\/wp-content\/uploads\/sites\/22\/2024\/11\/thumbnail_gra\u2560e-gul-slogan-utan-bakgrund-1536x590.png 1536w, https:\/\/nyforetagarcentrum.se\/kramfors\/wp-content\/uploads\/sites\/22\/2024\/11\/thumbnail_gra\u2560e-gul-slogan-utan-bakgrund.png 1920w\" sizes=\"(max-width: 300px) 100vw, 300px\" \/>            <\/div>\n        \n        <h3>Gratis bolagsbildning<\/h3>\n\n        \n        <div class=\"content\">\n            <p>Grattis till steget att bli egen f\u00f6retagare!<br \/>\nHos RedoVi i Sollefte\u00e5 kan vi hj\u00e4lpa er med all administration kring f\u00f6retagandet s\u00e5som redovisning, l\u00f6netj\u00e4nster, bokslut och skatt.<br \/>\nVi erbjuder er Gratis bolagsbildning* (*endast bolagsverkets avgifter tillkommer 2 200 kr).<\/p>\n<p>Telefon: 0620 68 31 00<br \/>\nE-post: <a href=\"mailto:info@redovi.se\">info@redovi.se<\/a><\/p>\n        <\/div>\n\n                    <a href=\"https:\/\/www.redovi.se\" class=\"offer-button button outlined\" target=\"_blank\">\n                                                    <div class=\"icon icon-external\"><\/div>\n                            <\/a>\n            <\/div>\n<\/div><div class=\"offer-card\">\n\n    <div class=\"gallery-wrapper\">\n                    <div class=\"selected-media\">\n                                    <img loading=\"lazy\" decoding=\"async\" width=\"1024\" height=\"683\" src=\"https:\/\/nyforetagarcentrum.se\/kramfors\/wp-content\/uploads\/sites\/22\/2024\/02\/Nyforetagare-UF-LOW-1024x683.jpg\" class=\"attachment-large size-large\" alt=\"\" srcset=\"https:\/\/nyforetagarcentrum.se\/kramfors\/wp-content\/uploads\/sites\/22\/2024\/02\/Nyforetagare-UF-LOW-1024x683.jpg 1024w, https:\/\/nyforetagarcentrum.se\/kramfors\/wp-content\/uploads\/sites\/22\/2024\/02\/Nyforetagare-UF-LOW-300x200.jpg 300w, https:\/\/nyforetagarcentrum.se\/kramfors\/wp-content\/uploads\/sites\/22\/2024\/02\/Nyforetagare-UF-LOW-768x512.jpg 768w, https:\/\/nyforetagarcentrum.se\/kramfors\/wp-content\/uploads\/sites\/22\/2024\/02\/Nyforetagare-UF-LOW.jpg 1476w\" sizes=\"(max-width: 1024px) 100vw, 1024px\" \/>                            <\/div>\n        \n            <\/div>\n\n\n    <div class=\"content-wrapper\">\n                    <div class=\"logo-wrapper\">\n                <img loading=\"lazy\" decoding=\"async\" width=\"300\" height=\"144\" src=\"https:\/\/nyforetagarcentrum.se\/kramfors\/wp-content\/uploads\/sites\/22\/2024\/05\/almi-farg-e1716715361292-300x144.png\" class=\"attachment-medium size-medium\" alt=\"\" srcset=\"https:\/\/nyforetagarcentrum.se\/kramfors\/wp-content\/uploads\/sites\/22\/2024\/05\/almi-farg-e1716715361292-300x144.png 300w, https:\/\/nyforetagarcentrum.se\/kramfors\/wp-content\/uploads\/sites\/22\/2024\/05\/almi-farg-e1716715361292.png 691w\" sizes=\"(max-width: 300px) 100vw, 300px\" \/>            <\/div>\n        \n        <h3>Boka r\u00e5dgivning eller delta i seminarier?<\/h3>\n\n        \n        <div class=\"content\">\n            <p>Vi finns h\u00e4r n\u00e4r du vill ta n\u00e4sta steg i ditt f\u00f6retagande! Via l\u00e4nken nedan kan du hitta allt du beh\u00f6ver om Almis tj\u00e4nster, du kan l\u00e4tt boka ett kostnadsfritt m\u00f6te med n\u00e5gon av v\u00e5ra r\u00e5dgivare samt s\u00e5klart spana in kommande seminarier\/workshops n\u00e4ra dig.<\/p>\n        <\/div>\n\n                    <a href=\"https:\/\/www.almi.se\/regioner\/vasternorrland\/\" class=\"offer-button button outlined\" target=\"_blank\">\n                                                    <div class=\"icon icon-external\"><\/div>\n                            <\/a>\n            <\/div>\n<\/div><div class=\"offer-card\">\n\n    <div class=\"gallery-wrapper\">\n                    <div class=\"selected-media\">\n                                    <img loading=\"lazy\" decoding=\"async\" width=\"1024\" height=\"751\" src=\"https:\/\/nyforetagarcentrum.se\/kramfors\/wp-content\/uploads\/sites\/22\/2024\/02\/Nyforetagare-ung-kvinna-2-LOW-1024x751.jpg\" class=\"attachment-large size-large\" alt=\"\" srcset=\"https:\/\/nyforetagarcentrum.se\/kramfors\/wp-content\/uploads\/sites\/22\/2024\/02\/Nyforetagare-ung-kvinna-2-LOW-1024x751.jpg 1024w, https:\/\/nyforetagarcentrum.se\/kramfors\/wp-content\/uploads\/sites\/22\/2024\/02\/Nyforetagare-ung-kvinna-2-LOW-300x220.jpg 300w, https:\/\/nyforetagarcentrum.se\/kramfors\/wp-content\/uploads\/sites\/22\/2024\/02\/Nyforetagare-ung-kvinna-2-LOW-768x564.jpg 768w, https:\/\/nyforetagarcentrum.se\/kramfors\/wp-content\/uploads\/sites\/22\/2024\/02\/Nyforetagare-ung-kvinna-2-LOW-1472x1080.jpg 1472w, https:\/\/nyforetagarcentrum.se\/kramfors\/wp-content\/uploads\/sites\/22\/2024\/02\/Nyforetagare-ung-kvinna-2-LOW.jpg 1476w\" sizes=\"(max-width: 1024px) 100vw, 1024px\" \/>                            <\/div>\n        \n            <\/div>\n\n\n    <div class=\"content-wrapper\">\n                    <div class=\"logo-wrapper\">\n                <img loading=\"lazy\" decoding=\"async\" width=\"300\" height=\"79\" src=\"https:\/\/nyforetagarcentrum.se\/kramfors\/wp-content\/uploads\/sites\/22\/2024\/05\/baker-300x79.png\" class=\"attachment-medium size-medium\" alt=\"\" srcset=\"https:\/\/nyforetagarcentrum.se\/kramfors\/wp-content\/uploads\/sites\/22\/2024\/05\/baker-300x79.png 300w, https:\/\/nyforetagarcentrum.se\/kramfors\/wp-content\/uploads\/sites\/22\/2024\/05\/baker-1024x269.png 1024w, https:\/\/nyforetagarcentrum.se\/kramfors\/wp-content\/uploads\/sites\/22\/2024\/05\/baker-768x202.png 768w, https:\/\/nyforetagarcentrum.se\/kramfors\/wp-content\/uploads\/sites\/22\/2024\/05\/baker-1536x404.png 1536w, https:\/\/nyforetagarcentrum.se\/kramfors\/wp-content\/uploads\/sites\/22\/2024\/05\/baker-2048x538.png 2048w, https:\/\/nyforetagarcentrum.se\/kramfors\/wp-content\/uploads\/sites\/22\/2024\/05\/baker-1920x505.png 1920w\" sizes=\"(max-width: 300px) 100vw, 300px\" \/>            <\/div>\n        \n        <h3>Gratis r\u00e5dgivningstillf\u00e4lle!<\/h3>\n\n        \n        <div class=\"content\">\n            <p>Hur m\u00e5r ditt f\u00f6retag? Vi hj\u00e4lper dig att f\u00f6rst\u00e5 dina siffror och bjuder p\u00e5 ett gratis r\u00e5dgivningstillf\u00e4lle i Kramfors, Sollefte\u00e5 eller digitalt.<\/p>\n<p>Vi \u00e4r redovisningsbyr\u00e5n som hj\u00e4lper dig och ditt f\u00f6retag med skatter\u00e5dgivning, deklarationer, l\u00f6ner, bokf\u00f6ring och bokslut. B\u00e5de sm\u00e5 och stora fr\u00e5gor \u00e4r v\u00e4lkomna.<\/p>\n<p>Marielle Bergqvist<br \/>\nTelefon: 0612-650 553<br \/>\nE-post: marielle.bergqvist@bakertilly.se<\/p>\n        <\/div>\n\n                    <a href=\"https:\/\/bakertillyasplunds.se\" class=\"offer-button button outlined\" target=\"_blank\">\n                                                    <div class=\"icon icon-external\"><\/div>\n                            <\/a>\n            <\/div>\n<\/div><div class=\"offer-card\">\n\n    <div class=\"gallery-wrapper\">\n                    <div class=\"selected-media\">\n                                    <img loading=\"lazy\" decoding=\"async\" width=\"1024\" height=\"683\" src=\"https:\/\/nyforetagarcentrum.se\/kramfors\/wp-content\/uploads\/sites\/22\/2024\/02\/Tillvaxt-planta-LOW-1024x683.jpg\" class=\"attachment-large size-large\" alt=\"\" srcset=\"https:\/\/nyforetagarcentrum.se\/kramfors\/wp-content\/uploads\/sites\/22\/2024\/02\/Tillvaxt-planta-LOW-1024x683.jpg 1024w, https:\/\/nyforetagarcentrum.se\/kramfors\/wp-content\/uploads\/sites\/22\/2024\/02\/Tillvaxt-planta-LOW-300x200.jpg 300w, https:\/\/nyforetagarcentrum.se\/kramfors\/wp-content\/uploads\/sites\/22\/2024\/02\/Tillvaxt-planta-LOW-768x512.jpg 768w, https:\/\/nyforetagarcentrum.se\/kramfors\/wp-content\/uploads\/sites\/22\/2024\/02\/Tillvaxt-planta-LOW.jpg 1476w\" sizes=\"(max-width: 1024px) 100vw, 1024px\" \/>                            <\/div>\n        \n            <\/div>\n\n\n    <div class=\"content-wrapper\">\n                    <div class=\"logo-wrapper\">\n                <img loading=\"lazy\" decoding=\"async\" width=\"300\" height=\"32\" src=\"https:\/\/nyforetagarcentrum.se\/kramfors\/wp-content\/uploads\/sites\/22\/2024\/05\/HB_LARGE_RGB-300x32.png\" class=\"attachment-medium size-medium\" alt=\"\" srcset=\"https:\/\/nyforetagarcentrum.se\/kramfors\/wp-content\/uploads\/sites\/22\/2024\/05\/HB_LARGE_RGB-300x32.png 300w, https:\/\/nyforetagarcentrum.se\/kramfors\/wp-content\/uploads\/sites\/22\/2024\/05\/HB_LARGE_RGB-768x83.png 768w, https:\/\/nyforetagarcentrum.se\/kramfors\/wp-content\/uploads\/sites\/22\/2024\/05\/HB_LARGE_RGB.png 955w\" sizes=\"(max-width: 300px) 100vw, 300px\" \/>            <\/div>\n        \n        <h3>Dags att se \u00f6ver tj\u00e4nstepensionen?<\/h3>\n\n        \n        <div class=\"content\">\n            <p>Prata med oss, vi hj\u00e4lper dig att hitta r\u00e4tt pensionsl\u00f6sning f\u00f6r dig och ditt f\u00f6retag. Tillsammans ser vi till att b\u00e5de du och dina anst\u00e4llda f\u00e5r m\u00f6jlighet till en bra pension.<\/p>\n<p><strong>Kramfors<\/strong><br \/>\nTelefon: 0612 61440<br \/>\nE-post: kramfors@handelsbanken.se<\/p>\n<p><strong>Sollefte\u00e5<\/strong><br \/>\nTelefon: 0620 787760<br \/>\nE-post: solleftea@handelsbanken.se<\/p>\n        <\/div>\n\n                    <a href=\"https:\/\/www.handelsbanken.se\/sv\/\" class=\"offer-button button outlined\" target=\"_blank\">\n                                                    <div class=\"icon icon-external\"><\/div>\n                            <\/a>\n            <\/div>\n<\/div><div class=\"offer-card\">\n\n    <div class=\"gallery-wrapper\">\n                    <div class=\"selected-media\">\n                                    <img loading=\"lazy\" decoding=\"async\" width=\"1024\" height=\"684\" src=\"https:\/\/nyforetagarcentrum.se\/kramfors\/wp-content\/uploads\/sites\/22\/2024\/06\/NFC-bild-hemsidan-DF-1024x684.png\" class=\"attachment-large size-large\" alt=\"\" srcset=\"https:\/\/nyforetagarcentrum.se\/kramfors\/wp-content\/uploads\/sites\/22\/2024\/06\/NFC-bild-hemsidan-DF-1024x684.png 1024w, https:\/\/nyforetagarcentrum.se\/kramfors\/wp-content\/uploads\/sites\/22\/2024\/06\/NFC-bild-hemsidan-DF-300x200.png 300w, https:\/\/nyforetagarcentrum.se\/kramfors\/wp-content\/uploads\/sites\/22\/2024\/06\/NFC-bild-hemsidan-DF-768x513.png 768w, https:\/\/nyforetagarcentrum.se\/kramfors\/wp-content\/uploads\/sites\/22\/2024\/06\/NFC-bild-hemsidan-DF.png 1200w\" sizes=\"(max-width: 1024px) 100vw, 1024px\" \/>                            <\/div>\n        \n            <\/div>\n\n\n    <div class=\"content-wrapper\">\n                    <div class=\"logo-wrapper\">\n                <img loading=\"lazy\" decoding=\"async\" width=\"234\" height=\"75\" src=\"https:\/\/nyforetagarcentrum.se\/kramfors\/wp-content\/uploads\/sites\/22\/2024\/05\/image002.png\" class=\"attachment-medium size-medium\" alt=\"\" \/>            <\/div>\n        \n        <h3>F\u00f6rs\u00e4kra ditt nystartade f\u00f6retag med oss f\u00f6r endast 750 kr de f\u00f6rsta 6 m\u00e5naderna!<\/h3>\n\n        \n        <div class=\"content\">\n            <p>Som stolta och lokala partners till Nyf\u00f6retagarcentrum Kramfors Sollefte\u00e5 har vi ett specialerbjudande f\u00f6r nystartade f\u00f6retag. I paketet ing\u00e5r b\u00e5de f\u00f6rs\u00e4kring f\u00f6r f\u00f6retagets egendom samt ansvar- och r\u00e4ttsskyddsf\u00f6rs\u00e4kring.<\/p>\n<p>Vi hj\u00e4lper dig \u00e4ven att f\u00f6rs\u00e4kra fastigheter och fordon samt allt du \u00e4ger privat \u2013 fr\u00e5n villan och Volvon till vovven. Med oss som f\u00f6rs\u00e4kringspartner f\u00e5r du trygga och prisv\u00e4rda l\u00f6sningar, s\u00e5 att du kan fokusera p\u00e5 f\u00f6retaget.<\/p>\n<p>Fyll i dina kontaktuppgifter via l\u00e4nk, eller ring oss p\u00e5 0770-160 700 alt. mejla p\u00e5 <a href=\"mailto:nord@dina.se\">nord@dina.se<\/a><\/p>\n<p>Vi ser fram emot att hj\u00e4lpa dig till en trygg framtid som f\u00f6retagare!<\/p>\n        <\/div>\n\n                    <a href=\"https:\/\/www.dina.se\/lokala-bolag\/dina-forsakringar-nord\/kampanjer\/nfc---tips-nystart-erb..html\" class=\"offer-button button outlined\" target=\"_blank\">\n                                                    <div class=\"icon icon-external\"><\/div>\n                            <\/a>\n            <\/div>\n<\/div><div class=\"offer-card\">\n\n    <div class=\"gallery-wrapper\">\n                    <div class=\"selected-media\">\n                                    <img loading=\"lazy\" decoding=\"async\" width=\"1024\" height=\"683\" src=\"https:\/\/nyforetagarcentrum.se\/kramfors\/wp-content\/uploads\/sites\/22\/2024\/02\/0e791fc7a813b73286933adf78fc31c9-1024x683.png\" class=\"attachment-large size-large\" alt=\"\" srcset=\"https:\/\/nyforetagarcentrum.se\/kramfors\/wp-content\/uploads\/sites\/22\/2024\/02\/0e791fc7a813b73286933adf78fc31c9-1024x683.png 1024w, https:\/\/nyforetagarcentrum.se\/kramfors\/wp-content\/uploads\/sites\/22\/2024\/02\/0e791fc7a813b73286933adf78fc31c9-300x200.png 300w, https:\/\/nyforetagarcentrum.se\/kramfors\/wp-content\/uploads\/sites\/22\/2024\/02\/0e791fc7a813b73286933adf78fc31c9-768x512.png 768w, https:\/\/nyforetagarcentrum.se\/kramfors\/wp-content\/uploads\/sites\/22\/2024\/02\/0e791fc7a813b73286933adf78fc31c9.png 1470w\" sizes=\"(max-width: 1024px) 100vw, 1024px\" \/>                            <\/div>\n        \n            <\/div>\n\n\n    <div class=\"content-wrapper\">\n                    <div class=\"logo-wrapper\">\n                <img loading=\"lazy\" decoding=\"async\" width=\"300\" height=\"87\" src=\"https:\/\/nyforetagarcentrum.se\/kramfors\/wp-content\/uploads\/sites\/22\/2024\/05\/foretagarna_logga_black_PNG-RGB-300x87.png\" class=\"attachment-medium size-medium\" alt=\"\" srcset=\"https:\/\/nyforetagarcentrum.se\/kramfors\/wp-content\/uploads\/sites\/22\/2024\/05\/foretagarna_logga_black_PNG-RGB-300x87.png 300w, https:\/\/nyforetagarcentrum.se\/kramfors\/wp-content\/uploads\/sites\/22\/2024\/05\/foretagarna_logga_black_PNG-RGB-1024x296.png 1024w, https:\/\/nyforetagarcentrum.se\/kramfors\/wp-content\/uploads\/sites\/22\/2024\/05\/foretagarna_logga_black_PNG-RGB-768x222.png 768w, https:\/\/nyforetagarcentrum.se\/kramfors\/wp-content\/uploads\/sites\/22\/2024\/05\/foretagarna_logga_black_PNG-RGB-1536x444.png 1536w, https:\/\/nyforetagarcentrum.se\/kramfors\/wp-content\/uploads\/sites\/22\/2024\/05\/foretagarna_logga_black_PNG-RGB-2048x592.png 2048w, https:\/\/nyforetagarcentrum.se\/kramfors\/wp-content\/uploads\/sites\/22\/2024\/05\/foretagarna_logga_black_PNG-RGB-1920x555.png 1920w\" sizes=\"(max-width: 300px) 100vw, 300px\" \/>            <\/div>\n        \n        <h3>Ta ditt f\u00f6retag till n\u00e4sta niv\u00e5<\/h3>\n\n        \n        <div class=\"content\">\n            <p>Ta ditt f\u00f6retagande till n\u00e4sta niv\u00e5 &#8211; bli en del av F\u00f6retagarna Kramfors eller Sollefte\u00e5 genom att teckna medlemsskap. Vi ing\u00e5r i Sveriges st\u00f6rsta f\u00f6retagarorganisation med 60 000 f\u00f6retagare och vill skapa b\u00e4ttre f\u00f6ruts\u00e4ttningar f\u00f6r att starta, driva, utveckla och \u00e4ga f\u00f6retag \u2013 i v\u00e5rt n\u00e4romr\u00e5de och i hela Sverige.<\/p>\n<p><strong>Kramfors<\/strong><br \/>\nkramfors@foretagarna.se<\/p>\n<p><strong>Sollefte\u00e5<\/strong><br \/>\nsolleftea@foretagarna.se<\/p>\n        <\/div>\n\n                    <a href=\"https:\/\/www.foretagarna.se\" class=\"offer-button button outlined\" target=\"_blank\">\n                                                    <div class=\"icon icon-external\"><\/div>\n                            <\/a>\n            <\/div>\n<\/div>        <\/div>\n    <\/div>\n<\/section>\n\n\n<div style=\"height:80px\" aria-hidden=\"true\" class=\"wp-block-spacer\"><\/div>\n","protected":false},"excerpt":{"rendered":"<p>Ta del av v\u00e5ra partners lokala erbjudanden<\/p>\n","protected":false},"author":1,"featured_media":0,"parent":0,"menu_order":0,"comment_status":"closed","ping_status":"closed","template":"","meta":{"footnotes":""},"acf":[],"yoast_head":"<!-- This site is optimized with the Yoast SEO plugin v22.9 - https:\/\/yoast.com\/wordpress\/plugins\/seo\/ -->\n<title>Erbjudanden - Kramfors<\/title>\n<meta name=\"robots\" content=\"index, follow, max-snippet:-1, max-image-preview:large, max-video-preview:-1\" \/>\n<link rel=\"canonical\" href=\"https:\/\/nyforetagarcentrum.se\/kramfors\/erbjudanden\/\" \/>\n<meta property=\"og:locale\" content=\"sv_SE\" \/>\n<meta property=\"og:type\" content=\"article\" \/>\n<meta property=\"og:title\" content=\"Erbjudanden - Kramfors\" \/>\n<meta property=\"og:description\" content=\"Ta del av v\u00e5ra partners lokala erbjudanden\" \/>\n<meta property=\"og:url\" content=\"https:\/\/nyforetagarcentrum.se\/kramfors\/erbjudanden\/\" \/>\n<meta property=\"og:site_name\" content=\"Kramfors\" \/>\n<meta property=\"article:modified_time\" content=\"2025-04-23T12:47:58+00:00\" \/>\n<meta name=\"twitter:card\" content=\"summary_large_image\" \/>\n<meta name=\"twitter:label1\" content=\"Ber\u00e4knad l\u00e4stid\" \/>\n\t<meta name=\"twitter:data1\" content=\"1 minut\" \/>\n<script type=\"application\/ld+json\" class=\"yoast-schema-graph\">{\"@context\":\"https:\/\/schema.org\",\"@graph\":[{\"@type\":\"WebPage\",\"@id\":\"https:\/\/nyforetagarcentrum.se\/kramfors\/erbjudanden\/\",\"url\":\"https:\/\/nyforetagarcentrum.se\/kramfors\/erbjudanden\/\",\"name\":\"Erbjudanden - Kramfors\",\"isPartOf\":{\"@id\":\"https:\/\/nyforetagarcentrum.se\/kramfors\/#website\"},\"datePublished\":\"2024-02-22T09:29:05+00:00\",\"dateModified\":\"2025-04-23T12:47:58+00:00\",\"breadcrumb\":{\"@id\":\"https:\/\/nyforetagarcentrum.se\/kramfors\/erbjudanden\/#breadcrumb\"},\"inLanguage\":\"sv-SE\",\"potentialAction\":[{\"@type\":\"ReadAction\",\"target\":[\"https:\/\/nyforetagarcentrum.se\/kramfors\/erbjudanden\/\"]}]},{\"@type\":\"BreadcrumbList\",\"@id\":\"https:\/\/nyforetagarcentrum.se\/kramfors\/erbjudanden\/#breadcrumb\",\"itemListElement\":[{\"@type\":\"ListItem\",\"position\":1,\"name\":\"Hem\",\"item\":\"https:\/\/nyforetagarcentrum.se\/kramfors\/\"},{\"@type\":\"ListItem\",\"position\":2,\"name\":\"Erbjudanden\"}]},{\"@type\":\"WebSite\",\"@id\":\"https:\/\/nyforetagarcentrum.se\/kramfors\/#website\",\"url\":\"https:\/\/nyforetagarcentrum.se\/kramfors\/\",\"name\":\"Kramfors\",\"description\":\"Sveriges ledande kraft f\u00f6r fler nya livskraftiga f\u00f6retag\",\"publisher\":{\"@id\":\"https:\/\/nyforetagarcentrum.se\/kramfors\/#organization\"},\"potentialAction\":[{\"@type\":\"SearchAction\",\"target\":{\"@type\":\"EntryPoint\",\"urlTemplate\":\"https:\/\/nyforetagarcentrum.se\/kramfors\/?s={search_term_string}\"},\"query-input\":\"required name=search_term_string\"}],\"inLanguage\":\"sv-SE\"},{\"@type\":\"Organization\",\"@id\":\"https:\/\/nyforetagarcentrum.se\/kramfors\/#organization\",\"name\":\"Kramfors\",\"url\":\"https:\/\/nyforetagarcentrum.se\/kramfors\/\",\"logo\":{\"@type\":\"ImageObject\",\"inLanguage\":\"sv-SE\",\"@id\":\"https:\/\/nyforetagarcentrum.se\/kramfors\/#\/schema\/logo\/image\/\",\"url\":\"https:\/\/nyforetagarcentrum.se\/kramfors\/wp-content\/uploads\/sites\/22\/2024\/07\/kramfors_bla.png\",\"contentUrl\":\"https:\/\/nyforetagarcentrum.se\/kramfors\/wp-content\/uploads\/sites\/22\/2024\/07\/kramfors_bla.png\",\"width\":870,\"height\":355,\"caption\":\"Kramfors\"},\"image\":{\"@id\":\"https:\/\/nyforetagarcentrum.se\/kramfors\/#\/schema\/logo\/image\/\"}}]}<\/script>\n<!-- \/ Yoast SEO plugin. -->","yoast_head_json":{"title":"Erbjudanden - Kramfors","robots":{"index":"index","follow":"follow","max-snippet":"max-snippet:-1","max-image-preview":"max-image-preview:large","max-video-preview":"max-video-preview:-1"},"canonical":"https:\/\/nyforetagarcentrum.se\/kramfors\/erbjudanden\/","og_locale":"sv_SE","og_type":"article","og_title":"Erbjudanden - Kramfors","og_description":"Ta del av v\u00e5ra partners lokala erbjudanden","og_url":"https:\/\/nyforetagarcentrum.se\/kramfors\/erbjudanden\/","og_site_name":"Kramfors","article_modified_time":"2025-04-23T12:47:58+00:00","twitter_card":"summary_large_image","twitter_misc":{"Ber\u00e4knad l\u00e4stid":"1 minut"},"schema":{"@context":"https:\/\/schema.org","@graph":[{"@type":"WebPage","@id":"https:\/\/nyforetagarcentrum.se\/kramfors\/erbjudanden\/","url":"https:\/\/nyforetagarcentrum.se\/kramfors\/erbjudanden\/","name":"Erbjudanden - Kramfors","isPartOf":{"@id":"https:\/\/nyforetagarcentrum.se\/kramfors\/#website"},"datePublished":"2024-02-22T09:29:05+00:00","dateModified":"2025-04-23T12:47:58+00:00","breadcrumb":{"@id":"https:\/\/nyforetagarcentrum.se\/kramfors\/erbjudanden\/#breadcrumb"},"inLanguage":"sv-SE","potentialAction":[{"@type":"ReadAction","target":["https:\/\/nyforetagarcentrum.se\/kramfors\/erbjudanden\/"]}]},{"@type":"BreadcrumbList","@id":"https:\/\/nyforetagarcentrum.se\/kramfors\/erbjudanden\/#breadcrumb","itemListElement":[{"@type":"ListItem","position":1,"name":"Hem","item":"https:\/\/nyforetagarcentrum.se\/kramfors\/"},{"@type":"ListItem","position":2,"name":"Erbjudanden"}]},{"@type":"WebSite","@id":"https:\/\/nyforetagarcentrum.se\/kramfors\/#website","url":"https:\/\/nyforetagarcentrum.se\/kramfors\/","name":"Kramfors","description":"Sveriges ledande kraft f\u00f6r fler nya livskraftiga f\u00f6retag","publisher":{"@id":"https:\/\/nyforetagarcentrum.se\/kramfors\/#organization"},"potentialAction":[{"@type":"SearchAction","target":{"@type":"EntryPoint","urlTemplate":"https:\/\/nyforetagarcentrum.se\/kramfors\/?s={search_term_string}"},"query-input":"required name=search_term_string"}],"inLanguage":"sv-SE"},{"@type":"Organization","@id":"https:\/\/nyforetagarcentrum.se\/kramfors\/#organization","name":"Kramfors","url":"https:\/\/nyforetagarcentrum.se\/kramfors\/","logo":{"@type":"ImageObject","inLanguage":"sv-SE","@id":"https:\/\/nyforetagarcentrum.se\/kramfors\/#\/schema\/logo\/image\/","url":"https:\/\/nyforetagarcentrum.se\/kramfors\/wp-content\/uploads\/sites\/22\/2024\/07\/kramfors_bla.png","contentUrl":"https:\/\/nyforetagarcentrum.se\/kramfors\/wp-content\/uploads\/sites\/22\/2024\/07\/kramfors_bla.png","width":870,"height":355,"caption":"Kramfors"},"image":{"@id":"https:\/\/nyforetagarcentrum.se\/kramfors\/#\/schema\/logo\/image\/"}}]}},"_links":{"self":[{"href":"https:\/\/nyforetagarcentrum.se\/kramfors\/wp-json\/wp\/v2\/pages\/48"}],"collection":[{"href":"https:\/\/nyforetagarcentrum.se\/kramfors\/wp-json\/wp\/v2\/pages"}],"about":[{"href":"https:\/\/nyforetagarcentrum.se\/kramfors\/wp-json\/wp\/v2\/types\/page"}],"author":[{"embeddable":true,"href":"https:\/\/nyforetagarcentrum.se\/kramfors\/wp-json\/wp\/v2\/users\/1"}],"replies":[{"embeddable":true,"href":"https:\/\/nyforetagarcentrum.se\/kramfors\/wp-json\/wp\/v2\/comments?post=48"}],"version-history":[{"count":12,"href":"https:\/\/nyforetagarcentrum.se\/kramfors\/wp-json\/wp\/v2\/pages\/48\/revisions"}],"predecessor-version":[{"id":850,"href":"https:\/\/nyforetagarcentrum.se\/kramfors\/wp-json\/wp\/v2\/pages\/48\/revisions\/850"}],"wp:attachment":[{"href":"https:\/\/nyforetagarcentrum.se\/kramfors\/wp-json\/wp\/v2\/media?parent=48"}],"curies":[{"name":"wp","href":"https:\/\/api.w.org\/{rel}","templated":true}]}}