{"id":164,"date":"2024-02-27T16:05:17","date_gmt":"2024-02-27T15:05:17","guid":{"rendered":"https:\/\/nyforetagarcentrum.se\/karlshamn\/?page_id=164"},"modified":"2025-05-20T08:07:50","modified_gmt":"2025-05-20T06:07:50","slug":"var-styrelse","status":"publish","type":"page","link":"https:\/\/nyforetagarcentrum.se\/karlshamn\/var-styrelse\/","title":{"rendered":"V\u00e5r styrelse"},"content":{"rendered":"<section  class=\"nfc-block-hero alignfull\">\n\n    <img loading=\"lazy\" decoding=\"async\" width=\"1476\" height=\"984\" src=\"https:\/\/nyforetagarcentrum.se\/karlshamn\/wp-content\/uploads\/sites\/9\/2024\/02\/Nyforetagare-kultur-LOW.jpg\" class=\"attachment-landscape size-landscape\" alt=\"\" srcset=\"https:\/\/nyforetagarcentrum.se\/karlshamn\/wp-content\/uploads\/sites\/9\/2024\/02\/Nyforetagare-kultur-LOW.jpg 1476w, https:\/\/nyforetagarcentrum.se\/karlshamn\/wp-content\/uploads\/sites\/9\/2024\/02\/Nyforetagare-kultur-LOW-300x200.jpg 300w, https:\/\/nyforetagarcentrum.se\/karlshamn\/wp-content\/uploads\/sites\/9\/2024\/02\/Nyforetagare-kultur-LOW-1024x683.jpg 1024w, https:\/\/nyforetagarcentrum.se\/karlshamn\/wp-content\/uploads\/sites\/9\/2024\/02\/Nyforetagare-kultur-LOW-768x512.jpg 768w\" sizes=\"(max-width: 1476px) 100vw, 1476px\" \/>\n    <div class=\"contained\">\n        <h1 class=\"nfc-block-hero__heading\">V\u00e5r styrelse<\/h1>\n\n            <\/div>\n<\/section>\n\n\n<div style=\"height:50px\" aria-hidden=\"true\" class=\"wp-block-spacer\"><\/div>\n\n\n<section  class=\"nfc-block-breadcrumbs alignwide\">\n    <div class=\"wrapper contained\">\n        <ol class=\"breadcrumbs\" itemscope itemtype=\"https:\/\/schema.org\/BreadcrumbList\">\n            <li itemprop=\"itemListElement\" itemscope itemtype=\"https:\/\/schema.org\/ListItem\">\n            \n\n                            <span class=\"current\" itemprop=\"name\">Hem<\/span>\n            \n            <meta itemprop=\"position\" content=\"1\" \/>\n        <\/li>\n    <\/ol>    <\/div>\n<\/section>\n\n<section  class=\"nfc-block-person_grid alignwide layout-small\">\n    <div class=\"contained\">\n        <div class=\"grid\">\n            <div class=\"person-card\">\n    \n            <div class=\"featured_image\">\n            <img loading=\"lazy\" decoding=\"async\" width=\"150\" height=\"150\" src=\"https:\/\/nyforetagarcentrum.se\/karlshamn\/wp-content\/uploads\/sites\/9\/2026\/01\/Nina-Andersson-bild-NFC-003-150x150.jpg\" class=\"attachment-thumbnail size-thumbnail\" alt=\"\" \/>        <\/div>\n    \n    <div class=\"content-wrapper\">\n        <div class=\"top\">\n                    <\/div>\n        \n        <h3>Nina Andersson<\/h3>\n\n        <div class=\"excerpt\">\n            V\u00e5r diplomerade r\u00e5dgivare p\u00e5 Nyf\u00f6retagarCentrum Karlshamn \u00e4r Nina Andersson som \u00e4r f\u00f6retagare sj\u00e4lv, och som har stor erfarenhet av vad det inneb\u00e4r att starta, driva och utveckla f\u00f6retag. Nina brinner f\u00f6r entrepren\u00f6rskap, Karlshamns n\u00e4ringsliv och samh\u00e4llsutveckling i stort.<br \/>\r\n<br \/>\r\n&#8221;N\u00e4r du kommer p\u00e5 r\u00e5dgivning hos mig hoppas jag kunna bidra med kunskap, energi och n\u00e4tverk som g\u00f6r att du k\u00e4nner dig inspirerad att ta n\u00e4sta steg i just din f\u00f6retagsresa.  \u2002\u2002\u2002\u2002\u2002\u2002\u2002\u2002\u2002\u2002\u2002\u2002\u2002\u2002\u2002\u2002\u2002\u2002\u2002\u2002\u2002\u2002\u2002\u2002\u2002\u2002\u2002\u2002\u2002\u2002\u2002\u2002\u2002\u2002\u2002\u2002\u2002\u2002\u2002\u2002\u2002\u2002\u2002\u2002\u2002\u2002\u2002\u2002\u2002\u2002\u2002\u2002\u2002\u2002<br \/>\r\nV\u00e5r r\u00e5dgivare har ett stort engagemang f\u00f6r f\u00f6retagarfr\u00e5gor och hj\u00e4lper dig g\u00e4rna b\u00e5de med specifika fr\u00e5gor om f\u00f6retagande eller bara som bollplank.<br \/>\r\n        <\/div>\n\n        <div class=\"links\">\n            \n                            <a href=\"mailto:nina.andersson_at_nyforetagarcentrum.se\">\n                    MAIL: nina.andersson_at_nyforetagarcentrum.se                <\/a>\n                    <\/div>\n        \n    <\/div>\n<\/div><div class=\"person-card\">\n    \n    \n    <div class=\"content-wrapper\">\n        <div class=\"top\">\n                    <\/div>\n        \n        <h3>Magnus Larsson<\/h3>\n\n        <div class=\"excerpt\">\n            Ordf\u00f6rande<br \/>\r\nAlbertsberg Business Consulting &amp; Development AB<br \/>\r\nwww.albertsberg.se        <\/div>\n\n        <div class=\"links\">\n            \n                            <a href=\"mailto:magnus.larsson_at_albertsberg.se\">\n                    MAIL: magnus.larsson_at_albertsberg.se                <\/a>\n                    <\/div>\n        \n    <\/div>\n<\/div><div class=\"person-card\">\n    \n    \n    <div class=\"content-wrapper\">\n        <div class=\"top\">\n                    <\/div>\n        \n        <h3>Catharina Persson<\/h3>\n\n        <div class=\"excerpt\">\n            Catharina Persson<br \/>\r\nForma Design i Karlshamn AB<br \/>\r\nwww.formadesign.se<br \/>\r\n        <\/div>\n\n        <div class=\"links\">\n            \n                            <a href=\"mailto:catharina_at_formadesign.se\">\n                    MAIL: catharina_at_formadesign.se                <\/a>\n                    <\/div>\n        \n    <\/div>\n<\/div><div class=\"person-card\">\n    \n    \n    <div class=\"content-wrapper\">\n        <div class=\"top\">\n                    <\/div>\n        \n        <h3>Ulf \u00d6dman<\/h3>\n\n        <div class=\"excerpt\">\n            Vice Ordf\u00f6rande<br \/>\r\nHelp to you<br \/>\r\nwww.helptoyou.se        <\/div>\n\n        <div class=\"links\">\n            \n                            <a href=\"mailto:ulf_at_helptoyou.se\">\n                    MAIL: ulf_at_helptoyou.se                <\/a>\n                    <\/div>\n        \n    <\/div>\n<\/div><div class=\"person-card\">\n    \n    \n    <div class=\"content-wrapper\">\n        <div class=\"top\">\n                    <\/div>\n        \n        <h3>Hussain Hussain<\/h3>\n\n        <div class=\"excerpt\">\n            Ledamot<br \/>\r\nApoteksgruppen i Karlshamn\/Kronans Apotek        <\/div>\n\n        <div class=\"links\">\n            \n                    <\/div>\n        \n    <\/div>\n<\/div><div class=\"person-card\">\n    \n    \n    <div class=\"content-wrapper\">\n        <div class=\"top\">\n                    <\/div>\n        \n        <h3>Elisabeth Dahl<\/h3>\n\n        <div class=\"excerpt\">\n            Ledamot<br \/>\r\nElionHR AB<br \/>\r\nwww.elionhr.com        <\/div>\n\n        <div class=\"links\">\n            \n                            <a href=\"mailto:Elisabeth_at_elionhr.com\">\n                    MAIL: Elisabeth_at_elionhr.com                <\/a>\n                    <\/div>\n        \n    <\/div>\n<\/div><div class=\"person-card\">\n    \n    \n    <div class=\"content-wrapper\">\n        <div class=\"top\">\n                    <\/div>\n        \n        <h3>John Ohlson<\/h3>\n\n        <div class=\"excerpt\">\n            Ledamot<br \/>\r\nWilkon<br \/>\r\nwww.wilkon.se        <\/div>\n\n        <div class=\"links\">\n            \n                            <a href=\"mailto:john_at_@wilkon.se \">\n                    MAIL: john_at_@wilkon.se                 <\/a>\n                    <\/div>\n        \n    <\/div>\n<\/div><div class=\"person-card\">\n    \n    \n    <div class=\"content-wrapper\">\n        <div class=\"top\">\n                    <\/div>\n        \n        <h3>Uffe Smiding<\/h3>\n\n        <div class=\"excerpt\">\n            Ledamot<br \/>\r\nHouse Of Padel, Blekinge Business Club AB<br \/>\r\nwww.blekingebc.se<br \/>\r\n<br \/>\r\n        <\/div>\n\n        <div class=\"links\">\n            \n                            <a href=\"mailto:uffe_at_blekingebc.se\">\n                    MAIL: uffe_at_blekingebc.se                <\/a>\n                    <\/div>\n        \n    <\/div>\n<\/div><div class=\"person-card\">\n    \n    \n    <div class=\"content-wrapper\">\n        <div class=\"top\">\n                    <\/div>\n        \n        <h3>Annica Hammar<\/h3>\n\n        <div class=\"excerpt\">\n            Ledamot<br \/>\r\nKarlshamns Kommun, N\u00e4ringsliv<br \/>\r\nwww.karlshamn.se\/foretag-och-arbete\/naringsliv-och-utveckling\/naringslivsenheten\/<br \/>\r\n<br \/>\r\n        <\/div>\n\n        <div class=\"links\">\n            \n                            <a href=\"mailto:annica.hammar_at_karlshamn.se\">\n                    MAIL: annica.hammar_at_karlshamn.se                <\/a>\n                    <\/div>\n        \n    <\/div>\n<\/div><div class=\"person-card\">\n    \n    \n    <div class=\"content-wrapper\">\n        <div class=\"top\">\n                    <\/div>\n        \n        <h3>Jonathan Ekelund<\/h3>\n\n        <div class=\"excerpt\">\n            Ledamot<br \/>\r\nCircom Solutions AB<br \/>\r\nhttps:\/\/circom.se        <\/div>\n\n        <div class=\"links\">\n            \n                            <a href=\"mailto:jonathan.ekelund_at_circom.se\">\n                    MAIL: jonathan.ekelund_at_circom.se                <\/a>\n                    <\/div>\n        \n    <\/div>\n<\/div>        <\/div>\n    <\/div>\n<\/section>\n\n\n<div style=\"height:100px\" aria-hidden=\"true\" class=\"wp-block-spacer\"><\/div>\n","protected":false},"excerpt":{"rendered":"","protected":false},"author":1,"featured_media":0,"parent":0,"menu_order":0,"comment_status":"closed","ping_status":"closed","template":"","meta":{"footnotes":""},"acf":[],"yoast_head":"<!-- This site is optimized with the Yoast SEO plugin v22.9 - https:\/\/yoast.com\/wordpress\/plugins\/seo\/ -->\n<title>V\u00e5r styrelse - Karlshamn<\/title>\n<meta name=\"description\" content=\"L\u00e4s om vilka som sitter i styrelsen f\u00f6r Nyf\u00f6retagarcentrum Karlshamn \u00e4r samt vilka roller de har i n\u00e4ringslivet.\" \/>\n<meta name=\"robots\" content=\"index, follow, max-snippet:-1, max-image-preview:large, max-video-preview:-1\" \/>\n<link rel=\"canonical\" href=\"https:\/\/nyforetagarcentrum.se\/karlshamn\/var-styrelse\/\" \/>\n<meta property=\"og:locale\" content=\"sv_SE\" \/>\n<meta property=\"og:type\" content=\"article\" \/>\n<meta property=\"og:title\" content=\"V\u00e5r styrelse - Karlshamn\" \/>\n<meta property=\"og:description\" content=\"L\u00e4s om vilka som sitter i styrelsen f\u00f6r Nyf\u00f6retagarcentrum Karlshamn \u00e4r samt vilka roller de har i n\u00e4ringslivet.\" \/>\n<meta property=\"og:url\" content=\"https:\/\/nyforetagarcentrum.se\/karlshamn\/var-styrelse\/\" \/>\n<meta property=\"og:site_name\" content=\"Karlshamn\" \/>\n<meta property=\"article:modified_time\" content=\"2025-05-20T06:07:50+00:00\" \/>\n<meta name=\"twitter:card\" content=\"summary_large_image\" \/>\n<script type=\"application\/ld+json\" class=\"yoast-schema-graph\">{\"@context\":\"https:\/\/schema.org\",\"@graph\":[{\"@type\":\"WebPage\",\"@id\":\"https:\/\/nyforetagarcentrum.se\/karlshamn\/var-styrelse\/\",\"url\":\"https:\/\/nyforetagarcentrum.se\/karlshamn\/var-styrelse\/\",\"name\":\"V\u00e5r styrelse - Karlshamn\",\"isPartOf\":{\"@id\":\"https:\/\/nyforetagarcentrum.se\/karlshamn\/#website\"},\"datePublished\":\"2024-02-27T15:05:17+00:00\",\"dateModified\":\"2025-05-20T06:07:50+00:00\",\"description\":\"L\u00e4s om vilka som sitter i styrelsen f\u00f6r Nyf\u00f6retagarcentrum Karlshamn \u00e4r samt vilka roller de har i n\u00e4ringslivet.\",\"breadcrumb\":{\"@id\":\"https:\/\/nyforetagarcentrum.se\/karlshamn\/var-styrelse\/#breadcrumb\"},\"inLanguage\":\"sv-SE\",\"potentialAction\":[{\"@type\":\"ReadAction\",\"target\":[\"https:\/\/nyforetagarcentrum.se\/karlshamn\/var-styrelse\/\"]}]},{\"@type\":\"BreadcrumbList\",\"@id\":\"https:\/\/nyforetagarcentrum.se\/karlshamn\/var-styrelse\/#breadcrumb\",\"itemListElement\":[{\"@type\":\"ListItem\",\"position\":1,\"name\":\"Hem\",\"item\":\"https:\/\/nyforetagarcentrum.se\/karlshamn\/\"},{\"@type\":\"ListItem\",\"position\":2,\"name\":\"V\u00e5r styrelse\"}]},{\"@type\":\"WebSite\",\"@id\":\"https:\/\/nyforetagarcentrum.se\/karlshamn\/#website\",\"url\":\"https:\/\/nyforetagarcentrum.se\/karlshamn\/\",\"name\":\"Karlshamn\",\"description\":\"Sveriges ledande kraft f\u00f6r fler nya livskraftiga f\u00f6retag\",\"publisher\":{\"@id\":\"https:\/\/nyforetagarcentrum.se\/karlshamn\/#organization\"},\"potentialAction\":[{\"@type\":\"SearchAction\",\"target\":{\"@type\":\"EntryPoint\",\"urlTemplate\":\"https:\/\/nyforetagarcentrum.se\/karlshamn\/?s={search_term_string}\"},\"query-input\":\"required name=search_term_string\"}],\"inLanguage\":\"sv-SE\"},{\"@type\":\"Organization\",\"@id\":\"https:\/\/nyforetagarcentrum.se\/karlshamn\/#organization\",\"name\":\"Karlshamn\",\"url\":\"https:\/\/nyforetagarcentrum.se\/karlshamn\/\",\"logo\":{\"@type\":\"ImageObject\",\"inLanguage\":\"sv-SE\",\"@id\":\"https:\/\/nyforetagarcentrum.se\/karlshamn\/#\/schema\/logo\/image\/\",\"url\":\"https:\/\/nyforetagarcentrum.se\/karlshamn\/wp-content\/uploads\/sites\/9\/2024\/03\/cropped-NFC_Karlshamn_194x90.png\",\"contentUrl\":\"https:\/\/nyforetagarcentrum.se\/karlshamn\/wp-content\/uploads\/sites\/9\/2024\/03\/cropped-NFC_Karlshamn_194x90.png\",\"width\":194,\"height\":90,\"caption\":\"Karlshamn\"},\"image\":{\"@id\":\"https:\/\/nyforetagarcentrum.se\/karlshamn\/#\/schema\/logo\/image\/\"}}]}<\/script>\n<!-- \/ Yoast SEO plugin. -->","yoast_head_json":{"title":"V\u00e5r styrelse - Karlshamn","description":"L\u00e4s om vilka som sitter i styrelsen f\u00f6r Nyf\u00f6retagarcentrum Karlshamn \u00e4r samt vilka roller de har i n\u00e4ringslivet.","robots":{"index":"index","follow":"follow","max-snippet":"max-snippet:-1","max-image-preview":"max-image-preview:large","max-video-preview":"max-video-preview:-1"},"canonical":"https:\/\/nyforetagarcentrum.se\/karlshamn\/var-styrelse\/","og_locale":"sv_SE","og_type":"article","og_title":"V\u00e5r styrelse - Karlshamn","og_description":"L\u00e4s om vilka som sitter i styrelsen f\u00f6r Nyf\u00f6retagarcentrum Karlshamn \u00e4r samt vilka roller de har i n\u00e4ringslivet.","og_url":"https:\/\/nyforetagarcentrum.se\/karlshamn\/var-styrelse\/","og_site_name":"Karlshamn","article_modified_time":"2025-05-20T06:07:50+00:00","twitter_card":"summary_large_image","schema":{"@context":"https:\/\/schema.org","@graph":[{"@type":"WebPage","@id":"https:\/\/nyforetagarcentrum.se\/karlshamn\/var-styrelse\/","url":"https:\/\/nyforetagarcentrum.se\/karlshamn\/var-styrelse\/","name":"V\u00e5r styrelse - Karlshamn","isPartOf":{"@id":"https:\/\/nyforetagarcentrum.se\/karlshamn\/#website"},"datePublished":"2024-02-27T15:05:17+00:00","dateModified":"2025-05-20T06:07:50+00:00","description":"L\u00e4s om vilka som sitter i styrelsen f\u00f6r Nyf\u00f6retagarcentrum Karlshamn \u00e4r samt vilka roller de har i n\u00e4ringslivet.","breadcrumb":{"@id":"https:\/\/nyforetagarcentrum.se\/karlshamn\/var-styrelse\/#breadcrumb"},"inLanguage":"sv-SE","potentialAction":[{"@type":"ReadAction","target":["https:\/\/nyforetagarcentrum.se\/karlshamn\/var-styrelse\/"]}]},{"@type":"BreadcrumbList","@id":"https:\/\/nyforetagarcentrum.se\/karlshamn\/var-styrelse\/#breadcrumb","itemListElement":[{"@type":"ListItem","position":1,"name":"Hem","item":"https:\/\/nyforetagarcentrum.se\/karlshamn\/"},{"@type":"ListItem","position":2,"name":"V\u00e5r styrelse"}]},{"@type":"WebSite","@id":"https:\/\/nyforetagarcentrum.se\/karlshamn\/#website","url":"https:\/\/nyforetagarcentrum.se\/karlshamn\/","name":"Karlshamn","description":"Sveriges ledande kraft f\u00f6r fler nya livskraftiga f\u00f6retag","publisher":{"@id":"https:\/\/nyforetagarcentrum.se\/karlshamn\/#organization"},"potentialAction":[{"@type":"SearchAction","target":{"@type":"EntryPoint","urlTemplate":"https:\/\/nyforetagarcentrum.se\/karlshamn\/?s={search_term_string}"},"query-input":"required name=search_term_string"}],"inLanguage":"sv-SE"},{"@type":"Organization","@id":"https:\/\/nyforetagarcentrum.se\/karlshamn\/#organization","name":"Karlshamn","url":"https:\/\/nyforetagarcentrum.se\/karlshamn\/","logo":{"@type":"ImageObject","inLanguage":"sv-SE","@id":"https:\/\/nyforetagarcentrum.se\/karlshamn\/#\/schema\/logo\/image\/","url":"https:\/\/nyforetagarcentrum.se\/karlshamn\/wp-content\/uploads\/sites\/9\/2024\/03\/cropped-NFC_Karlshamn_194x90.png","contentUrl":"https:\/\/nyforetagarcentrum.se\/karlshamn\/wp-content\/uploads\/sites\/9\/2024\/03\/cropped-NFC_Karlshamn_194x90.png","width":194,"height":90,"caption":"Karlshamn"},"image":{"@id":"https:\/\/nyforetagarcentrum.se\/karlshamn\/#\/schema\/logo\/image\/"}}]}},"_links":{"self":[{"href":"https:\/\/nyforetagarcentrum.se\/karlshamn\/wp-json\/wp\/v2\/pages\/164"}],"collection":[{"href":"https:\/\/nyforetagarcentrum.se\/karlshamn\/wp-json\/wp\/v2\/pages"}],"about":[{"href":"https:\/\/nyforetagarcentrum.se\/karlshamn\/wp-json\/wp\/v2\/types\/page"}],"author":[{"embeddable":true,"href":"https:\/\/nyforetagarcentrum.se\/karlshamn\/wp-json\/wp\/v2\/users\/1"}],"replies":[{"embeddable":true,"href":"https:\/\/nyforetagarcentrum.se\/karlshamn\/wp-json\/wp\/v2\/comments?post=164"}],"version-history":[{"count":20,"href":"https:\/\/nyforetagarcentrum.se\/karlshamn\/wp-json\/wp\/v2\/pages\/164\/revisions"}],"predecessor-version":[{"id":396,"href":"https:\/\/nyforetagarcentrum.se\/karlshamn\/wp-json\/wp\/v2\/pages\/164\/revisions\/396"}],"wp:attachment":[{"href":"https:\/\/nyforetagarcentrum.se\/karlshamn\/wp-json\/wp\/v2\/media?parent=164"}],"curies":[{"name":"wp","href":"https:\/\/api.w.org\/{rel}","templated":true}]}}