{"id":627,"date":"2025-08-27T17:18:14","date_gmt":"2025-08-27T15:18:14","guid":{"rendered":"https:\/\/nyforetagarcentrum.se\/kalmarsund\/?post_type=event&#038;p=627"},"modified":"2026-01-30T08:46:35","modified_gmt":"2026-01-30T07:46:35","slug":"starta-eget-kurs-2","status":"publish","type":"event","link":"https:\/\/nyforetagarcentrum.se\/kalmarsund\/evenemang\/starta-eget-kurs-2\/","title":{"rendered":"Starta eget kurs"},"content":{"rendered":"\n<p>P\u00e5 v\u00e5r starta-eget-kurs f\u00e5r du genom olika f\u00f6rel\u00e4sare grundl\u00e4ggande kunskap om marknadsf\u00f6ring, f\u00f6rs\u00e4ljning och ekonomi. Under kursen arbetar du \u00e4ven med att ta fram din egna aff\u00e4rsplan och f\u00e5r tips och feed-back p\u00e5 hur du ska g\u00e5 tillv\u00e4ga.<\/p>\n\n\n\n<p>Tr\u00e4ff 1, 24\/2: Introduktion<br>Tr\u00e4ff 2, 10\/3: Marknadsf\u00f6ring &amp; f\u00f6rs\u00e4ljning<br>Tr\u00e4ff 3, 24\/3: Juridik<br>Tr\u00e4ff 4, 7\/4: Bokf\u00f6ring, kalkyl, budget<br>Tr\u00e4ff 5, 21\/4: F\u00f6rs\u00e4kringar &amp; f\u00f6retagsst\u00f6d<\/p>\n\n\n\n<p><strong>Vid varje tr\u00e4ff:<\/strong><br>\u2022 f\u00f6rel\u00e4sning om temat av f\u00f6retag\/organisation<br>\u2022 arbete och genomg\u00e5ng av aff\u00e4rsplan<\/p>\n\n\n\n<p>Starta-eget kursen finansieras av Region Kalmar, Kalmar kommun, Nybro kommun, Emmaboda kommun, Tors\u00e5s kommun, M\u00f6rbyl\u00e5nga kommun, Borgholm kommun.<\/p>\n\n\n\n<p><strong>Varmt v\u00e4lkommen!<\/strong><\/p>\n","protected":false},"template":"","meta":{"footnotes":""},"acf":[],"yoast_head":"<!-- This site is optimized with the Yoast SEO plugin v22.9 - https:\/\/yoast.com\/wordpress\/plugins\/seo\/ -->\n<title>Evenemang f\u00f6r blivande f\u00f6retagare i Kalmarsund | Nyf\u00f6retagarcentrum<\/title>\n<meta name=\"description\" content=\"Nyf\u00f6retagarcentrum Kalmarsund arrangerar inspirerande evenemang och utbildningar f\u00f6r dig som vill starta eget f\u00f6retag. Boka din plats p\u00e5 Starta Eget-dagen, f\u00f6rel\u00e4sningar inom marknadsf\u00f6ring, f\u00f6rs\u00e4ljning och mycket mer f\u00f6r att f\u00e5 v\u00e4rdefull kunskap och st\u00f6d i f\u00f6retagsstarten.\" \/>\n<meta name=\"robots\" content=\"index, follow, max-snippet:-1, max-image-preview:large, max-video-preview:-1\" \/>\n<link rel=\"canonical\" href=\"https:\/\/nyforetagarcentrum.se\/kalmarsund\/evenemang\/starta-eget-kurs-2\/\" \/>\n<meta property=\"og:locale\" content=\"sv_SE\" \/>\n<meta property=\"og:type\" content=\"article\" \/>\n<meta property=\"og:title\" content=\"Evenemang f\u00f6r blivande f\u00f6retagare i Kalmarsund | Nyf\u00f6retagarcentrum\" \/>\n<meta property=\"og:description\" content=\"Nyf\u00f6retagarcentrum Kalmarsund arrangerar inspirerande evenemang och utbildningar f\u00f6r dig som vill starta eget f\u00f6retag. Boka din plats p\u00e5 Starta Eget-dagen, f\u00f6rel\u00e4sningar inom marknadsf\u00f6ring, f\u00f6rs\u00e4ljning och mycket mer f\u00f6r att f\u00e5 v\u00e4rdefull kunskap och st\u00f6d i f\u00f6retagsstarten.\" \/>\n<meta property=\"og:url\" content=\"https:\/\/nyforetagarcentrum.se\/kalmarsund\/evenemang\/starta-eget-kurs-2\/\" \/>\n<meta property=\"og:site_name\" content=\"Kalmarsund\" \/>\n<meta property=\"article:modified_time\" content=\"2026-01-30T07:46:35+00:00\" \/>\n<meta name=\"twitter:card\" content=\"summary_large_image\" \/>\n<meta name=\"twitter:label1\" content=\"Ber\u00e4knad l\u00e4stid\" \/>\n\t<meta name=\"twitter:data1\" content=\"1 minut\" \/>\n<script type=\"application\/ld+json\" class=\"yoast-schema-graph\">{\"@context\":\"https:\/\/schema.org\",\"@graph\":[{\"@type\":\"WebPage\",\"@id\":\"https:\/\/nyforetagarcentrum.se\/kalmarsund\/evenemang\/starta-eget-kurs-2\/\",\"url\":\"https:\/\/nyforetagarcentrum.se\/kalmarsund\/evenemang\/starta-eget-kurs-2\/\",\"name\":\"Evenemang f\u00f6r blivande f\u00f6retagare i Kalmarsund | Nyf\u00f6retagarcentrum\",\"isPartOf\":{\"@id\":\"https:\/\/nyforetagarcentrum.se\/kalmarsund\/#website\"},\"datePublished\":\"2025-08-27T15:18:14+00:00\",\"dateModified\":\"2026-01-30T07:46:35+00:00\",\"description\":\"Nyf\u00f6retagarcentrum Kalmarsund arrangerar inspirerande evenemang och utbildningar f\u00f6r dig som vill starta eget f\u00f6retag. Boka din plats p\u00e5 Starta Eget-dagen, f\u00f6rel\u00e4sningar inom marknadsf\u00f6ring, f\u00f6rs\u00e4ljning och mycket mer f\u00f6r att f\u00e5 v\u00e4rdefull kunskap och st\u00f6d i f\u00f6retagsstarten.\",\"breadcrumb\":{\"@id\":\"https:\/\/nyforetagarcentrum.se\/kalmarsund\/evenemang\/starta-eget-kurs-2\/#breadcrumb\"},\"inLanguage\":\"sv-SE\",\"potentialAction\":[{\"@type\":\"ReadAction\",\"target\":[\"https:\/\/nyforetagarcentrum.se\/kalmarsund\/evenemang\/starta-eget-kurs-2\/\"]}]},{\"@type\":\"BreadcrumbList\",\"@id\":\"https:\/\/nyforetagarcentrum.se\/kalmarsund\/evenemang\/starta-eget-kurs-2\/#breadcrumb\",\"itemListElement\":[{\"@type\":\"ListItem\",\"position\":1,\"name\":\"Hem\",\"item\":\"https:\/\/nyforetagarcentrum.se\/kalmarsund\/\"},{\"@type\":\"ListItem\",\"position\":2,\"name\":\"Evenemang\",\"item\":\"https:\/\/nyforetagarcentrum.se\/kalmarsund\/evenemang\/\"},{\"@type\":\"ListItem\",\"position\":3,\"name\":\"Starta eget kurs\"}]},{\"@type\":\"WebSite\",\"@id\":\"https:\/\/nyforetagarcentrum.se\/kalmarsund\/#website\",\"url\":\"https:\/\/nyforetagarcentrum.se\/kalmarsund\/\",\"name\":\"Kalmarsund\",\"description\":\"Sveriges ledande kraft f\u00f6r fler nya livskraftiga f\u00f6retag\",\"publisher\":{\"@id\":\"https:\/\/nyforetagarcentrum.se\/kalmarsund\/#organization\"},\"potentialAction\":[{\"@type\":\"SearchAction\",\"target\":{\"@type\":\"EntryPoint\",\"urlTemplate\":\"https:\/\/nyforetagarcentrum.se\/kalmarsund\/?s={search_term_string}\"},\"query-input\":\"required name=search_term_string\"}],\"inLanguage\":\"sv-SE\"},{\"@type\":\"Organization\",\"@id\":\"https:\/\/nyforetagarcentrum.se\/kalmarsund\/#organization\",\"name\":\"Kalmarsund\",\"url\":\"https:\/\/nyforetagarcentrum.se\/kalmarsund\/\",\"logo\":{\"@type\":\"ImageObject\",\"inLanguage\":\"sv-SE\",\"@id\":\"https:\/\/nyforetagarcentrum.se\/kalmarsund\/#\/schema\/logo\/image\/\",\"url\":\"https:\/\/nyforetagarcentrum.se\/kalmarsund\/wp-content\/uploads\/sites\/26\/2024\/07\/kalmarsund_bla.png\",\"contentUrl\":\"https:\/\/nyforetagarcentrum.se\/kalmarsund\/wp-content\/uploads\/sites\/26\/2024\/07\/kalmarsund_bla.png\",\"width\":870,\"height\":355,\"caption\":\"Kalmarsund\"},\"image\":{\"@id\":\"https:\/\/nyforetagarcentrum.se\/kalmarsund\/#\/schema\/logo\/image\/\"}}]}<\/script>\n<!-- \/ Yoast SEO plugin. -->","yoast_head_json":{"title":"Evenemang f\u00f6r blivande f\u00f6retagare i Kalmarsund | Nyf\u00f6retagarcentrum","description":"Nyf\u00f6retagarcentrum Kalmarsund arrangerar inspirerande evenemang och utbildningar f\u00f6r dig som vill starta eget f\u00f6retag. Boka din plats p\u00e5 Starta Eget-dagen, f\u00f6rel\u00e4sningar inom marknadsf\u00f6ring, f\u00f6rs\u00e4ljning och mycket mer f\u00f6r att f\u00e5 v\u00e4rdefull kunskap och st\u00f6d i f\u00f6retagsstarten.","robots":{"index":"index","follow":"follow","max-snippet":"max-snippet:-1","max-image-preview":"max-image-preview:large","max-video-preview":"max-video-preview:-1"},"canonical":"https:\/\/nyforetagarcentrum.se\/kalmarsund\/evenemang\/starta-eget-kurs-2\/","og_locale":"sv_SE","og_type":"article","og_title":"Evenemang f\u00f6r blivande f\u00f6retagare i Kalmarsund | Nyf\u00f6retagarcentrum","og_description":"Nyf\u00f6retagarcentrum Kalmarsund arrangerar inspirerande evenemang och utbildningar f\u00f6r dig som vill starta eget f\u00f6retag. Boka din plats p\u00e5 Starta Eget-dagen, f\u00f6rel\u00e4sningar inom marknadsf\u00f6ring, f\u00f6rs\u00e4ljning och mycket mer f\u00f6r att f\u00e5 v\u00e4rdefull kunskap och st\u00f6d i f\u00f6retagsstarten.","og_url":"https:\/\/nyforetagarcentrum.se\/kalmarsund\/evenemang\/starta-eget-kurs-2\/","og_site_name":"Kalmarsund","article_modified_time":"2026-01-30T07:46:35+00:00","twitter_card":"summary_large_image","twitter_misc":{"Ber\u00e4knad l\u00e4stid":"1 minut"},"schema":{"@context":"https:\/\/schema.org","@graph":[{"@type":"WebPage","@id":"https:\/\/nyforetagarcentrum.se\/kalmarsund\/evenemang\/starta-eget-kurs-2\/","url":"https:\/\/nyforetagarcentrum.se\/kalmarsund\/evenemang\/starta-eget-kurs-2\/","name":"Evenemang f\u00f6r blivande f\u00f6retagare i Kalmarsund | Nyf\u00f6retagarcentrum","isPartOf":{"@id":"https:\/\/nyforetagarcentrum.se\/kalmarsund\/#website"},"datePublished":"2025-08-27T15:18:14+00:00","dateModified":"2026-01-30T07:46:35+00:00","description":"Nyf\u00f6retagarcentrum Kalmarsund arrangerar inspirerande evenemang och utbildningar f\u00f6r dig som vill starta eget f\u00f6retag. Boka din plats p\u00e5 Starta Eget-dagen, f\u00f6rel\u00e4sningar inom marknadsf\u00f6ring, f\u00f6rs\u00e4ljning och mycket mer f\u00f6r att f\u00e5 v\u00e4rdefull kunskap och st\u00f6d i f\u00f6retagsstarten.","breadcrumb":{"@id":"https:\/\/nyforetagarcentrum.se\/kalmarsund\/evenemang\/starta-eget-kurs-2\/#breadcrumb"},"inLanguage":"sv-SE","potentialAction":[{"@type":"ReadAction","target":["https:\/\/nyforetagarcentrum.se\/kalmarsund\/evenemang\/starta-eget-kurs-2\/"]}]},{"@type":"BreadcrumbList","@id":"https:\/\/nyforetagarcentrum.se\/kalmarsund\/evenemang\/starta-eget-kurs-2\/#breadcrumb","itemListElement":[{"@type":"ListItem","position":1,"name":"Hem","item":"https:\/\/nyforetagarcentrum.se\/kalmarsund\/"},{"@type":"ListItem","position":2,"name":"Evenemang","item":"https:\/\/nyforetagarcentrum.se\/kalmarsund\/evenemang\/"},{"@type":"ListItem","position":3,"name":"Starta eget kurs"}]},{"@type":"WebSite","@id":"https:\/\/nyforetagarcentrum.se\/kalmarsund\/#website","url":"https:\/\/nyforetagarcentrum.se\/kalmarsund\/","name":"Kalmarsund","description":"Sveriges ledande kraft f\u00f6r fler nya livskraftiga f\u00f6retag","publisher":{"@id":"https:\/\/nyforetagarcentrum.se\/kalmarsund\/#organization"},"potentialAction":[{"@type":"SearchAction","target":{"@type":"EntryPoint","urlTemplate":"https:\/\/nyforetagarcentrum.se\/kalmarsund\/?s={search_term_string}"},"query-input":"required name=search_term_string"}],"inLanguage":"sv-SE"},{"@type":"Organization","@id":"https:\/\/nyforetagarcentrum.se\/kalmarsund\/#organization","name":"Kalmarsund","url":"https:\/\/nyforetagarcentrum.se\/kalmarsund\/","logo":{"@type":"ImageObject","inLanguage":"sv-SE","@id":"https:\/\/nyforetagarcentrum.se\/kalmarsund\/#\/schema\/logo\/image\/","url":"https:\/\/nyforetagarcentrum.se\/kalmarsund\/wp-content\/uploads\/sites\/26\/2024\/07\/kalmarsund_bla.png","contentUrl":"https:\/\/nyforetagarcentrum.se\/kalmarsund\/wp-content\/uploads\/sites\/26\/2024\/07\/kalmarsund_bla.png","width":870,"height":355,"caption":"Kalmarsund"},"image":{"@id":"https:\/\/nyforetagarcentrum.se\/kalmarsund\/#\/schema\/logo\/image\/"}}]}},"_links":{"self":[{"href":"https:\/\/nyforetagarcentrum.se\/kalmarsund\/wp-json\/wp\/v2\/event\/627"}],"collection":[{"href":"https:\/\/nyforetagarcentrum.se\/kalmarsund\/wp-json\/wp\/v2\/event"}],"about":[{"href":"https:\/\/nyforetagarcentrum.se\/kalmarsund\/wp-json\/wp\/v2\/types\/event"}],"version-history":[{"count":5,"href":"https:\/\/nyforetagarcentrum.se\/kalmarsund\/wp-json\/wp\/v2\/event\/627\/revisions"}],"predecessor-version":[{"id":648,"href":"https:\/\/nyforetagarcentrum.se\/kalmarsund\/wp-json\/wp\/v2\/event\/627\/revisions\/648"}],"wp:attachment":[{"href":"https:\/\/nyforetagarcentrum.se\/kalmarsund\/wp-json\/wp\/v2\/media?parent=627"}],"curies":[{"name":"wp","href":"https:\/\/api.w.org\/{rel}","templated":true}]}}

<p>På vår starta-eget-kurs får du genom olika föreläsare grundläggande kunskap om marknadsföring, försäljning och ekonomi. Under kursen arbetar du även med att ta fram din egna affärsplan och får tips och feed-back på hur du ska gå tillväga.</p>



<p>Träff 1, 24/2: Introduktion<br>Träff 2, 10/3: Marknadsföring &amp; försäljning<br>Träff 3, 24/3: Juridik<br>Träff 4, 7/4: Bokföring, kalkyl, budget<br>Träff 5, 21/4: Försäkringar &amp; företagsstöd</p>



<p><strong>Vid varje träff:</strong><br>• föreläsning om temat av företag/organisation<br>• arbete och genomgång av affärsplan</p>



<p>Starta-eget kursen finansieras av Region Kalmar, Kalmar kommun, Nybro kommun, Emmaboda kommun, Torsås kommun, Mörbylånga kommun, Borgholm kommun.</p>



<p><strong>Varmt välkommen!</strong></p>

<!-- This site is optimized with the Yoast SEO plugin v22.9 - https://yoast.com/wordpress/plugins/seo/ -->
<title>Evenemang för blivande företagare i Kalmarsund | Nyföretagarcentrum</title>
<meta name="description" content="Nyföretagarcentrum Kalmarsund arrangerar inspirerande evenemang och utbildningar för dig som vill starta eget företag. Boka din plats på Starta Eget-dagen, föreläsningar inom marknadsföring, försäljning och mycket mer för att få värdefull kunskap och stöd i företagsstarten." />
<meta name="robots" content="index, follow, max-snippet:-1, max-image-preview:large, max-video-preview:-1" />
<link rel="canonical" href="https://nyforetagarcentrum.se/kalmarsund/evenemang/starta-eget-kurs-2/" />
<meta property="og:locale" content="sv_SE" />
<meta property="og:type" content="article" />
<meta property="og:title" content="Evenemang för blivande företagare i Kalmarsund | Nyföretagarcentrum" />
<meta property="og:description" content="Nyföretagarcentrum Kalmarsund arrangerar inspirerande evenemang och utbildningar för dig som vill starta eget företag. Boka din plats på Starta Eget-dagen, föreläsningar inom marknadsföring, försäljning och mycket mer för att få värdefull kunskap och stöd i företagsstarten." />
<meta property="og:url" content="https://nyforetagarcentrum.se/kalmarsund/evenemang/starta-eget-kurs-2/" />
<meta property="og:site_name" content="Kalmarsund" />
<meta property="article:modified_time" content="2026-01-30T07:46:35+00:00" />
<meta name="twitter:card" content="summary_large_image" />
<meta name="twitter:label1" content="Beräknad lästid" />
	<meta name="twitter:data1" content="1 minut" />
<script type="application/ld+json" class="yoast-schema-graph">{"@context":"https://schema.org","@graph":[{"@type":"WebPage","@id":"https://nyforetagarcentrum.se/kalmarsund/evenemang/starta-eget-kurs-2/","url":"https://nyforetagarcentrum.se/kalmarsund/evenemang/starta-eget-kurs-2/","name":"Evenemang för blivande företagare i Kalmarsund | Nyföretagarcentrum","isPartOf":{"@id":"https://nyforetagarcentrum.se/kalmarsund/#website"},"datePublished":"2025-08-27T15:18:14+00:00","dateModified":"2026-01-30T07:46:35+00:00","description":"Nyföretagarcentrum Kalmarsund arrangerar inspirerande evenemang och utbildningar för dig som vill starta eget företag. Boka din plats på Starta Eget-dagen, föreläsningar inom marknadsföring, försäljning och mycket mer för att få värdefull kunskap och stöd i företagsstarten.","breadcrumb":{"@id":"https://nyforetagarcentrum.se/kalmarsund/evenemang/starta-eget-kurs-2/#breadcrumb"},"inLanguage":"sv-SE","potentialAction":[{"@type":"ReadAction","target":["https://nyforetagarcentrum.se/kalmarsund/evenemang/starta-eget-kurs-2/"]}]},{"@type":"BreadcrumbList","@id":"https://nyforetagarcentrum.se/kalmarsund/evenemang/starta-eget-kurs-2/#breadcrumb","itemListElement":[{"@type":"ListItem","position":1,"name":"Hem","item":"https://nyforetagarcentrum.se/kalmarsund/"},{"@type":"ListItem","position":2,"name":"Evenemang","item":"https://nyforetagarcentrum.se/kalmarsund/evenemang/"},{"@type":"ListItem","position":3,"name":"Starta eget kurs"}]},{"@type":"WebSite","@id":"https://nyforetagarcentrum.se/kalmarsund/#website","url":"https://nyforetagarcentrum.se/kalmarsund/","name":"Kalmarsund","description":"Sveriges ledande kraft för fler nya livskraftiga företag","publisher":{"@id":"https://nyforetagarcentrum.se/kalmarsund/#organization"},"potentialAction":[{"@type":"SearchAction","target":{"@type":"EntryPoint","urlTemplate":"https://nyforetagarcentrum.se/kalmarsund/?s={search_term_string}"},"query-input":"required name=search_term_string"}],"inLanguage":"sv-SE"},{"@type":"Organization","@id":"https://nyforetagarcentrum.se/kalmarsund/#organization","name":"Kalmarsund","url":"https://nyforetagarcentrum.se/kalmarsund/","logo":{"@type":"ImageObject","inLanguage":"sv-SE","@id":"https://nyforetagarcentrum.se/kalmarsund/#/schema/logo/image/","url":"https://nyforetagarcentrum.se/kalmarsund/wp-content/uploads/sites/26/2024/07/kalmarsund_bla.png","contentUrl":"https://nyforetagarcentrum.se/kalmarsund/wp-content/uploads/sites/26/2024/07/kalmarsund_bla.png","width":870,"height":355,"caption":"Kalmarsund"},"image":{"@id":"https://nyforetagarcentrum.se/kalmarsund/#/schema/logo/image/"}}]}</script>
<!-- / Yoast SEO plugin. -->

Evenemang för blivande företagare i Kalmarsund | Nyföretagarcentrum

Nyföretagarcentrum Kalmarsund arrangerar inspirerande evenemang och utbildningar för dig som vill starta eget företag. Boka din plats på Starta Eget-dagen, föreläsningar inom marknadsföring, försäljning och mycket mer för att få värdefull kunskap och stöd i företagsstarten.

Sveriges ledande kraft för fler nya livskraftiga företag
