{"id":239,"date":"2024-02-29T13:59:39","date_gmt":"2024-02-29T12:59:39","guid":{"rendered":"https:\/\/nyforetagarcentrum.se\/hassleholm\/?page_id=239"},"modified":"2025-05-26T09:47:13","modified_gmt":"2025-05-26T07:47:13","slug":"vara-radgivare","status":"publish","type":"page","link":"https:\/\/nyforetagarcentrum.se\/hassleholm\/vara-radgivare\/","title":{"rendered":"V\u00e5ra r\u00e5dgivare"},"content":{"rendered":"<section  class=\"nfc-block-hero alignfull\">\n\n    <img loading=\"lazy\" decoding=\"async\" width=\"1476\" height=\"984\" src=\"https:\/\/nyforetagarcentrum.se\/hassleholm\/wp-content\/uploads\/sites\/31\/2024\/02\/Nyforetagare-ung-LOW.jpg\" class=\"attachment-landscape size-landscape\" alt=\"Kvinna\" srcset=\"https:\/\/nyforetagarcentrum.se\/hassleholm\/wp-content\/uploads\/sites\/31\/2024\/02\/Nyforetagare-ung-LOW.jpg 1476w, https:\/\/nyforetagarcentrum.se\/hassleholm\/wp-content\/uploads\/sites\/31\/2024\/02\/Nyforetagare-ung-LOW-300x200.jpg 300w, https:\/\/nyforetagarcentrum.se\/hassleholm\/wp-content\/uploads\/sites\/31\/2024\/02\/Nyforetagare-ung-LOW-1024x683.jpg 1024w, https:\/\/nyforetagarcentrum.se\/hassleholm\/wp-content\/uploads\/sites\/31\/2024\/02\/Nyforetagare-ung-LOW-768x512.jpg 768w\" sizes=\"(max-width: 1476px) 100vw, 1476px\" \/>\n    <div class=\"contained\">\n        <h1 class=\"nfc-block-hero__heading\">V\u00e5ra r\u00e5dgivare<\/h1>\n\n            <\/div>\n<\/section>\n\n\n<div style=\"height:49px\" aria-hidden=\"true\" class=\"wp-block-spacer\"><\/div>\n\n\n<section  class=\"nfc-block-breadcrumbs\">\n    <div class=\"wrapper contained\">\n        <ol class=\"breadcrumbs\" itemscope itemtype=\"https:\/\/schema.org\/BreadcrumbList\">\n            <li itemprop=\"itemListElement\" itemscope itemtype=\"https:\/\/schema.org\/ListItem\">\n            \n\n                            <span class=\"current\" itemprop=\"name\">Hem<\/span>\n            \n            <meta itemprop=\"position\" content=\"1\" \/>\n        <\/li>\n    <\/ol>    <\/div>\n<\/section>\n\n\n<div style=\"height:100px\" aria-hidden=\"true\" class=\"wp-block-spacer\"><\/div>\n\n\n<section  class=\"nfc-block-person_grid alignwide layout-featured\">\n    <div class=\"contained\">\n        <div class=\"grid\">\n            <div class=\"person-featured-card\">\n    \n    <div class=\"featured_image\">\n                    <img loading=\"lazy\" decoding=\"async\" width=\"960\" height=\"640\" src=\"https:\/\/nyforetagarcentrum.se\/hassleholm\/wp-content\/uploads\/sites\/31\/2024\/05\/imengine.gota_.infomaker.io-3.jpeg\" class=\"attachment-large size-large\" alt=\"\" srcset=\"https:\/\/nyforetagarcentrum.se\/hassleholm\/wp-content\/uploads\/sites\/31\/2024\/05\/imengine.gota_.infomaker.io-3.jpeg 960w, https:\/\/nyforetagarcentrum.se\/hassleholm\/wp-content\/uploads\/sites\/31\/2024\/05\/imengine.gota_.infomaker.io-3-300x200.jpeg 300w, https:\/\/nyforetagarcentrum.se\/hassleholm\/wp-content\/uploads\/sites\/31\/2024\/05\/imengine.gota_.infomaker.io-3-768x512.jpeg 768w\" sizes=\"(max-width: 960px) 100vw, 960px\" \/>            <\/div>\n\n    <div class=\"content-wrapper\">\n        <h3>Jens Isberg<\/h3>\n\n        \n                    <div class=\"excerpt\">\n                V\u00e4lkommen att tr\u00e4ffa v\u00e5r erfarna r\u00e5dgivare Jens Isberg p\u00e5 Nyf\u00f6retagarcentrum H\u00e4ssleholm!  Jens Isberg, en passionerad entrepren\u00f6r med djupa r\u00f6tter i H\u00e4ssleholms n\u00e4ringsliv, \u00e4r inte bara v\u00e5r r\u00e5dgivare utan \u00e4ven \u00e4gare av den popul\u00e4ra butiken Jeansbolaget H\u00e4ssleholm.  Som r\u00e5dgivare p\u00e5 Nyf\u00f6retagarcentrum H\u00e4ssleholm delar Jens gener\u00f6st med sig av sin omfattande erfarenhet och insikter inom f\u00f6retagande. Oavsett om du \u00e4r i uppstartsfasen eller st\u00e5r inf\u00f6r nya utmaningar i ditt f\u00f6retag, kan Jens erbjuda v\u00e4rdefulla r\u00e5d och praktiska l\u00f6sningar som hj\u00e4lper dig att n\u00e5 dina m\u00e5l. Hans unika perspektiv, b\u00e5de som r\u00e5dgivare och aktiv f\u00f6retagare, g\u00f6r att han f\u00f6rst\u00e5r de dagliga utmaningarna du m\u00f6ter och kan guida dig p\u00e5 v\u00e4gen mot framg\u00e5ng.  Tillsammans kan vi g\u00f6ra dina f\u00f6retagsdr\u00f6mmar till verklighet!                <br\/>\n                            <\/div>\n        \n                    <a href=\"https:\/\/jobsdata-nyforetagarcentrum.se\/ExternBooking?OfficeId=7da1c2f5-3796-e811-80d7-0050568571f4&#038;_gl=1*ifcvhc*_ga*MTM0MzkyNTU1LjE3MDc4MTc1MTY.*_ga_9RRJJK0Y4R*MTcxNjM2MzI0Ni40My4wLjE3MTYzNjMyNDYuNjAuMC4w\" class=\"booking-button button outlined\">Boka r\u00e5dgivning<\/a>\n            <\/div>\n<\/div><div class=\"person-featured-card\">\n    \n    <div class=\"featured_image\">\n                    <img loading=\"lazy\" decoding=\"async\" width=\"288\" height=\"342\" src=\"https:\/\/nyforetagarcentrum.se\/hassleholm\/wp-content\/uploads\/sites\/31\/2024\/05\/Bild-Katab-Hameed-vector_edited.png.webp\" class=\"attachment-large size-large\" alt=\"\" srcset=\"https:\/\/nyforetagarcentrum.se\/hassleholm\/wp-content\/uploads\/sites\/31\/2024\/05\/Bild-Katab-Hameed-vector_edited.png.webp 288w, https:\/\/nyforetagarcentrum.se\/hassleholm\/wp-content\/uploads\/sites\/31\/2024\/05\/Bild-Katab-Hameed-vector_edited.png-253x300.webp 253w\" sizes=\"(max-width: 288px) 100vw, 288px\" \/>            <\/div>\n\n    <div class=\"content-wrapper\">\n        <h3>Khatab Hameed<\/h3>\n\n                    <div class=\"tags\">\n                Inriktning:\n                                    <span class=\"tag small\">Marknad<\/span>\n                                    <span class=\"tag small\">Redovisning<\/span>\n                            <\/div>\n        \n                    <div class=\"excerpt\">\n                M\u00f6t v\u00e5r erfarna och flerspr\u00e5kiga r\u00e5dgivare Khatab Hameed, som \u00e4ven driver Heeds Redovisningsbyr\u00e5. Med flytande kunskaper i svenska, engelska, arabiska och spanska, erbjuder Khatab skr\u00e4ddarsydd r\u00e5dgivning till dig som vill f\u00f6rverkliga dina aff\u00e4rsdr\u00f6mmar. <br \/>\r\n<br \/>\r\nVare sig du \u00e4r i uppstarten, vill f\u00e5 b\u00e4ttre koll p\u00e5 skatter &amp; avgifter eller ta din aff\u00e4rsid\u00e9 till n\u00e4sta niv\u00e5, s\u00e5 \u00e4r Khatab din personliga r\u00e5dgivare!<br \/>\r\n<br \/>\r\n                <br\/>\n                            <\/div>\n        \n                    <a href=\"https:\/\/jobsdata-nyforetagarcentrum.se\/ExternBooking?OfficeId=7da1c2f5-3796-e811-80d7-0050568571f4&#038;_gl=1*ifcvhc*_ga*MTM0MzkyNTU1LjE3MDc4MTc1MTY.*_ga_9RRJJK0Y4R*MTcxNjM2MzI0Ni40My4wLjE3MTYzNjMyNDYuNjAuMC4w\" class=\"booking-button button outlined\">Boka r\u00e5dgivning<\/a>\n            <\/div>\n<\/div>        <\/div>\n    <\/div>\n<\/section>\n\n\n<div style=\"height:100px\" aria-hidden=\"true\" class=\"wp-block-spacer\"><\/div>\n","protected":false},"excerpt":{"rendered":"","protected":false},"author":1,"featured_media":0,"parent":0,"menu_order":0,"comment_status":"closed","ping_status":"closed","template":"","meta":{"footnotes":""},"acf":[],"yoast_head":"<!-- This site is optimized with the Yoast SEO plugin v22.9 - https:\/\/yoast.com\/wordpress\/plugins\/seo\/ -->\n<title>V\u00e5ra r\u00e5dgivare - H\u00e4ssleholm<\/title>\n<meta name=\"robots\" content=\"index, follow, max-snippet:-1, max-image-preview:large, max-video-preview:-1\" \/>\n<link rel=\"canonical\" href=\"https:\/\/nyforetagarcentrum.se\/hassleholm\/vara-radgivare\/\" \/>\n<meta property=\"og:locale\" content=\"sv_SE\" \/>\n<meta property=\"og:type\" content=\"article\" \/>\n<meta property=\"og:title\" content=\"V\u00e5ra r\u00e5dgivare - H\u00e4ssleholm\" \/>\n<meta property=\"og:url\" content=\"https:\/\/nyforetagarcentrum.se\/hassleholm\/vara-radgivare\/\" \/>\n<meta property=\"og:site_name\" content=\"H\u00e4ssleholm\" \/>\n<meta property=\"article:modified_time\" content=\"2025-05-26T07:47:13+00:00\" \/>\n<meta name=\"twitter:card\" content=\"summary_large_image\" \/>\n<script type=\"application\/ld+json\" class=\"yoast-schema-graph\">{\"@context\":\"https:\/\/schema.org\",\"@graph\":[{\"@type\":\"WebPage\",\"@id\":\"https:\/\/nyforetagarcentrum.se\/hassleholm\/vara-radgivare\/\",\"url\":\"https:\/\/nyforetagarcentrum.se\/hassleholm\/vara-radgivare\/\",\"name\":\"V\u00e5ra r\u00e5dgivare - H\u00e4ssleholm\",\"isPartOf\":{\"@id\":\"https:\/\/nyforetagarcentrum.se\/hassleholm\/#website\"},\"datePublished\":\"2024-02-29T12:59:39+00:00\",\"dateModified\":\"2025-05-26T07:47:13+00:00\",\"breadcrumb\":{\"@id\":\"https:\/\/nyforetagarcentrum.se\/hassleholm\/vara-radgivare\/#breadcrumb\"},\"inLanguage\":\"sv-SE\",\"potentialAction\":[{\"@type\":\"ReadAction\",\"target\":[\"https:\/\/nyforetagarcentrum.se\/hassleholm\/vara-radgivare\/\"]}]},{\"@type\":\"BreadcrumbList\",\"@id\":\"https:\/\/nyforetagarcentrum.se\/hassleholm\/vara-radgivare\/#breadcrumb\",\"itemListElement\":[{\"@type\":\"ListItem\",\"position\":1,\"name\":\"Hem\",\"item\":\"https:\/\/nyforetagarcentrum.se\/hassleholm\/\"},{\"@type\":\"ListItem\",\"position\":2,\"name\":\"V\u00e5ra r\u00e5dgivare\"}]},{\"@type\":\"WebSite\",\"@id\":\"https:\/\/nyforetagarcentrum.se\/hassleholm\/#website\",\"url\":\"https:\/\/nyforetagarcentrum.se\/hassleholm\/\",\"name\":\"H\u00e4ssleholm\",\"description\":\"Sveriges ledande kraft f\u00f6r fler nya livskraftiga f\u00f6retag\",\"publisher\":{\"@id\":\"https:\/\/nyforetagarcentrum.se\/hassleholm\/#organization\"},\"potentialAction\":[{\"@type\":\"SearchAction\",\"target\":{\"@type\":\"EntryPoint\",\"urlTemplate\":\"https:\/\/nyforetagarcentrum.se\/hassleholm\/?s={search_term_string}\"},\"query-input\":\"required name=search_term_string\"}],\"inLanguage\":\"sv-SE\"},{\"@type\":\"Organization\",\"@id\":\"https:\/\/nyforetagarcentrum.se\/hassleholm\/#organization\",\"name\":\"H\u00e4ssleholm\",\"url\":\"https:\/\/nyforetagarcentrum.se\/hassleholm\/\",\"logo\":{\"@type\":\"ImageObject\",\"inLanguage\":\"sv-SE\",\"@id\":\"https:\/\/nyforetagarcentrum.se\/hassleholm\/#\/schema\/logo\/image\/\",\"url\":\"https:\/\/nyforetagarcentrum.se\/hassleholm\/wp-content\/uploads\/sites\/31\/2024\/07\/hassleholm_bla.png\",\"contentUrl\":\"https:\/\/nyforetagarcentrum.se\/hassleholm\/wp-content\/uploads\/sites\/31\/2024\/07\/hassleholm_bla.png\",\"width\":870,\"height\":355,\"caption\":\"H\u00e4ssleholm\"},\"image\":{\"@id\":\"https:\/\/nyforetagarcentrum.se\/hassleholm\/#\/schema\/logo\/image\/\"}}]}<\/script>\n<!-- \/ Yoast SEO plugin. -->","yoast_head_json":{"title":"V\u00e5ra r\u00e5dgivare - H\u00e4ssleholm","robots":{"index":"index","follow":"follow","max-snippet":"max-snippet:-1","max-image-preview":"max-image-preview:large","max-video-preview":"max-video-preview:-1"},"canonical":"https:\/\/nyforetagarcentrum.se\/hassleholm\/vara-radgivare\/","og_locale":"sv_SE","og_type":"article","og_title":"V\u00e5ra r\u00e5dgivare - H\u00e4ssleholm","og_url":"https:\/\/nyforetagarcentrum.se\/hassleholm\/vara-radgivare\/","og_site_name":"H\u00e4ssleholm","article_modified_time":"2025-05-26T07:47:13+00:00","twitter_card":"summary_large_image","schema":{"@context":"https:\/\/schema.org","@graph":[{"@type":"WebPage","@id":"https:\/\/nyforetagarcentrum.se\/hassleholm\/vara-radgivare\/","url":"https:\/\/nyforetagarcentrum.se\/hassleholm\/vara-radgivare\/","name":"V\u00e5ra r\u00e5dgivare - H\u00e4ssleholm","isPartOf":{"@id":"https:\/\/nyforetagarcentrum.se\/hassleholm\/#website"},"datePublished":"2024-02-29T12:59:39+00:00","dateModified":"2025-05-26T07:47:13+00:00","breadcrumb":{"@id":"https:\/\/nyforetagarcentrum.se\/hassleholm\/vara-radgivare\/#breadcrumb"},"inLanguage":"sv-SE","potentialAction":[{"@type":"ReadAction","target":["https:\/\/nyforetagarcentrum.se\/hassleholm\/vara-radgivare\/"]}]},{"@type":"BreadcrumbList","@id":"https:\/\/nyforetagarcentrum.se\/hassleholm\/vara-radgivare\/#breadcrumb","itemListElement":[{"@type":"ListItem","position":1,"name":"Hem","item":"https:\/\/nyforetagarcentrum.se\/hassleholm\/"},{"@type":"ListItem","position":2,"name":"V\u00e5ra r\u00e5dgivare"}]},{"@type":"WebSite","@id":"https:\/\/nyforetagarcentrum.se\/hassleholm\/#website","url":"https:\/\/nyforetagarcentrum.se\/hassleholm\/","name":"H\u00e4ssleholm","description":"Sveriges ledande kraft f\u00f6r fler nya livskraftiga f\u00f6retag","publisher":{"@id":"https:\/\/nyforetagarcentrum.se\/hassleholm\/#organization"},"potentialAction":[{"@type":"SearchAction","target":{"@type":"EntryPoint","urlTemplate":"https:\/\/nyforetagarcentrum.se\/hassleholm\/?s={search_term_string}"},"query-input":"required name=search_term_string"}],"inLanguage":"sv-SE"},{"@type":"Organization","@id":"https:\/\/nyforetagarcentrum.se\/hassleholm\/#organization","name":"H\u00e4ssleholm","url":"https:\/\/nyforetagarcentrum.se\/hassleholm\/","logo":{"@type":"ImageObject","inLanguage":"sv-SE","@id":"https:\/\/nyforetagarcentrum.se\/hassleholm\/#\/schema\/logo\/image\/","url":"https:\/\/nyforetagarcentrum.se\/hassleholm\/wp-content\/uploads\/sites\/31\/2024\/07\/hassleholm_bla.png","contentUrl":"https:\/\/nyforetagarcentrum.se\/hassleholm\/wp-content\/uploads\/sites\/31\/2024\/07\/hassleholm_bla.png","width":870,"height":355,"caption":"H\u00e4ssleholm"},"image":{"@id":"https:\/\/nyforetagarcentrum.se\/hassleholm\/#\/schema\/logo\/image\/"}}]}},"_links":{"self":[{"href":"https:\/\/nyforetagarcentrum.se\/hassleholm\/wp-json\/wp\/v2\/pages\/239"}],"collection":[{"href":"https:\/\/nyforetagarcentrum.se\/hassleholm\/wp-json\/wp\/v2\/pages"}],"about":[{"href":"https:\/\/nyforetagarcentrum.se\/hassleholm\/wp-json\/wp\/v2\/types\/page"}],"author":[{"embeddable":true,"href":"https:\/\/nyforetagarcentrum.se\/hassleholm\/wp-json\/wp\/v2\/users\/1"}],"replies":[{"embeddable":true,"href":"https:\/\/nyforetagarcentrum.se\/hassleholm\/wp-json\/wp\/v2\/comments?post=239"}],"version-history":[{"count":7,"href":"https:\/\/nyforetagarcentrum.se\/hassleholm\/wp-json\/wp\/v2\/pages\/239\/revisions"}],"predecessor-version":[{"id":698,"href":"https:\/\/nyforetagarcentrum.se\/hassleholm\/wp-json\/wp\/v2\/pages\/239\/revisions\/698"}],"wp:attachment":[{"href":"https:\/\/nyforetagarcentrum.se\/hassleholm\/wp-json\/wp\/v2\/media?parent=239"}],"curies":[{"name":"wp","href":"https:\/\/api.w.org\/{rel}","templated":true}]}}