{"id":2109,"date":"2025-10-29T15:59:08","date_gmt":"2025-10-29T14:59:08","guid":{"rendered":"https:\/\/nyforetagarcentrum.se\/harryda\/?page_id=2109"},"modified":"2025-10-29T16:20:24","modified_gmt":"2025-10-29T15:20:24","slug":"valberedning","status":"publish","type":"page","link":"https:\/\/nyforetagarcentrum.se\/harryda\/valberedning\/","title":{"rendered":"Valberedning"},"content":{"rendered":"\n<p><strong>Johan Ahlgren,<\/strong> <strong>Enwell G\u00f6teborg<\/strong><\/p>\n\n\n\n<p><a href=\"mailto:johan.ahlgren@enwell.se\">johan.ahlgren@enwell.se<\/a><\/p>\n\n\n\n<p>070-547 21 88<\/p>\n\n\n\n<p><\/p>\n\n\n\n<p>&#8211;<\/p>\n\n\n\n<p><strong>Ulrika Sundell,<\/strong> <strong>Soon2b<\/strong><\/p>\n\n\n\n<p><a href=\"mailto:ulrika@soon2b.se\">ulrika@soon2b.se<\/a><\/p>\n\n\n\n<p>073-374 66 88<\/p>\n","protected":false},"excerpt":{"rendered":"<p>Johan Ahlgren, Enwell G\u00f6teborg johan.ahlgren@enwell.se 070-547 21 88 &#8211; Ulrika Sundell, Soon2b ulrika@soon2b.se 073-374 66 88<\/p>\n","protected":false},"author":72,"featured_media":0,"parent":0,"menu_order":0,"comment_status":"closed","ping_status":"closed","template":"","meta":{"footnotes":""},"acf":[],"yoast_head":"<!-- This site is optimized with the Yoast SEO plugin v22.9 - https:\/\/yoast.com\/wordpress\/plugins\/seo\/ -->\n<title>Valberedning - H\u00e4rryda<\/title>\n<meta name=\"robots\" content=\"index, follow, max-snippet:-1, max-image-preview:large, max-video-preview:-1\" \/>\n<link rel=\"canonical\" href=\"https:\/\/nyforetagarcentrum.se\/harryda\/valberedning\/\" \/>\n<meta property=\"og:locale\" content=\"sv_SE\" \/>\n<meta property=\"og:type\" content=\"article\" \/>\n<meta property=\"og:title\" content=\"Valberedning - H\u00e4rryda\" \/>\n<meta property=\"og:description\" content=\"Johan Ahlgren, Enwell G\u00f6teborg johan.ahlgren@enwell.se 070-547 21 88 &#8211; Ulrika Sundell, Soon2b ulrika@soon2b.se 073-374 66 88\" \/>\n<meta property=\"og:url\" content=\"https:\/\/nyforetagarcentrum.se\/harryda\/valberedning\/\" \/>\n<meta property=\"og:site_name\" content=\"H\u00e4rryda\" \/>\n<meta property=\"article:modified_time\" content=\"2025-10-29T15:20:24+00:00\" \/>\n<meta name=\"twitter:card\" content=\"summary_large_image\" \/>\n<meta name=\"twitter:label1\" content=\"Ber\u00e4knad l\u00e4stid\" \/>\n\t<meta name=\"twitter:data1\" content=\"1 minut\" \/>\n<script type=\"application\/ld+json\" class=\"yoast-schema-graph\">{\"@context\":\"https:\/\/schema.org\",\"@graph\":[{\"@type\":\"WebPage\",\"@id\":\"https:\/\/nyforetagarcentrum.se\/harryda\/valberedning\/\",\"url\":\"https:\/\/nyforetagarcentrum.se\/harryda\/valberedning\/\",\"name\":\"Valberedning - H\u00e4rryda\",\"isPartOf\":{\"@id\":\"https:\/\/nyforetagarcentrum.se\/harryda\/#website\"},\"datePublished\":\"2025-10-29T14:59:08+00:00\",\"dateModified\":\"2025-10-29T15:20:24+00:00\",\"breadcrumb\":{\"@id\":\"https:\/\/nyforetagarcentrum.se\/harryda\/valberedning\/#breadcrumb\"},\"inLanguage\":\"sv-SE\",\"potentialAction\":[{\"@type\":\"ReadAction\",\"target\":[\"https:\/\/nyforetagarcentrum.se\/harryda\/valberedning\/\"]}]},{\"@type\":\"BreadcrumbList\",\"@id\":\"https:\/\/nyforetagarcentrum.se\/harryda\/valberedning\/#breadcrumb\",\"itemListElement\":[{\"@type\":\"ListItem\",\"position\":1,\"name\":\"Hem\",\"item\":\"https:\/\/nyforetagarcentrum.se\/harryda\/\"},{\"@type\":\"ListItem\",\"position\":2,\"name\":\"Valberedning\"}]},{\"@type\":\"WebSite\",\"@id\":\"https:\/\/nyforetagarcentrum.se\/harryda\/#website\",\"url\":\"https:\/\/nyforetagarcentrum.se\/harryda\/\",\"name\":\"H\u00e4rryda\",\"description\":\"Sveriges ledande kraft f\u00f6r fler nya livskraftiga f\u00f6retag\",\"publisher\":{\"@id\":\"https:\/\/nyforetagarcentrum.se\/harryda\/#organization\"},\"potentialAction\":[{\"@type\":\"SearchAction\",\"target\":{\"@type\":\"EntryPoint\",\"urlTemplate\":\"https:\/\/nyforetagarcentrum.se\/harryda\/?s={search_term_string}\"},\"query-input\":\"required name=search_term_string\"}],\"inLanguage\":\"sv-SE\"},{\"@type\":\"Organization\",\"@id\":\"https:\/\/nyforetagarcentrum.se\/harryda\/#organization\",\"name\":\"H\u00e4rryda\",\"url\":\"https:\/\/nyforetagarcentrum.se\/harryda\/\",\"logo\":{\"@type\":\"ImageObject\",\"inLanguage\":\"sv-SE\",\"@id\":\"https:\/\/nyforetagarcentrum.se\/harryda\/#\/schema\/logo\/image\/\",\"url\":\"https:\/\/nyforetagarcentrum.se\/harryda\/wp-content\/uploads\/sites\/72\/2024\/07\/harryda_bla.png\",\"contentUrl\":\"https:\/\/nyforetagarcentrum.se\/harryda\/wp-content\/uploads\/sites\/72\/2024\/07\/harryda_bla.png\",\"width\":870,\"height\":355,\"caption\":\"H\u00e4rryda\"},\"image\":{\"@id\":\"https:\/\/nyforetagarcentrum.se\/harryda\/#\/schema\/logo\/image\/\"}}]}<\/script>\n<!-- \/ Yoast SEO plugin. -->","yoast_head_json":{"title":"Valberedning - H\u00e4rryda","robots":{"index":"index","follow":"follow","max-snippet":"max-snippet:-1","max-image-preview":"max-image-preview:large","max-video-preview":"max-video-preview:-1"},"canonical":"https:\/\/nyforetagarcentrum.se\/harryda\/valberedning\/","og_locale":"sv_SE","og_type":"article","og_title":"Valberedning - H\u00e4rryda","og_description":"Johan Ahlgren, Enwell G\u00f6teborg johan.ahlgren@enwell.se 070-547 21 88 &#8211; Ulrika Sundell, Soon2b ulrika@soon2b.se 073-374 66 88","og_url":"https:\/\/nyforetagarcentrum.se\/harryda\/valberedning\/","og_site_name":"H\u00e4rryda","article_modified_time":"2025-10-29T15:20:24+00:00","twitter_card":"summary_large_image","twitter_misc":{"Ber\u00e4knad l\u00e4stid":"1 minut"},"schema":{"@context":"https:\/\/schema.org","@graph":[{"@type":"WebPage","@id":"https:\/\/nyforetagarcentrum.se\/harryda\/valberedning\/","url":"https:\/\/nyforetagarcentrum.se\/harryda\/valberedning\/","name":"Valberedning - H\u00e4rryda","isPartOf":{"@id":"https:\/\/nyforetagarcentrum.se\/harryda\/#website"},"datePublished":"2025-10-29T14:59:08+00:00","dateModified":"2025-10-29T15:20:24+00:00","breadcrumb":{"@id":"https:\/\/nyforetagarcentrum.se\/harryda\/valberedning\/#breadcrumb"},"inLanguage":"sv-SE","potentialAction":[{"@type":"ReadAction","target":["https:\/\/nyforetagarcentrum.se\/harryda\/valberedning\/"]}]},{"@type":"BreadcrumbList","@id":"https:\/\/nyforetagarcentrum.se\/harryda\/valberedning\/#breadcrumb","itemListElement":[{"@type":"ListItem","position":1,"name":"Hem","item":"https:\/\/nyforetagarcentrum.se\/harryda\/"},{"@type":"ListItem","position":2,"name":"Valberedning"}]},{"@type":"WebSite","@id":"https:\/\/nyforetagarcentrum.se\/harryda\/#website","url":"https:\/\/nyforetagarcentrum.se\/harryda\/","name":"H\u00e4rryda","description":"Sveriges ledande kraft f\u00f6r fler nya livskraftiga f\u00f6retag","publisher":{"@id":"https:\/\/nyforetagarcentrum.se\/harryda\/#organization"},"potentialAction":[{"@type":"SearchAction","target":{"@type":"EntryPoint","urlTemplate":"https:\/\/nyforetagarcentrum.se\/harryda\/?s={search_term_string}"},"query-input":"required name=search_term_string"}],"inLanguage":"sv-SE"},{"@type":"Organization","@id":"https:\/\/nyforetagarcentrum.se\/harryda\/#organization","name":"H\u00e4rryda","url":"https:\/\/nyforetagarcentrum.se\/harryda\/","logo":{"@type":"ImageObject","inLanguage":"sv-SE","@id":"https:\/\/nyforetagarcentrum.se\/harryda\/#\/schema\/logo\/image\/","url":"https:\/\/nyforetagarcentrum.se\/harryda\/wp-content\/uploads\/sites\/72\/2024\/07\/harryda_bla.png","contentUrl":"https:\/\/nyforetagarcentrum.se\/harryda\/wp-content\/uploads\/sites\/72\/2024\/07\/harryda_bla.png","width":870,"height":355,"caption":"H\u00e4rryda"},"image":{"@id":"https:\/\/nyforetagarcentrum.se\/harryda\/#\/schema\/logo\/image\/"}}]}},"_links":{"self":[{"href":"https:\/\/nyforetagarcentrum.se\/harryda\/wp-json\/wp\/v2\/pages\/2109"}],"collection":[{"href":"https:\/\/nyforetagarcentrum.se\/harryda\/wp-json\/wp\/v2\/pages"}],"about":[{"href":"https:\/\/nyforetagarcentrum.se\/harryda\/wp-json\/wp\/v2\/types\/page"}],"author":[{"embeddable":true,"href":"https:\/\/nyforetagarcentrum.se\/harryda\/wp-json\/wp\/v2\/users\/72"}],"replies":[{"embeddable":true,"href":"https:\/\/nyforetagarcentrum.se\/harryda\/wp-json\/wp\/v2\/comments?post=2109"}],"version-history":[{"count":8,"href":"https:\/\/nyforetagarcentrum.se\/harryda\/wp-json\/wp\/v2\/pages\/2109\/revisions"}],"predecessor-version":[{"id":2124,"href":"https:\/\/nyforetagarcentrum.se\/harryda\/wp-json\/wp\/v2\/pages\/2109\/revisions\/2124"}],"wp:attachment":[{"href":"https:\/\/nyforetagarcentrum.se\/harryda\/wp-json\/wp\/v2\/media?parent=2109"}],"curies":[{"name":"wp","href":"https:\/\/api.w.org\/{rel}","templated":true}]}}