{"id":164,"date":"2024-02-27T16:05:17","date_gmt":"2024-02-27T15:05:17","guid":{"rendered":"https:\/\/nyforetagarcentrum.se\/halsingland\/?page_id=164"},"modified":"2024-10-04T15:28:00","modified_gmt":"2024-10-04T13:28:00","slug":"var-styrelse","status":"publish","type":"page","link":"https:\/\/nyforetagarcentrum.se\/halsingland\/var-styrelse\/","title":{"rendered":"V\u00e5r styrelse"},"content":{"rendered":"<section  class=\"nfc-block-hero alignfull\">\n\n    <img loading=\"lazy\" decoding=\"async\" width=\"1476\" height=\"984\" src=\"https:\/\/nyforetagarcentrum.se\/halsingland\/wp-content\/uploads\/sites\/61\/2024\/02\/Nyforetagare-kultur-LOW.jpg\" class=\"attachment-landscape size-landscape\" alt=\"\" srcset=\"https:\/\/nyforetagarcentrum.se\/halsingland\/wp-content\/uploads\/sites\/61\/2024\/02\/Nyforetagare-kultur-LOW.jpg 1476w, https:\/\/nyforetagarcentrum.se\/halsingland\/wp-content\/uploads\/sites\/61\/2024\/02\/Nyforetagare-kultur-LOW-300x200.jpg 300w, https:\/\/nyforetagarcentrum.se\/halsingland\/wp-content\/uploads\/sites\/61\/2024\/02\/Nyforetagare-kultur-LOW-1024x683.jpg 1024w, https:\/\/nyforetagarcentrum.se\/halsingland\/wp-content\/uploads\/sites\/61\/2024\/02\/Nyforetagare-kultur-LOW-768x512.jpg 768w\" sizes=\"(max-width: 1476px) 100vw, 1476px\" \/>\n    <div class=\"contained\">\n        <h1 class=\"nfc-block-hero__heading\">V\u00e5r styrelse<\/h1>\n\n            <\/div>\n<\/section>\n\n\n<div style=\"height:50px\" aria-hidden=\"true\" class=\"wp-block-spacer\"><\/div>\n\n\n<section  class=\"nfc-block-breadcrumbs alignwide\">\n    <div class=\"wrapper contained\">\n        <ol class=\"breadcrumbs\" itemscope itemtype=\"https:\/\/schema.org\/BreadcrumbList\">\n            <li itemprop=\"itemListElement\" itemscope itemtype=\"https:\/\/schema.org\/ListItem\">\n            \n\n                            <span class=\"current\" itemprop=\"name\">Hem<\/span>\n            \n            <meta itemprop=\"position\" content=\"1\" \/>\n        <\/li>\n    <\/ol>    <\/div>\n<\/section>\n\n<section  class=\"nfc-block-person_grid alignwide layout-large\">\n    <div class=\"contained\">\n        <div class=\"grid\">\n            <div class=\"person-large-card\">\n    \n    <div class=\"featured_image\">\n                    <img loading=\"lazy\" decoding=\"async\" width=\"718\" height=\"872\" src=\"https:\/\/nyforetagarcentrum.se\/halsingland\/wp-content\/uploads\/sites\/61\/2025\/08\/Anna-Karin-Edeborg_vaxter4.jpeg\" class=\"attachment-large size-large\" alt=\"\" srcset=\"https:\/\/nyforetagarcentrum.se\/halsingland\/wp-content\/uploads\/sites\/61\/2025\/08\/Anna-Karin-Edeborg_vaxter4.jpeg 718w, https:\/\/nyforetagarcentrum.se\/halsingland\/wp-content\/uploads\/sites\/61\/2025\/08\/Anna-Karin-Edeborg_vaxter4-247x300.jpeg 247w\" sizes=\"(max-width: 718px) 100vw, 718px\" \/>            <\/div>\n\n    <div class=\"content-wrapper\">\n        <h3>Anna-Karin Edeborg<\/h3>\n\n                    <div class=\"excerpt\">\n                Ledamot            <\/div>\n        \n        <div class=\"links\">\n\n            \n                            <a href=\"mailto:anna-karin@helhetsbyran.se\">\n                    anna-karin@helhetsbyran.se                <\/a>\n                    <\/div>\n        \n    <\/div>\n<\/div><div class=\"person-large-card\">\n    \n    <div class=\"featured_image\">\n                    <img loading=\"lazy\" decoding=\"async\" width=\"812\" height=\"1024\" src=\"https:\/\/nyforetagarcentrum.se\/halsingland\/wp-content\/uploads\/sites\/61\/2024\/08\/emelie-812x1024.png\" class=\"attachment-large size-large\" alt=\"\" srcset=\"https:\/\/nyforetagarcentrum.se\/halsingland\/wp-content\/uploads\/sites\/61\/2024\/08\/emelie-812x1024.png 812w, https:\/\/nyforetagarcentrum.se\/halsingland\/wp-content\/uploads\/sites\/61\/2024\/08\/emelie-238x300.png 238w, https:\/\/nyforetagarcentrum.se\/halsingland\/wp-content\/uploads\/sites\/61\/2024\/08\/emelie-768x968.png 768w, https:\/\/nyforetagarcentrum.se\/halsingland\/wp-content\/uploads\/sites\/61\/2024\/08\/emelie-1218x1536.png 1218w, https:\/\/nyforetagarcentrum.se\/halsingland\/wp-content\/uploads\/sites\/61\/2024\/08\/emelie-857x1080.png 857w, https:\/\/nyforetagarcentrum.se\/halsingland\/wp-content\/uploads\/sites\/61\/2024\/08\/emelie.png 1500w\" sizes=\"(max-width: 812px) 100vw, 812px\" \/>            <\/div>\n\n    <div class=\"content-wrapper\">\n        <h3>Emelie Magnusson<\/h3>\n\n                    <div class=\"excerpt\">\n                Ledamot            <\/div>\n        \n        <div class=\"links\">\n\n                            <a href=\"tel:070-242 28 46\">\n                    070-242 28 46                <\/a>\n            \n                            <a href=\"mailto:emelie.magnusson@nyforetagarcentrum.se\">\n                    emelie.magnusson@nyforetagarcentrum.se                <\/a>\n                    <\/div>\n        \n    <\/div>\n<\/div><div class=\"person-large-card\">\n    \n    <div class=\"featured_image\">\n            <\/div>\n\n    <div class=\"content-wrapper\">\n        <h3>John Lundmark<\/h3>\n\n                    <div class=\"excerpt\">\n                Ordf\u00f6rande            <\/div>\n        \n        <div class=\"links\">\n\n            \n                    <\/div>\n        \n    <\/div>\n<\/div><div class=\"person-large-card\">\n    \n    <div class=\"featured_image\">\n                    <img loading=\"lazy\" decoding=\"async\" width=\"1018\" height=\"1024\" src=\"https:\/\/nyforetagarcentrum.se\/halsingland\/wp-content\/uploads\/sites\/61\/2024\/04\/Ivar-1018x1024.jpg\" class=\"attachment-large size-large\" alt=\"\" srcset=\"https:\/\/nyforetagarcentrum.se\/halsingland\/wp-content\/uploads\/sites\/61\/2024\/04\/Ivar-1018x1024.jpg 1018w, https:\/\/nyforetagarcentrum.se\/halsingland\/wp-content\/uploads\/sites\/61\/2024\/04\/Ivar-298x300.jpg 298w, https:\/\/nyforetagarcentrum.se\/halsingland\/wp-content\/uploads\/sites\/61\/2024\/04\/Ivar-150x150.jpg 150w, https:\/\/nyforetagarcentrum.se\/halsingland\/wp-content\/uploads\/sites\/61\/2024\/04\/Ivar-768x772.jpg 768w, https:\/\/nyforetagarcentrum.se\/halsingland\/wp-content\/uploads\/sites\/61\/2024\/04\/Ivar-1528x1536.jpg 1528w, https:\/\/nyforetagarcentrum.se\/halsingland\/wp-content\/uploads\/sites\/61\/2024\/04\/Ivar-1074x1080.jpg 1074w, https:\/\/nyforetagarcentrum.se\/halsingland\/wp-content\/uploads\/sites\/61\/2024\/04\/Ivar.jpg 1835w\" sizes=\"(max-width: 1018px) 100vw, 1018px\" \/>            <\/div>\n\n    <div class=\"content-wrapper\">\n        <h3>Ivar Renng\u00e5rd<\/h3>\n\n                    <div class=\"excerpt\">\n                Vice Ordf\u00f6rande            <\/div>\n        \n        <div class=\"links\">\n\n                            <a href=\"tel: 070-217 70 51\">\n                     070-217 70 51                <\/a>\n            \n                            <a href=\"mailto:irkonsult001@gmail.com\">\n                    irkonsult001@gmail.com                <\/a>\n                    <\/div>\n        \n    <\/div>\n<\/div><div class=\"person-large-card\">\n    \n    <div class=\"featured_image\">\n                    <img loading=\"lazy\" decoding=\"async\" width=\"838\" height=\"1024\" src=\"https:\/\/nyforetagarcentrum.se\/halsingland\/wp-content\/uploads\/sites\/61\/2024\/04\/Bild-Asa-838x1024.jpg\" class=\"attachment-large size-large\" alt=\"\" srcset=\"https:\/\/nyforetagarcentrum.se\/halsingland\/wp-content\/uploads\/sites\/61\/2024\/04\/Bild-Asa-838x1024.jpg 838w, https:\/\/nyforetagarcentrum.se\/halsingland\/wp-content\/uploads\/sites\/61\/2024\/04\/Bild-Asa-245x300.jpg 245w, https:\/\/nyforetagarcentrum.se\/halsingland\/wp-content\/uploads\/sites\/61\/2024\/04\/Bild-Asa-768x939.jpg 768w, https:\/\/nyforetagarcentrum.se\/halsingland\/wp-content\/uploads\/sites\/61\/2024\/04\/Bild-Asa-1256x1536.jpg 1256w, https:\/\/nyforetagarcentrum.se\/halsingland\/wp-content\/uploads\/sites\/61\/2024\/04\/Bild-Asa-883x1080.jpg 883w, https:\/\/nyforetagarcentrum.se\/halsingland\/wp-content\/uploads\/sites\/61\/2024\/04\/Bild-Asa.jpg 1514w\" sizes=\"(max-width: 838px) 100vw, 838px\" \/>            <\/div>\n\n    <div class=\"content-wrapper\">\n        <h3>\u00c5sa Lang<\/h3>\n\n                    <div class=\"excerpt\">\n                Verksamhetsledare\/ Ledamot            <\/div>\n        \n        <div class=\"links\">\n\n                            <a href=\"tel:072-200 31 61\">\n                    072-200 31 61                <\/a>\n            \n                    <\/div>\n        \n    <\/div>\n<\/div>        <\/div>\n    <\/div>\n<\/section>\n\n\n<div style=\"height:100px\" aria-hidden=\"true\" class=\"wp-block-spacer\"><\/div>\n","protected":false},"excerpt":{"rendered":"","protected":false},"author":1,"featured_media":0,"parent":0,"menu_order":0,"comment_status":"closed","ping_status":"closed","template":"","meta":{"footnotes":""},"acf":[],"yoast_head":"<!-- This site is optimized with the Yoast SEO plugin v22.9 - https:\/\/yoast.com\/wordpress\/plugins\/seo\/ -->\n<title>V\u00e5r styrelse - H\u00e4lsingland<\/title>\n<meta name=\"description\" content=\"L\u00e4s vilka vi som sitter i styrelsen f\u00f6r Nyf\u00f6retagarcentrum H\u00e4lsingland \u00e4r samt vilka roller vi har i n\u00e4ringslivet.\" \/>\n<meta name=\"robots\" content=\"index, follow, max-snippet:-1, max-image-preview:large, max-video-preview:-1\" \/>\n<link rel=\"canonical\" href=\"https:\/\/nyforetagarcentrum.se\/halsingland\/var-styrelse\/\" \/>\n<meta property=\"og:locale\" content=\"sv_SE\" \/>\n<meta property=\"og:type\" content=\"article\" \/>\n<meta property=\"og:title\" content=\"V\u00e5r styrelse - H\u00e4lsingland\" \/>\n<meta property=\"og:description\" content=\"L\u00e4s vilka vi som sitter i styrelsen f\u00f6r Nyf\u00f6retagarcentrum H\u00e4lsingland \u00e4r samt vilka roller vi har i n\u00e4ringslivet.\" \/>\n<meta property=\"og:url\" content=\"https:\/\/nyforetagarcentrum.se\/halsingland\/var-styrelse\/\" \/>\n<meta property=\"og:site_name\" content=\"H\u00e4lsingland\" \/>\n<meta property=\"article:modified_time\" content=\"2024-10-04T13:28:00+00:00\" \/>\n<meta name=\"twitter:card\" content=\"summary_large_image\" \/>\n<script type=\"application\/ld+json\" class=\"yoast-schema-graph\">{\"@context\":\"https:\/\/schema.org\",\"@graph\":[{\"@type\":\"WebPage\",\"@id\":\"https:\/\/nyforetagarcentrum.se\/halsingland\/var-styrelse\/\",\"url\":\"https:\/\/nyforetagarcentrum.se\/halsingland\/var-styrelse\/\",\"name\":\"V\u00e5r styrelse - H\u00e4lsingland\",\"isPartOf\":{\"@id\":\"https:\/\/nyforetagarcentrum.se\/halsingland\/#website\"},\"datePublished\":\"2024-02-27T15:05:17+00:00\",\"dateModified\":\"2024-10-04T13:28:00+00:00\",\"description\":\"L\u00e4s vilka vi som sitter i styrelsen f\u00f6r Nyf\u00f6retagarcentrum H\u00e4lsingland \u00e4r samt vilka roller vi har i n\u00e4ringslivet.\",\"breadcrumb\":{\"@id\":\"https:\/\/nyforetagarcentrum.se\/halsingland\/var-styrelse\/#breadcrumb\"},\"inLanguage\":\"sv-SE\",\"potentialAction\":[{\"@type\":\"ReadAction\",\"target\":[\"https:\/\/nyforetagarcentrum.se\/halsingland\/var-styrelse\/\"]}]},{\"@type\":\"BreadcrumbList\",\"@id\":\"https:\/\/nyforetagarcentrum.se\/halsingland\/var-styrelse\/#breadcrumb\",\"itemListElement\":[{\"@type\":\"ListItem\",\"position\":1,\"name\":\"Hem\",\"item\":\"https:\/\/nyforetagarcentrum.se\/halsingland\/\"},{\"@type\":\"ListItem\",\"position\":2,\"name\":\"V\u00e5r styrelse\"}]},{\"@type\":\"WebSite\",\"@id\":\"https:\/\/nyforetagarcentrum.se\/halsingland\/#website\",\"url\":\"https:\/\/nyforetagarcentrum.se\/halsingland\/\",\"name\":\"H\u00e4lsingland\",\"description\":\"Sveriges ledande kraft f\u00f6r fler nya livskraftiga f\u00f6retag\",\"publisher\":{\"@id\":\"https:\/\/nyforetagarcentrum.se\/halsingland\/#organization\"},\"potentialAction\":[{\"@type\":\"SearchAction\",\"target\":{\"@type\":\"EntryPoint\",\"urlTemplate\":\"https:\/\/nyforetagarcentrum.se\/halsingland\/?s={search_term_string}\"},\"query-input\":\"required name=search_term_string\"}],\"inLanguage\":\"sv-SE\"},{\"@type\":\"Organization\",\"@id\":\"https:\/\/nyforetagarcentrum.se\/halsingland\/#organization\",\"name\":\"H\u00e4lsingland\",\"url\":\"https:\/\/nyforetagarcentrum.se\/halsingland\/\",\"logo\":{\"@type\":\"ImageObject\",\"inLanguage\":\"sv-SE\",\"@id\":\"https:\/\/nyforetagarcentrum.se\/halsingland\/#\/schema\/logo\/image\/\",\"url\":\"https:\/\/nyforetagarcentrum.se\/halsingland\/wp-content\/uploads\/sites\/61\/2024\/04\/Halsingland.png\",\"contentUrl\":\"https:\/\/nyforetagarcentrum.se\/halsingland\/wp-content\/uploads\/sites\/61\/2024\/04\/Halsingland.png\",\"width\":1082,\"height\":542,\"caption\":\"H\u00e4lsingland\"},\"image\":{\"@id\":\"https:\/\/nyforetagarcentrum.se\/halsingland\/#\/schema\/logo\/image\/\"}}]}<\/script>\n<!-- \/ Yoast SEO plugin. -->","yoast_head_json":{"title":"V\u00e5r styrelse - H\u00e4lsingland","description":"L\u00e4s vilka vi som sitter i styrelsen f\u00f6r Nyf\u00f6retagarcentrum H\u00e4lsingland \u00e4r samt vilka roller vi har i n\u00e4ringslivet.","robots":{"index":"index","follow":"follow","max-snippet":"max-snippet:-1","max-image-preview":"max-image-preview:large","max-video-preview":"max-video-preview:-1"},"canonical":"https:\/\/nyforetagarcentrum.se\/halsingland\/var-styrelse\/","og_locale":"sv_SE","og_type":"article","og_title":"V\u00e5r styrelse - H\u00e4lsingland","og_description":"L\u00e4s vilka vi som sitter i styrelsen f\u00f6r Nyf\u00f6retagarcentrum H\u00e4lsingland \u00e4r samt vilka roller vi har i n\u00e4ringslivet.","og_url":"https:\/\/nyforetagarcentrum.se\/halsingland\/var-styrelse\/","og_site_name":"H\u00e4lsingland","article_modified_time":"2024-10-04T13:28:00+00:00","twitter_card":"summary_large_image","schema":{"@context":"https:\/\/schema.org","@graph":[{"@type":"WebPage","@id":"https:\/\/nyforetagarcentrum.se\/halsingland\/var-styrelse\/","url":"https:\/\/nyforetagarcentrum.se\/halsingland\/var-styrelse\/","name":"V\u00e5r styrelse - H\u00e4lsingland","isPartOf":{"@id":"https:\/\/nyforetagarcentrum.se\/halsingland\/#website"},"datePublished":"2024-02-27T15:05:17+00:00","dateModified":"2024-10-04T13:28:00+00:00","description":"L\u00e4s vilka vi som sitter i styrelsen f\u00f6r Nyf\u00f6retagarcentrum H\u00e4lsingland \u00e4r samt vilka roller vi har i n\u00e4ringslivet.","breadcrumb":{"@id":"https:\/\/nyforetagarcentrum.se\/halsingland\/var-styrelse\/#breadcrumb"},"inLanguage":"sv-SE","potentialAction":[{"@type":"ReadAction","target":["https:\/\/nyforetagarcentrum.se\/halsingland\/var-styrelse\/"]}]},{"@type":"BreadcrumbList","@id":"https:\/\/nyforetagarcentrum.se\/halsingland\/var-styrelse\/#breadcrumb","itemListElement":[{"@type":"ListItem","position":1,"name":"Hem","item":"https:\/\/nyforetagarcentrum.se\/halsingland\/"},{"@type":"ListItem","position":2,"name":"V\u00e5r styrelse"}]},{"@type":"WebSite","@id":"https:\/\/nyforetagarcentrum.se\/halsingland\/#website","url":"https:\/\/nyforetagarcentrum.se\/halsingland\/","name":"H\u00e4lsingland","description":"Sveriges ledande kraft f\u00f6r fler nya livskraftiga f\u00f6retag","publisher":{"@id":"https:\/\/nyforetagarcentrum.se\/halsingland\/#organization"},"potentialAction":[{"@type":"SearchAction","target":{"@type":"EntryPoint","urlTemplate":"https:\/\/nyforetagarcentrum.se\/halsingland\/?s={search_term_string}"},"query-input":"required name=search_term_string"}],"inLanguage":"sv-SE"},{"@type":"Organization","@id":"https:\/\/nyforetagarcentrum.se\/halsingland\/#organization","name":"H\u00e4lsingland","url":"https:\/\/nyforetagarcentrum.se\/halsingland\/","logo":{"@type":"ImageObject","inLanguage":"sv-SE","@id":"https:\/\/nyforetagarcentrum.se\/halsingland\/#\/schema\/logo\/image\/","url":"https:\/\/nyforetagarcentrum.se\/halsingland\/wp-content\/uploads\/sites\/61\/2024\/04\/Halsingland.png","contentUrl":"https:\/\/nyforetagarcentrum.se\/halsingland\/wp-content\/uploads\/sites\/61\/2024\/04\/Halsingland.png","width":1082,"height":542,"caption":"H\u00e4lsingland"},"image":{"@id":"https:\/\/nyforetagarcentrum.se\/halsingland\/#\/schema\/logo\/image\/"}}]}},"_links":{"self":[{"href":"https:\/\/nyforetagarcentrum.se\/halsingland\/wp-json\/wp\/v2\/pages\/164"}],"collection":[{"href":"https:\/\/nyforetagarcentrum.se\/halsingland\/wp-json\/wp\/v2\/pages"}],"about":[{"href":"https:\/\/nyforetagarcentrum.se\/halsingland\/wp-json\/wp\/v2\/types\/page"}],"author":[{"embeddable":true,"href":"https:\/\/nyforetagarcentrum.se\/halsingland\/wp-json\/wp\/v2\/users\/1"}],"replies":[{"embeddable":true,"href":"https:\/\/nyforetagarcentrum.se\/halsingland\/wp-json\/wp\/v2\/comments?post=164"}],"version-history":[{"count":17,"href":"https:\/\/nyforetagarcentrum.se\/halsingland\/wp-json\/wp\/v2\/pages\/164\/revisions"}],"predecessor-version":[{"id":387,"href":"https:\/\/nyforetagarcentrum.se\/halsingland\/wp-json\/wp\/v2\/pages\/164\/revisions\/387"}],"wp:attachment":[{"href":"https:\/\/nyforetagarcentrum.se\/halsingland\/wp-json\/wp\/v2\/media?parent=164"}],"curies":[{"name":"wp","href":"https:\/\/api.w.org\/{rel}","templated":true}]}}