{"id":395,"date":"2025-03-10T13:00:10","date_gmt":"2025-03-10T12:00:10","guid":{"rendered":"https:\/\/nyforetagarcentrum.se\/hagfors\/?page_id=395"},"modified":"2025-03-10T13:00:11","modified_gmt":"2025-03-10T12:00:11","slug":"var-styrelse","status":"publish","type":"page","link":"https:\/\/nyforetagarcentrum.se\/hagfors\/var-styrelse\/","title":{"rendered":"V\u00e5r styrelse"},"content":{"rendered":"<section  class=\"nfc-block-hero alignfull\">\n\n    <img loading=\"lazy\" decoding=\"async\" width=\"1475\" height=\"1080\" src=\"https:\/\/nyforetagarcentrum.se\/hagfors\/wp-content\/uploads\/sites\/102\/2024\/03\/Nyforetagare-natverk-grupp-LOW.jpg\" class=\"attachment-landscape size-landscape\" alt=\"\" srcset=\"https:\/\/nyforetagarcentrum.se\/hagfors\/wp-content\/uploads\/sites\/102\/2024\/03\/Nyforetagare-natverk-grupp-LOW.jpg 1476w, https:\/\/nyforetagarcentrum.se\/hagfors\/wp-content\/uploads\/sites\/102\/2024\/03\/Nyforetagare-natverk-grupp-LOW-300x220.jpg 300w, https:\/\/nyforetagarcentrum.se\/hagfors\/wp-content\/uploads\/sites\/102\/2024\/03\/Nyforetagare-natverk-grupp-LOW-1024x750.jpg 1024w, https:\/\/nyforetagarcentrum.se\/hagfors\/wp-content\/uploads\/sites\/102\/2024\/03\/Nyforetagare-natverk-grupp-LOW-768x562.jpg 768w\" sizes=\"(max-width: 1475px) 100vw, 1475px\" \/>\n    <div class=\"contained\">\n        <h1 class=\"nfc-block-hero__heading\">V\u00e5r styrelse<\/h1>\n\n            <\/div>\n<\/section>\n\n\n<div style=\"height:100px\" aria-hidden=\"true\" class=\"wp-block-spacer\"><\/div>\n\n\n\n<h3 class=\"wp-block-heading\">Styrelse Nyf\u00f6retagarCentrum Hagfors<br><\/h3>\n\n\n\n<p class=\"has-black-color has-text-color has-link-color wp-elements-36ee19fa4bde9046699efa9d2de5844d\">Christer Halvardsson, ordf\u00f6rande\u00a0\u00a0<br><a href=\"mailto:christer_71@hotmail.se\">christer_71@hotmail.se<\/a><\/p>\n\n\n\n<p>Cherin Nilsson, HC Nilsson AB<\/p>\n\n\n\n<p>Ann Christin Laack, Swedbank<\/p>\n\n\n\n<p>Kent S\u00f6derberg, Almlunda Fastigheter AB<\/p>\n\n\n\n<p>Christina Lundqvist, Risberg Herrg\u00e5rd<\/p>\n\n\n\n<div style=\"height:100px\" aria-hidden=\"true\" class=\"wp-block-spacer\"><\/div>\n","protected":false},"excerpt":{"rendered":"<p>Styrelse Nyf\u00f6retagarCentrum Hagfors Christer Halvardsson, ordf\u00f6rande\u00a0\u00a0christer_71@hotmail.se Cherin Nilsson, HC Nilsson AB Ann Christin Laack, Swedbank Kent S\u00f6derberg, Almlunda Fastigheter AB Christina Lundqvist, Risberg Herrg\u00e5rd<\/p>\n","protected":false},"author":3,"featured_media":0,"parent":0,"menu_order":0,"comment_status":"closed","ping_status":"closed","template":"","meta":{"footnotes":""},"acf":[],"yoast_head":"<!-- This site is optimized with the Yoast SEO plugin v22.9 - https:\/\/yoast.com\/wordpress\/plugins\/seo\/ -->\n<title>V\u00e5r styrelse - Nyf\u00f6retagarcentrum Hagfors<\/title>\n<meta name=\"robots\" content=\"index, follow, max-snippet:-1, max-image-preview:large, max-video-preview:-1\" \/>\n<link rel=\"canonical\" href=\"https:\/\/nyforetagarcentrum.se\/hagfors\/var-styrelse\/\" \/>\n<meta property=\"og:locale\" content=\"sv_SE\" \/>\n<meta property=\"og:type\" content=\"article\" \/>\n<meta property=\"og:title\" content=\"V\u00e5r styrelse - Nyf\u00f6retagarcentrum Hagfors\" \/>\n<meta property=\"og:description\" content=\"Styrelse Nyf\u00f6retagarCentrum Hagfors Christer Halvardsson, ordf\u00f6rande\u00a0\u00a0christer_71@hotmail.se Cherin Nilsson, HC Nilsson AB Ann Christin Laack, Swedbank Kent S\u00f6derberg, Almlunda Fastigheter AB Christina Lundqvist, Risberg Herrg\u00e5rd\" \/>\n<meta property=\"og:url\" content=\"https:\/\/nyforetagarcentrum.se\/hagfors\/var-styrelse\/\" \/>\n<meta property=\"og:site_name\" content=\"Nyf\u00f6retagarcentrum Hagfors\" \/>\n<meta property=\"article:modified_time\" content=\"2025-03-10T12:00:11+00:00\" \/>\n<meta name=\"twitter:card\" content=\"summary_large_image\" \/>\n<script type=\"application\/ld+json\" class=\"yoast-schema-graph\">{\"@context\":\"https:\/\/schema.org\",\"@graph\":[{\"@type\":\"WebPage\",\"@id\":\"https:\/\/nyforetagarcentrum.se\/hagfors\/var-styrelse\/\",\"url\":\"https:\/\/nyforetagarcentrum.se\/hagfors\/var-styrelse\/\",\"name\":\"V\u00e5r styrelse - Nyf\u00f6retagarcentrum Hagfors\",\"isPartOf\":{\"@id\":\"https:\/\/nyforetagarcentrum.se\/hagfors\/#website\"},\"datePublished\":\"2025-03-10T12:00:10+00:00\",\"dateModified\":\"2025-03-10T12:00:11+00:00\",\"breadcrumb\":{\"@id\":\"https:\/\/nyforetagarcentrum.se\/hagfors\/var-styrelse\/#breadcrumb\"},\"inLanguage\":\"sv-SE\",\"potentialAction\":[{\"@type\":\"ReadAction\",\"target\":[\"https:\/\/nyforetagarcentrum.se\/hagfors\/var-styrelse\/\"]}]},{\"@type\":\"BreadcrumbList\",\"@id\":\"https:\/\/nyforetagarcentrum.se\/hagfors\/var-styrelse\/#breadcrumb\",\"itemListElement\":[{\"@type\":\"ListItem\",\"position\":1,\"name\":\"Hem\",\"item\":\"https:\/\/nyforetagarcentrum.se\/hagfors\/\"},{\"@type\":\"ListItem\",\"position\":2,\"name\":\"V\u00e5r styrelse\"}]},{\"@type\":\"WebSite\",\"@id\":\"https:\/\/nyforetagarcentrum.se\/hagfors\/#website\",\"url\":\"https:\/\/nyforetagarcentrum.se\/hagfors\/\",\"name\":\"Nyf\u00f6retagarcentrum Hagfors\",\"description\":\"Sveriges ledande kraft inom nyf\u00f6retagande\",\"publisher\":{\"@id\":\"https:\/\/nyforetagarcentrum.se\/hagfors\/#organization\"},\"potentialAction\":[{\"@type\":\"SearchAction\",\"target\":{\"@type\":\"EntryPoint\",\"urlTemplate\":\"https:\/\/nyforetagarcentrum.se\/hagfors\/?s={search_term_string}\"},\"query-input\":\"required name=search_term_string\"}],\"inLanguage\":\"sv-SE\"},{\"@type\":\"Organization\",\"@id\":\"https:\/\/nyforetagarcentrum.se\/hagfors\/#organization\",\"name\":\"Nyf\u00f6retagarcentrum Hagfors\",\"url\":\"https:\/\/nyforetagarcentrum.se\/hagfors\/\",\"logo\":{\"@type\":\"ImageObject\",\"inLanguage\":\"sv-SE\",\"@id\":\"https:\/\/nyforetagarcentrum.se\/hagfors\/#\/schema\/logo\/image\/\",\"url\":\"https:\/\/nyforetagarcentrum.se\/hagfors\/wp-content\/uploads\/sites\/102\/2025\/09\/hagfors_bla-1.png\",\"contentUrl\":\"https:\/\/nyforetagarcentrum.se\/hagfors\/wp-content\/uploads\/sites\/102\/2025\/09\/hagfors_bla-1.png\",\"width\":870,\"height\":355,\"caption\":\"Nyf\u00f6retagarcentrum Hagfors\"},\"image\":{\"@id\":\"https:\/\/nyforetagarcentrum.se\/hagfors\/#\/schema\/logo\/image\/\"}}]}<\/script>\n<!-- \/ Yoast SEO plugin. -->","yoast_head_json":{"title":"V\u00e5r styrelse - Nyf\u00f6retagarcentrum Hagfors","robots":{"index":"index","follow":"follow","max-snippet":"max-snippet:-1","max-image-preview":"max-image-preview:large","max-video-preview":"max-video-preview:-1"},"canonical":"https:\/\/nyforetagarcentrum.se\/hagfors\/var-styrelse\/","og_locale":"sv_SE","og_type":"article","og_title":"V\u00e5r styrelse - Nyf\u00f6retagarcentrum Hagfors","og_description":"Styrelse Nyf\u00f6retagarCentrum Hagfors Christer Halvardsson, ordf\u00f6rande\u00a0\u00a0christer_71@hotmail.se Cherin Nilsson, HC Nilsson AB Ann Christin Laack, Swedbank Kent S\u00f6derberg, Almlunda Fastigheter AB Christina Lundqvist, Risberg Herrg\u00e5rd","og_url":"https:\/\/nyforetagarcentrum.se\/hagfors\/var-styrelse\/","og_site_name":"Nyf\u00f6retagarcentrum Hagfors","article_modified_time":"2025-03-10T12:00:11+00:00","twitter_card":"summary_large_image","schema":{"@context":"https:\/\/schema.org","@graph":[{"@type":"WebPage","@id":"https:\/\/nyforetagarcentrum.se\/hagfors\/var-styrelse\/","url":"https:\/\/nyforetagarcentrum.se\/hagfors\/var-styrelse\/","name":"V\u00e5r styrelse - Nyf\u00f6retagarcentrum Hagfors","isPartOf":{"@id":"https:\/\/nyforetagarcentrum.se\/hagfors\/#website"},"datePublished":"2025-03-10T12:00:10+00:00","dateModified":"2025-03-10T12:00:11+00:00","breadcrumb":{"@id":"https:\/\/nyforetagarcentrum.se\/hagfors\/var-styrelse\/#breadcrumb"},"inLanguage":"sv-SE","potentialAction":[{"@type":"ReadAction","target":["https:\/\/nyforetagarcentrum.se\/hagfors\/var-styrelse\/"]}]},{"@type":"BreadcrumbList","@id":"https:\/\/nyforetagarcentrum.se\/hagfors\/var-styrelse\/#breadcrumb","itemListElement":[{"@type":"ListItem","position":1,"name":"Hem","item":"https:\/\/nyforetagarcentrum.se\/hagfors\/"},{"@type":"ListItem","position":2,"name":"V\u00e5r styrelse"}]},{"@type":"WebSite","@id":"https:\/\/nyforetagarcentrum.se\/hagfors\/#website","url":"https:\/\/nyforetagarcentrum.se\/hagfors\/","name":"Nyf\u00f6retagarcentrum Hagfors","description":"Sveriges ledande kraft inom nyf\u00f6retagande","publisher":{"@id":"https:\/\/nyforetagarcentrum.se\/hagfors\/#organization"},"potentialAction":[{"@type":"SearchAction","target":{"@type":"EntryPoint","urlTemplate":"https:\/\/nyforetagarcentrum.se\/hagfors\/?s={search_term_string}"},"query-input":"required name=search_term_string"}],"inLanguage":"sv-SE"},{"@type":"Organization","@id":"https:\/\/nyforetagarcentrum.se\/hagfors\/#organization","name":"Nyf\u00f6retagarcentrum Hagfors","url":"https:\/\/nyforetagarcentrum.se\/hagfors\/","logo":{"@type":"ImageObject","inLanguage":"sv-SE","@id":"https:\/\/nyforetagarcentrum.se\/hagfors\/#\/schema\/logo\/image\/","url":"https:\/\/nyforetagarcentrum.se\/hagfors\/wp-content\/uploads\/sites\/102\/2025\/09\/hagfors_bla-1.png","contentUrl":"https:\/\/nyforetagarcentrum.se\/hagfors\/wp-content\/uploads\/sites\/102\/2025\/09\/hagfors_bla-1.png","width":870,"height":355,"caption":"Nyf\u00f6retagarcentrum Hagfors"},"image":{"@id":"https:\/\/nyforetagarcentrum.se\/hagfors\/#\/schema\/logo\/image\/"}}]}},"_links":{"self":[{"href":"https:\/\/nyforetagarcentrum.se\/hagfors\/wp-json\/wp\/v2\/pages\/395"}],"collection":[{"href":"https:\/\/nyforetagarcentrum.se\/hagfors\/wp-json\/wp\/v2\/pages"}],"about":[{"href":"https:\/\/nyforetagarcentrum.se\/hagfors\/wp-json\/wp\/v2\/types\/page"}],"author":[{"embeddable":true,"href":"https:\/\/nyforetagarcentrum.se\/hagfors\/wp-json\/wp\/v2\/users\/3"}],"replies":[{"embeddable":true,"href":"https:\/\/nyforetagarcentrum.se\/hagfors\/wp-json\/wp\/v2\/comments?post=395"}],"version-history":[{"count":6,"href":"https:\/\/nyforetagarcentrum.se\/hagfors\/wp-json\/wp\/v2\/pages\/395\/revisions"}],"predecessor-version":[{"id":401,"href":"https:\/\/nyforetagarcentrum.se\/hagfors\/wp-json\/wp\/v2\/pages\/395\/revisions\/401"}],"wp:attachment":[{"href":"https:\/\/nyforetagarcentrum.se\/hagfors\/wp-json\/wp\/v2\/media?parent=395"}],"curies":[{"name":"wp","href":"https:\/\/api.w.org\/{rel}","templated":true}]}}