{"id":239,"date":"2024-02-29T13:59:39","date_gmt":"2024-02-29T12:59:39","guid":{"rendered":"https:\/\/nyforetagarcentrum.se\/goteborgsregionen\/?page_id=239"},"modified":"2024-04-17T17:03:59","modified_gmt":"2024-04-17T15:03:59","slug":"vara-radgivare","status":"publish","type":"page","link":"https:\/\/nyforetagarcentrum.se\/goteborgsregionen\/vara-radgivare\/","title":{"rendered":"V\u00e5ra r\u00e5dgivare"},"content":{"rendered":"<section  class=\"nfc-block-hero alignfull\">\n\n    <img loading=\"lazy\" decoding=\"async\" width=\"1476\" height=\"984\" src=\"https:\/\/nyforetagarcentrum.se\/goteborgsregionen\/wp-content\/uploads\/sites\/45\/2024\/02\/Nyforetagare-ung-LOW.jpg\" class=\"attachment-landscape size-landscape\" alt=\"\" srcset=\"https:\/\/nyforetagarcentrum.se\/goteborgsregionen\/wp-content\/uploads\/sites\/45\/2024\/02\/Nyforetagare-ung-LOW.jpg 1476w, https:\/\/nyforetagarcentrum.se\/goteborgsregionen\/wp-content\/uploads\/sites\/45\/2024\/02\/Nyforetagare-ung-LOW-300x200.jpg 300w, https:\/\/nyforetagarcentrum.se\/goteborgsregionen\/wp-content\/uploads\/sites\/45\/2024\/02\/Nyforetagare-ung-LOW-1024x683.jpg 1024w, https:\/\/nyforetagarcentrum.se\/goteborgsregionen\/wp-content\/uploads\/sites\/45\/2024\/02\/Nyforetagare-ung-LOW-768x512.jpg 768w\" sizes=\"(max-width: 1476px) 100vw, 1476px\" \/>\n    <div class=\"contained\">\n        <h1 class=\"nfc-block-hero__heading\">R\u00e5dgivare<\/h1>\n\n            <\/div>\n<\/section>\n\n\n<div style=\"height:49px\" aria-hidden=\"true\" class=\"wp-block-spacer\"><\/div>\n\n\n<section  class=\"nfc-block-breadcrumbs\">\n    <div class=\"wrapper contained\">\n        <ol class=\"breadcrumbs\" itemscope itemtype=\"https:\/\/schema.org\/BreadcrumbList\">\n            <li itemprop=\"itemListElement\" itemscope itemtype=\"https:\/\/schema.org\/ListItem\">\n            \n\n                            <span class=\"current\" itemprop=\"name\">Hem<\/span>\n            \n            <meta itemprop=\"position\" content=\"1\" \/>\n        <\/li>\n    <\/ol>    <\/div>\n<\/section>\n\n\n<div style=\"height:5px\" aria-hidden=\"true\" class=\"wp-block-spacer\"><\/div>\n\n\n\n<p>V\u00e5ra r\u00e5dgivare \u00e4r aktiva f\u00f6retagare sj\u00e4lva, med erfarenhet av vad det inneb\u00e4r att b\u00f6rja fr\u00e5n b\u00f6rjan. De har ocks\u00e5 en lokal f\u00f6rankring och kan guida dig till n\u00e4ringslivskontakter som du kan ha stor nytta av i ditt blivande aff\u00e4rsliv.<\/p>\n\n\n\n<p><strong>Vi tar inte emot bokningar per telefon.<\/strong><\/p>\n\n\n\n<p>All of our&nbsp;advisors speak english.<\/p>\n\n\n\n<div style=\"height:20px\" aria-hidden=\"true\" class=\"wp-block-spacer\"><\/div>\n\n\n<section  class=\"nfc-block-person_grid alignwide layout-featured\">\n    <div class=\"contained\">\n        <div class=\"grid\">\n            <div class=\"person-featured-card\">\n    \n    <div class=\"featured_image\">\n                    <img loading=\"lazy\" decoding=\"async\" width=\"361\" height=\"360\" src=\"https:\/\/nyforetagarcentrum.se\/goteborgsregionen\/wp-content\/uploads\/sites\/45\/2024\/04\/NFC-Johan.jpeg\" class=\"attachment-large size-large\" alt=\"\" srcset=\"https:\/\/nyforetagarcentrum.se\/goteborgsregionen\/wp-content\/uploads\/sites\/45\/2024\/04\/NFC-Johan.jpeg 361w, https:\/\/nyforetagarcentrum.se\/goteborgsregionen\/wp-content\/uploads\/sites\/45\/2024\/04\/NFC-Johan-300x300.jpeg 300w, https:\/\/nyforetagarcentrum.se\/goteborgsregionen\/wp-content\/uploads\/sites\/45\/2024\/04\/NFC-Johan-150x150.jpeg 150w\" sizes=\"(max-width: 361px) 100vw, 361px\" \/>            <\/div>\n\n    <div class=\"content-wrapper\">\n        <h3>Johan Nordlund, G\u00f6teborg<\/h3>\n\n        \n                    <div class=\"excerpt\">\n                Johan Nordlund har mer \u00e4n 30 \u00e5rs erfarenhet fr\u00e5n arbete i ledande befattningar. Han har bland annat varit vd och aff\u00e4rsutvecklingschef f\u00f6r egna f\u00f6retag. Johan har \u00e4ven haft flera chefsbefattningar inom Arbetsf\u00f6rmedlingen, varit regionchef f\u00f6r ett antal utbildningsbolag samt haft ett flertal chefsroller inom McDonald\u2019s. Johan har ocks\u00e5 arbetat som enhetschef inom \u00e4ldreomsorgen och har erfarenhet fr\u00e5n arbetsintegrerade sociala f\u00f6retag.<br \/>\r\nJohan \u00e4r grundare till Nordlund &amp; Co. F\u00f6retaget erbjuder interimsl\u00f6sningar inom ledarskap och projektledning tillsammans med ett erfaret och brett n\u00e4tverk. Nordlund &amp; Co arbetar \u00e4ven med arbetsmarknadsprojekt, komvux, arbetslivsinriktad rehabilitering samt chefscoaching\/mentorskap.<br \/>\r\nJohan st\u00f6ttar b\u00e5de strategiskt och p\u00e5 praktisk niv\u00e5. Under sin karri\u00e4r som ledare har han \u00e5terkommande f\u00e5tt h\u00f6ra att han skapar genuint f\u00f6rtroende och har en f\u00f6rm\u00e5ga att motivera och st\u00f6tta. Som r\u00e5dgivare kan han hj\u00e4lpa till med bed\u00f6mning, utveckling och coachning av aff\u00e4rsid\u00e9er, budgetering, r\u00e5dgivning vid rekrytering av medarbetare samt chefscoaching\/-mentorskap under uppstarts- och utvecklingsfaser av nystartade verksamheter.<br \/>\r\n<br \/>\r\n<b>Kontakt:<\/b><br \/>\r\n<br \/>\r\n<a href=\"mailto:johan.nordlund@nyforetagarcentrum.se\">johan.nordlund@nyforetagarcentrum.se<\/a><br \/>\r\nMobil: <a href=\"tel:+46703-14 15 03\">0703-14 15 03<\/a>                <br\/>\n                            <\/div>\n        \n                    <a href=\"https:\/\/www.nyforetagarcentrum.se\/goteborgsregionen\/boka-radgivning\/\" class=\"booking-button button outlined\">Boka r\u00e5dgivning<\/a>\n            <\/div>\n<\/div><div class=\"person-featured-card\">\n    \n    <div class=\"featured_image\">\n                    <img loading=\"lazy\" decoding=\"async\" width=\"567\" height=\"378\" src=\"https:\/\/nyforetagarcentrum.se\/goteborgsregionen\/wp-content\/uploads\/sites\/45\/2024\/02\/NFC-Alexandra.jpeg\" class=\"attachment-large size-large\" alt=\"\" srcset=\"https:\/\/nyforetagarcentrum.se\/goteborgsregionen\/wp-content\/uploads\/sites\/45\/2024\/02\/NFC-Alexandra.jpeg 567w, https:\/\/nyforetagarcentrum.se\/goteborgsregionen\/wp-content\/uploads\/sites\/45\/2024\/02\/NFC-Alexandra-300x200.jpeg 300w\" sizes=\"(max-width: 567px) 100vw, 567px\" \/>            <\/div>\n\n    <div class=\"content-wrapper\">\n        <h3>Alexandra Nash, G\u00f6teborg<\/h3>\n\n        \n                    <div class=\"excerpt\">\n                Alexandra Nash \u00e4r en serieentrepren\u00f6r som har grundat och s\u00e5lt flera f\u00f6retag och. Hon \u00e4r en tidigare tech-VD och medgrundare av Yuhme, ett f\u00f6retag som s\u00e4ljer milj\u00f6v\u00e4nliga vattenflaskor som st\u00f6djer CO2-minskning och tillg\u00e5ng till rent vatten i Centralafrikanska republiken.<br \/>\r\n<br \/>\r\nUnder sitt nuvarande varum\u00e4rke The Circular Entrepreneurs arbetar hon som aff\u00e4rscoach, styrelseproffs och meditationsl\u00e4rare. Alexandra st\u00f6djer stolt sm\u00e5f\u00f6retagare p\u00e5 deras resa i att bygga f\u00f6retag som v\u00e4rnar om milj\u00f6n och m\u00e4nskligheten. Hon utg\u00e5r alltid ifr\u00e5n att f\u00f6retagarna sj\u00e4lva ska fokusera p\u00e5 att starta och driva f\u00f6retag enligt sina egna v\u00e4rderingar f\u00f6r att skapa ett h\u00e5llbart liv och f\u00f6retagande. De fem ord Alexandra skulle s\u00e4ga att hon stolt identifierar sig med \u00e4r: entrepren\u00f6r, mamma, aff\u00e4rscoach, idrottare och meditationsl\u00e4rare.<br \/>\r\n<br \/>\r\nDu kan l\u00e4sa mer om Alexandra h\u00e4r:<br \/>\r\nwww.thealexandranash.com<br \/>\r\n<br \/>\r\n<b>Kontakt:<\/b><br \/>\r\n<br \/>\r\n<a href=\"mailto:alexandra.nash@nyforetagarcentrum.se\">alexandra.nash@nyforetagarcentrum.se<\/a><br \/>\r\n                <br\/>\n                            <\/div>\n        \n                    <a href=\"https:\/\/www.nyforetagarcentrum.se\/goteborgsregionen\/boka-radgivning\/\" class=\"booking-button button outlined\">Boka r\u00e5dgivning<\/a>\n            <\/div>\n<\/div><div class=\"person-featured-card\">\n    \n    <div class=\"featured_image\">\n                    <img loading=\"lazy\" decoding=\"async\" width=\"295\" height=\"298\" src=\"https:\/\/nyforetagarcentrum.se\/goteborgsregionen\/wp-content\/uploads\/sites\/45\/2024\/02\/NFC-Kristina.png\" class=\"attachment-large size-large\" alt=\"\" \/>            <\/div>\n\n    <div class=\"content-wrapper\">\n        <h3>Kristina Ford, M\u00f6lnlycke<\/h3>\n\n        \n                    <div class=\"excerpt\">\n                Kristina driver Kristina Ford Consulting och <a href=\"https:\/\/karriarbyran.com\/\">Karriarbyr\u00e5n<\/a>. Hon har en bakgrund inom f\u00f6rs\u00e4ljning, ledarskap, projektledning, aff\u00e4rs-, koncept- och tj\u00e4nsteutveckling, rekrytering samt r\u00e5dgivning\/coaching. Kristina har en bransch\u00f6vergripande kompetens med erfarenheter inom b\u00e5de privat och offentlig verksamhet. Hon har under \u00e5ren byggt upp ett starkt aff\u00e4rsn\u00e4tverk i regionen. Hon \u00e4r egen f\u00f6retagare sedan 7 \u00e5r, driver konsultverksamhet med fokus p\u00e5 karri\u00e4rcoaching samt aff\u00e4rsr\u00e5dgivning och mentorskap f\u00f6r f\u00f6retagare\/startups. Ger r\u00e5dgivning brett inom eget f\u00f6retagande, bl a inom personlig f\u00f6rs\u00e4ljning, aff\u00e4rsutveckling, budgetering. Hon \u00e4r utbildad civilekonom (Internationella Ekonomlinjen), \u00e4r starkt n\u00e4tverksorienterad och har ett strategiskt mindset.<br \/>\r\n<br \/>\r\n<b>Kontakt:<\/b><br \/>\r\n<br \/>\r\n<a href=\"mailto:kristina.ford@nyforetagarcentrum.se\">kristina.ford@nyforetagarcentrum.se<\/a><br \/>\r\nMobil: <a href=\"tel:+4673-384 24 48\">073-384 24 48<\/a>                <br\/>\n                            <\/div>\n        \n                    <a href=\"https:\/\/www.nyforetagarcentrum.se\/goteborgsregionen\/boka-radgivning\/\" class=\"booking-button button outlined\">Boka r\u00e5dgivning<\/a>\n            <\/div>\n<\/div><div class=\"person-featured-card\">\n    \n    <div class=\"featured_image\">\n                    <img loading=\"lazy\" decoding=\"async\" width=\"567\" height=\"378\" src=\"https:\/\/nyforetagarcentrum.se\/goteborgsregionen\/wp-content\/uploads\/sites\/45\/2024\/02\/NFC-Terho.jpeg\" class=\"attachment-large size-large\" alt=\"\" srcset=\"https:\/\/nyforetagarcentrum.se\/goteborgsregionen\/wp-content\/uploads\/sites\/45\/2024\/02\/NFC-Terho.jpeg 567w, https:\/\/nyforetagarcentrum.se\/goteborgsregionen\/wp-content\/uploads\/sites\/45\/2024\/02\/NFC-Terho-300x200.jpeg 300w\" sizes=\"(max-width: 567px) 100vw, 567px\" \/>            <\/div>\n\n    <div class=\"content-wrapper\">\n        <h3>Terho Koskela, Landvetter<\/h3>\n\n        \n                    <div class=\"excerpt\">\n                Terho \u00e4r utbildad marknadsekonom och driver f\u00f6retaget Novo Genetix AB, som s\u00e4ljer produkter via <a href=\"http:\/\/www.pepvital.se\">pepvital.se<\/a>. Han har gedigen erfarenhet inom f\u00f6rs\u00e4ljning, marknadsf\u00f6ring och konsumentkommunikation, vilket \u00e4r en central del av hans dagliga arbete med att utveckla f\u00f6retagets e-handel. Terho har \u00e4ven en stark bakgrund inom business-to-business och internationell handel, fr\u00e4mst import. Han har omfattande erfarenhet av hela processen fr\u00e5n produktion till leverans, samt av kalkylering och budgetering f\u00f6r l\u00e5ngsiktig h\u00e5llbarhet. Under \u00e5ren har media, f\u00f6rs\u00e4ljning och marknadsf\u00f6ring alltid varit viktiga inslag i hans arbete.<br \/>\r\n<br \/>\r\n<b>Kontakt:<\/b><br \/>\r\n<br \/>\r\n<a href=\"mailto:terho.koskela@nyforetagarcentrum.se\">terho.koskela@nyforetagarcentrum.se<\/a><br \/>\r\nMobil: <a href=\"tel:+4672-251 13 11\">072-251 13 11<\/a>                <br\/>\n                            <\/div>\n        \n                    <a href=\"https:\/\/www.nyforetagarcentrum.se\/goteborgsregionen\/boka-radgivning\/\" class=\"booking-button button outlined\">Boka r\u00e5dgivning<\/a>\n            <\/div>\n<\/div><div class=\"person-featured-card\">\n    \n    <div class=\"featured_image\">\n                    <img loading=\"lazy\" decoding=\"async\" width=\"396\" height=\"378\" src=\"https:\/\/nyforetagarcentrum.se\/goteborgsregionen\/wp-content\/uploads\/sites\/45\/2024\/02\/NFC-Asa.jpeg\" class=\"attachment-large size-large\" alt=\"\" srcset=\"https:\/\/nyforetagarcentrum.se\/goteborgsregionen\/wp-content\/uploads\/sites\/45\/2024\/02\/NFC-Asa.jpeg 396w, https:\/\/nyforetagarcentrum.se\/goteborgsregionen\/wp-content\/uploads\/sites\/45\/2024\/02\/NFC-Asa-300x286.jpeg 300w\" sizes=\"(max-width: 396px) 100vw, 396px\" \/>            <\/div>\n\n    <div class=\"content-wrapper\">\n        <h3>\u00c5sa Bengtsson, G\u00f6teborg<\/h3>\n\n        \n                    <div class=\"excerpt\">\n                \u00c5sa driver At\u00e5m AB och har \u00f6ver 20 \u00e5rs erfarenhet av eget f\u00f6retagande. Hon \u00e4r en erfaren entrepren\u00f6r med fokus inom karri\u00e4rr\u00e5dgivning, f\u00f6r\u00e4ndringsprocesser och aff\u00e4rsutveckling. Hon har \u00e4ven erfarenhet av att driva b\u00e5de restaurang och detaljhandel, vilket ger henne bred kunskap om dessa branscher.<br \/>\r\n<br \/>\r\nSom aff\u00e4rsr\u00e5dgivare och mentor har \u00c5sa hj\u00e4lpt entrepren\u00f6rer och start-ups genom att bed\u00f6ma aff\u00e4rsid\u00e9er och v\u00e4gleda dem mot framg\u00e5ng.<br \/>\r\n<br \/>\r\n\u00c5sa bygger relationer och fr\u00e4mjar id\u00e9utbyte genom sitt n\u00e4tverk. Hon erbjuder r\u00e5dgivning inom f\u00f6rs\u00e4ljning, aff\u00e4rsutveckling, ink\u00f6p, paketering och budgetering. Med sin l\u00f6sningsfokuserade inst\u00e4llning kan hon enkelt se samband och skapa motivation f\u00f6r att hj\u00e4lpa f\u00f6retag att n\u00e5 sina m\u00e5l.<br \/>\r\n<br \/>\r\n<b>Kontakt:<\/b><br \/>\r\n<br \/>\r\n<a href=\"mailto:asa.bengtsson@nyforetagarcentrum.se\">asa.bengtsson@nyforetagarcentrum.se<\/a><br \/>\r\nMobil: <a href=\"tel:+4670-818 15 78\">070-818 15 78<\/a>                <br\/>\n                            <\/div>\n        \n                    <a href=\"https:\/\/www.nyforetagarcentrum.se\/goteborgsregionen\/boka-radgivning\/\" class=\"booking-button button outlined\">Boka r\u00e5dgivning<\/a>\n            <\/div>\n<\/div>        <\/div>\n    <\/div>\n<\/section>\n\n\n<div style=\"height:100px\" aria-hidden=\"true\" class=\"wp-block-spacer\"><\/div>\n","protected":false},"excerpt":{"rendered":"<p>V\u00e5ra r\u00e5dgivare \u00e4r aktiva f\u00f6retagare sj\u00e4lva, med erfarenhet av vad det inneb\u00e4r att b\u00f6rja fr\u00e5n b\u00f6rjan. De har ocks\u00e5 en lokal f\u00f6rankring och kan guida dig till n\u00e4ringslivskontakter som du kan ha stor nytta av i ditt blivande aff\u00e4rsliv. Vi tar inte emot bokningar per telefon. All of our&nbsp;advisors speak english.<\/p>\n","protected":false},"author":1,"featured_media":0,"parent":0,"menu_order":0,"comment_status":"closed","ping_status":"closed","template":"","meta":{"footnotes":""},"acf":[],"yoast_head":"<!-- This site is optimized with the Yoast SEO plugin v22.9 - https:\/\/yoast.com\/wordpress\/plugins\/seo\/ -->\n<title>V\u00e5ra r\u00e5dgivare - G\u00f6teborgsregionen<\/title>\n<meta name=\"robots\" content=\"index, follow, max-snippet:-1, max-image-preview:large, max-video-preview:-1\" \/>\n<link rel=\"canonical\" href=\"https:\/\/nyforetagarcentrum.se\/goteborgsregionen\/vara-radgivare\/\" \/>\n<meta property=\"og:locale\" content=\"sv_SE\" \/>\n<meta property=\"og:type\" content=\"article\" \/>\n<meta property=\"og:title\" content=\"V\u00e5ra r\u00e5dgivare - G\u00f6teborgsregionen\" \/>\n<meta property=\"og:description\" content=\"V\u00e5ra r\u00e5dgivare \u00e4r aktiva f\u00f6retagare sj\u00e4lva, med erfarenhet av vad det inneb\u00e4r att b\u00f6rja fr\u00e5n b\u00f6rjan. De har ocks\u00e5 en lokal f\u00f6rankring och kan guida dig till n\u00e4ringslivskontakter som du kan ha stor nytta av i ditt blivande aff\u00e4rsliv. Vi tar inte emot bokningar per telefon. All of our&nbsp;advisors speak english.\" \/>\n<meta property=\"og:url\" content=\"https:\/\/nyforetagarcentrum.se\/goteborgsregionen\/vara-radgivare\/\" \/>\n<meta property=\"og:site_name\" content=\"G\u00f6teborgsregionen\" \/>\n<meta property=\"article:modified_time\" content=\"2024-04-17T15:03:59+00:00\" \/>\n<meta name=\"twitter:card\" content=\"summary_large_image\" \/>\n<script type=\"application\/ld+json\" class=\"yoast-schema-graph\">{\"@context\":\"https:\/\/schema.org\",\"@graph\":[{\"@type\":\"WebPage\",\"@id\":\"https:\/\/nyforetagarcentrum.se\/goteborgsregionen\/vara-radgivare\/\",\"url\":\"https:\/\/nyforetagarcentrum.se\/goteborgsregionen\/vara-radgivare\/\",\"name\":\"V\u00e5ra r\u00e5dgivare - G\u00f6teborgsregionen\",\"isPartOf\":{\"@id\":\"https:\/\/nyforetagarcentrum.se\/goteborgsregionen\/#website\"},\"datePublished\":\"2024-02-29T12:59:39+00:00\",\"dateModified\":\"2024-04-17T15:03:59+00:00\",\"breadcrumb\":{\"@id\":\"https:\/\/nyforetagarcentrum.se\/goteborgsregionen\/vara-radgivare\/#breadcrumb\"},\"inLanguage\":\"sv-SE\",\"potentialAction\":[{\"@type\":\"ReadAction\",\"target\":[\"https:\/\/nyforetagarcentrum.se\/goteborgsregionen\/vara-radgivare\/\"]}]},{\"@type\":\"BreadcrumbList\",\"@id\":\"https:\/\/nyforetagarcentrum.se\/goteborgsregionen\/vara-radgivare\/#breadcrumb\",\"itemListElement\":[{\"@type\":\"ListItem\",\"position\":1,\"name\":\"Hem\",\"item\":\"https:\/\/nyforetagarcentrum.se\/goteborgsregionen\/\"},{\"@type\":\"ListItem\",\"position\":2,\"name\":\"V\u00e5ra r\u00e5dgivare\"}]},{\"@type\":\"WebSite\",\"@id\":\"https:\/\/nyforetagarcentrum.se\/goteborgsregionen\/#website\",\"url\":\"https:\/\/nyforetagarcentrum.se\/goteborgsregionen\/\",\"name\":\"G\u00f6teborgsregionen\",\"description\":\"Sveriges ledande kraft f\u00f6r fler nya livskraftiga f\u00f6retag\",\"publisher\":{\"@id\":\"https:\/\/nyforetagarcentrum.se\/goteborgsregionen\/#organization\"},\"potentialAction\":[{\"@type\":\"SearchAction\",\"target\":{\"@type\":\"EntryPoint\",\"urlTemplate\":\"https:\/\/nyforetagarcentrum.se\/goteborgsregionen\/?s={search_term_string}\"},\"query-input\":\"required name=search_term_string\"}],\"inLanguage\":\"sv-SE\"},{\"@type\":\"Organization\",\"@id\":\"https:\/\/nyforetagarcentrum.se\/goteborgsregionen\/#organization\",\"name\":\"G\u00f6teborgsregionen\",\"url\":\"https:\/\/nyforetagarcentrum.se\/goteborgsregionen\/\",\"logo\":{\"@type\":\"ImageObject\",\"inLanguage\":\"sv-SE\",\"@id\":\"https:\/\/nyforetagarcentrum.se\/goteborgsregionen\/#\/schema\/logo\/image\/\",\"url\":\"https:\/\/nyforetagarcentrum.se\/goteborgsregionen\/wp-content\/uploads\/sites\/45\/2024\/04\/Goteborgsregionen-1.png\",\"contentUrl\":\"https:\/\/nyforetagarcentrum.se\/goteborgsregionen\/wp-content\/uploads\/sites\/45\/2024\/04\/Goteborgsregionen-1.png\",\"width\":1082,\"height\":542,\"caption\":\"G\u00f6teborgsregionen\"},\"image\":{\"@id\":\"https:\/\/nyforetagarcentrum.se\/goteborgsregionen\/#\/schema\/logo\/image\/\"}}]}<\/script>\n<!-- \/ Yoast SEO plugin. -->","yoast_head_json":{"title":"V\u00e5ra r\u00e5dgivare - G\u00f6teborgsregionen","robots":{"index":"index","follow":"follow","max-snippet":"max-snippet:-1","max-image-preview":"max-image-preview:large","max-video-preview":"max-video-preview:-1"},"canonical":"https:\/\/nyforetagarcentrum.se\/goteborgsregionen\/vara-radgivare\/","og_locale":"sv_SE","og_type":"article","og_title":"V\u00e5ra r\u00e5dgivare - G\u00f6teborgsregionen","og_description":"V\u00e5ra r\u00e5dgivare \u00e4r aktiva f\u00f6retagare sj\u00e4lva, med erfarenhet av vad det inneb\u00e4r att b\u00f6rja fr\u00e5n b\u00f6rjan. De har ocks\u00e5 en lokal f\u00f6rankring och kan guida dig till n\u00e4ringslivskontakter som du kan ha stor nytta av i ditt blivande aff\u00e4rsliv. Vi tar inte emot bokningar per telefon. All of our&nbsp;advisors speak english.","og_url":"https:\/\/nyforetagarcentrum.se\/goteborgsregionen\/vara-radgivare\/","og_site_name":"G\u00f6teborgsregionen","article_modified_time":"2024-04-17T15:03:59+00:00","twitter_card":"summary_large_image","schema":{"@context":"https:\/\/schema.org","@graph":[{"@type":"WebPage","@id":"https:\/\/nyforetagarcentrum.se\/goteborgsregionen\/vara-radgivare\/","url":"https:\/\/nyforetagarcentrum.se\/goteborgsregionen\/vara-radgivare\/","name":"V\u00e5ra r\u00e5dgivare - G\u00f6teborgsregionen","isPartOf":{"@id":"https:\/\/nyforetagarcentrum.se\/goteborgsregionen\/#website"},"datePublished":"2024-02-29T12:59:39+00:00","dateModified":"2024-04-17T15:03:59+00:00","breadcrumb":{"@id":"https:\/\/nyforetagarcentrum.se\/goteborgsregionen\/vara-radgivare\/#breadcrumb"},"inLanguage":"sv-SE","potentialAction":[{"@type":"ReadAction","target":["https:\/\/nyforetagarcentrum.se\/goteborgsregionen\/vara-radgivare\/"]}]},{"@type":"BreadcrumbList","@id":"https:\/\/nyforetagarcentrum.se\/goteborgsregionen\/vara-radgivare\/#breadcrumb","itemListElement":[{"@type":"ListItem","position":1,"name":"Hem","item":"https:\/\/nyforetagarcentrum.se\/goteborgsregionen\/"},{"@type":"ListItem","position":2,"name":"V\u00e5ra r\u00e5dgivare"}]},{"@type":"WebSite","@id":"https:\/\/nyforetagarcentrum.se\/goteborgsregionen\/#website","url":"https:\/\/nyforetagarcentrum.se\/goteborgsregionen\/","name":"G\u00f6teborgsregionen","description":"Sveriges ledande kraft f\u00f6r fler nya livskraftiga f\u00f6retag","publisher":{"@id":"https:\/\/nyforetagarcentrum.se\/goteborgsregionen\/#organization"},"potentialAction":[{"@type":"SearchAction","target":{"@type":"EntryPoint","urlTemplate":"https:\/\/nyforetagarcentrum.se\/goteborgsregionen\/?s={search_term_string}"},"query-input":"required name=search_term_string"}],"inLanguage":"sv-SE"},{"@type":"Organization","@id":"https:\/\/nyforetagarcentrum.se\/goteborgsregionen\/#organization","name":"G\u00f6teborgsregionen","url":"https:\/\/nyforetagarcentrum.se\/goteborgsregionen\/","logo":{"@type":"ImageObject","inLanguage":"sv-SE","@id":"https:\/\/nyforetagarcentrum.se\/goteborgsregionen\/#\/schema\/logo\/image\/","url":"https:\/\/nyforetagarcentrum.se\/goteborgsregionen\/wp-content\/uploads\/sites\/45\/2024\/04\/Goteborgsregionen-1.png","contentUrl":"https:\/\/nyforetagarcentrum.se\/goteborgsregionen\/wp-content\/uploads\/sites\/45\/2024\/04\/Goteborgsregionen-1.png","width":1082,"height":542,"caption":"G\u00f6teborgsregionen"},"image":{"@id":"https:\/\/nyforetagarcentrum.se\/goteborgsregionen\/#\/schema\/logo\/image\/"}}]}},"_links":{"self":[{"href":"https:\/\/nyforetagarcentrum.se\/goteborgsregionen\/wp-json\/wp\/v2\/pages\/239"}],"collection":[{"href":"https:\/\/nyforetagarcentrum.se\/goteborgsregionen\/wp-json\/wp\/v2\/pages"}],"about":[{"href":"https:\/\/nyforetagarcentrum.se\/goteborgsregionen\/wp-json\/wp\/v2\/types\/page"}],"author":[{"embeddable":true,"href":"https:\/\/nyforetagarcentrum.se\/goteborgsregionen\/wp-json\/wp\/v2\/users\/1"}],"replies":[{"embeddable":true,"href":"https:\/\/nyforetagarcentrum.se\/goteborgsregionen\/wp-json\/wp\/v2\/comments?post=239"}],"version-history":[{"count":9,"href":"https:\/\/nyforetagarcentrum.se\/goteborgsregionen\/wp-json\/wp\/v2\/pages\/239\/revisions"}],"predecessor-version":[{"id":423,"href":"https:\/\/nyforetagarcentrum.se\/goteborgsregionen\/wp-json\/wp\/v2\/pages\/239\/revisions\/423"}],"wp:attachment":[{"href":"https:\/\/nyforetagarcentrum.se\/goteborgsregionen\/wp-json\/wp\/v2\/media?parent=239"}],"curies":[{"name":"wp","href":"https:\/\/api.w.org\/{rel}","templated":true}]}}