{"id":161,"date":"2024-02-27T16:04:37","date_gmt":"2024-02-27T15:04:37","guid":{"rendered":"https:\/\/nyforetagarcentrum.se\/goteborgsregionen\/?page_id=161"},"modified":"2024-06-25T11:17:52","modified_gmt":"2024-06-25T09:17:52","slug":"om-oss","status":"publish","type":"page","link":"https:\/\/nyforetagarcentrum.se\/goteborgsregionen\/om-oss\/","title":{"rendered":"Om oss"},"content":{"rendered":"<section  class=\"nfc-block-hero alignfull\">\n\n    <img loading=\"lazy\" decoding=\"async\" width=\"714\" height=\"622\" src=\"https:\/\/nyforetagarcentrum.se\/goteborgsregionen\/wp-content\/uploads\/sites\/45\/2024\/02\/ySLeov8m_8.png\" class=\"attachment-landscape size-landscape\" alt=\"\" srcset=\"https:\/\/nyforetagarcentrum.se\/goteborgsregionen\/wp-content\/uploads\/sites\/45\/2024\/02\/ySLeov8m_8.png 714w, https:\/\/nyforetagarcentrum.se\/goteborgsregionen\/wp-content\/uploads\/sites\/45\/2024\/02\/ySLeov8m_8-300x261.png 300w\" sizes=\"(max-width: 714px) 100vw, 714px\" \/>\n    <div class=\"contained\">\n        <h1 class=\"nfc-block-hero__heading\">Om oss<\/h1>\n\n            <\/div>\n<\/section>\n\n\n<div style=\"height:50px\" aria-hidden=\"true\" class=\"wp-block-spacer\"><\/div>\n\n\n<section  class=\"nfc-block-breadcrumbs\">\n    <div class=\"wrapper contained\">\n        <ol class=\"breadcrumbs\" itemscope itemtype=\"https:\/\/schema.org\/BreadcrumbList\">\n            <li itemprop=\"itemListElement\" itemscope itemtype=\"https:\/\/schema.org\/ListItem\">\n            \n\n                            <span class=\"current\" itemprop=\"name\">Hem<\/span>\n            \n            <meta itemprop=\"position\" content=\"1\" \/>\n        <\/li>\n    <\/ol>    <\/div>\n<\/section>\n\n\n<div style=\"height:51px\" aria-hidden=\"true\" class=\"wp-block-spacer\"><\/div>\n\n\n<section  class=\"nfc-block-split_screen alignwide image_alignment-left\">\n    <div class=\"wrapper\">\n        <div class=\"nfc-block-split_screen__image-wrapper\">\n            <img loading=\"lazy\" decoding=\"async\" width=\"1476\" height=\"1070\" src=\"https:\/\/nyforetagarcentrum.se\/goteborgsregionen\/wp-content\/uploads\/sites\/45\/2024\/02\/Radgivning-radgivare-nyforetagareLOW.jpg\" class=\"attachment-landscape size-landscape\" alt=\"\" srcset=\"https:\/\/nyforetagarcentrum.se\/goteborgsregionen\/wp-content\/uploads\/sites\/45\/2024\/02\/Radgivning-radgivare-nyforetagareLOW.jpg 1476w, https:\/\/nyforetagarcentrum.se\/goteborgsregionen\/wp-content\/uploads\/sites\/45\/2024\/02\/Radgivning-radgivare-nyforetagareLOW-300x217.jpg 300w, https:\/\/nyforetagarcentrum.se\/goteborgsregionen\/wp-content\/uploads\/sites\/45\/2024\/02\/Radgivning-radgivare-nyforetagareLOW-1024x742.jpg 1024w, https:\/\/nyforetagarcentrum.se\/goteborgsregionen\/wp-content\/uploads\/sites\/45\/2024\/02\/Radgivning-radgivare-nyforetagareLOW-768x557.jpg 768w\" sizes=\"(max-width: 1476px) 100vw, 1476px\" \/>        <\/div>\n\n        <div class=\"nfc-block-split_screen__content-wrapper\">\n            <h2>V\u00e5r verksamhet<\/h2>\n<p>Nyf\u00f6retagarCentrum G\u00f6teborgsregionen ger dig som funderar p\u00e5 att starta eget f\u00f6retag eller redan har startat kostnadsfri r\u00e5dgivning.<\/p>\n<p>Vi har erfarna och oberoende r\u00e5dgivare d\u00e4r alla sj\u00e4lva \u00e4r f\u00f6retagare. Vi hj\u00e4lper dig med aff\u00e4rsid\u00e9, fr\u00e5gor kring budget, marknadsf\u00f6ring och annat du funderar p\u00e5 kring ditt f\u00f6retagande.<\/p>\n<p>N\u00e4r du har varit p\u00e5 r\u00e5dgivning hos oss kommer du att vara v\u00e4l f\u00f6rberedd f\u00f6r livet som egenf\u00f6retagare. Det enda vi kr\u00e4ver av dig \u00e4r ditt engagemang och att du tror p\u00e5 din id\u00e9!<\/p>\n<p>R\u00e5dgivningen \u00e4r helt kostnadsfri tack vare v\u00e5rt n\u00e4tverk av samarbetspartner som st\u00f6der oss, b\u00e5de med finansiella medel och med personlig expertis och engagemang.<\/p>\n\n                            <div class=\"nfc-block-split_screen__buttons\">\n                                            <a href=\"vara-samarbetspartners\/\" class=\"button outlined\">V\u00e5ra samarbetspartners<\/a>\n                                    <\/div>\n            \n        <\/div>\n    <\/div>\n<\/section>\n\n\n<div style=\"height:50px\" aria-hidden=\"true\" class=\"wp-block-spacer\"><\/div>\n\n\n\n<div style=\"height:50px\" aria-hidden=\"true\" class=\"wp-block-spacer\"><\/div>\n\n\n\n<h2 class=\"wp-block-heading has-text-align-center\">\u00c4r ditt f\u00f6retag eller organisation intresserad av att st\u00f6da Nyf\u00f6retagarCentrum G\u00f6teborgsregionens arbete?<\/h2>\n\n\n\n<div class=\"wp-block-group alignfull is-layout-constrained wp-block-group-is-layout-constrained\"><section  class=\"nfc-block-form aligncontent layout-small\">\n    <div class=\"contained\">\n\n        <form data-nfc-form=\"block_84f086999862d30ded06df3d68353f27\" data-nfc-page=\"161\">\n            <label class=\"input-wrapper\" for=\"namn\">\n    <span>Namn<\/span>\n    <input type=\"text\" name=\"namn\" id=\"namn\" placeholder=\"\" >\n<\/label><label class=\"input-wrapper\" for=\"foretag-eller-organisation\">\n    <span>F\u00f6retag eller organisation<\/span>\n    <input type=\"text\" name=\"foretag-eller-organisation\" id=\"foretag-eller-organisation\" placeholder=\"\" >\n<\/label><label class=\"input-wrapper\" for=\"e-post\">\n    <span>E-post<\/span>\n    <input type=\"text\" name=\"e-post\" id=\"e-post\" placeholder=\"\" >\n<\/label>\n            <div class=\"input-wrapper\">\n                <button type=\"submit\" class=\"button\">Skicka<\/button>\n            <\/div>\n        <\/form>\n    <\/div>\n<\/section><\/div>\n\n\n\n<div style=\"height:100px\" aria-hidden=\"true\" class=\"wp-block-spacer\"><\/div>\n","protected":false},"excerpt":{"rendered":"<p>\u00c4r ditt f\u00f6retag eller organisation intresserad av att st\u00f6da Nyf\u00f6retagarCentrum G\u00f6teborgsregionens arbete?<\/p>\n","protected":false},"author":1,"featured_media":0,"parent":0,"menu_order":0,"comment_status":"closed","ping_status":"closed","template":"","meta":{"footnotes":""},"acf":[],"yoast_head":"<!-- This site is optimized with the Yoast SEO plugin v22.9 - https:\/\/yoast.com\/wordpress\/plugins\/seo\/ -->\n<title>Om oss - G\u00f6teborgsregionen<\/title>\n<meta name=\"robots\" content=\"index, follow, max-snippet:-1, max-image-preview:large, max-video-preview:-1\" \/>\n<link rel=\"canonical\" href=\"https:\/\/nyforetagarcentrum.se\/goteborgsregionen\/om-oss\/\" \/>\n<meta property=\"og:locale\" content=\"sv_SE\" \/>\n<meta property=\"og:type\" content=\"article\" \/>\n<meta property=\"og:title\" content=\"Om oss - G\u00f6teborgsregionen\" \/>\n<meta property=\"og:description\" content=\"\u00c4r ditt f\u00f6retag eller organisation intresserad av att st\u00f6da Nyf\u00f6retagarCentrum G\u00f6teborgsregionens arbete?\" \/>\n<meta property=\"og:url\" content=\"https:\/\/nyforetagarcentrum.se\/goteborgsregionen\/om-oss\/\" \/>\n<meta property=\"og:site_name\" content=\"G\u00f6teborgsregionen\" \/>\n<meta property=\"article:modified_time\" content=\"2024-06-25T09:17:52+00:00\" \/>\n<meta name=\"twitter:card\" content=\"summary_large_image\" \/>\n<meta name=\"twitter:label1\" content=\"Ber\u00e4knad l\u00e4stid\" \/>\n\t<meta name=\"twitter:data1\" content=\"1 minut\" \/>\n<script type=\"application\/ld+json\" class=\"yoast-schema-graph\">{\"@context\":\"https:\/\/schema.org\",\"@graph\":[{\"@type\":\"WebPage\",\"@id\":\"https:\/\/nyforetagarcentrum.se\/goteborgsregionen\/om-oss\/\",\"url\":\"https:\/\/nyforetagarcentrum.se\/goteborgsregionen\/om-oss\/\",\"name\":\"Om oss - G\u00f6teborgsregionen\",\"isPartOf\":{\"@id\":\"https:\/\/nyforetagarcentrum.se\/goteborgsregionen\/#website\"},\"datePublished\":\"2024-02-27T15:04:37+00:00\",\"dateModified\":\"2024-06-25T09:17:52+00:00\",\"breadcrumb\":{\"@id\":\"https:\/\/nyforetagarcentrum.se\/goteborgsregionen\/om-oss\/#breadcrumb\"},\"inLanguage\":\"sv-SE\",\"potentialAction\":[{\"@type\":\"ReadAction\",\"target\":[\"https:\/\/nyforetagarcentrum.se\/goteborgsregionen\/om-oss\/\"]}]},{\"@type\":\"BreadcrumbList\",\"@id\":\"https:\/\/nyforetagarcentrum.se\/goteborgsregionen\/om-oss\/#breadcrumb\",\"itemListElement\":[{\"@type\":\"ListItem\",\"position\":1,\"name\":\"Hem\",\"item\":\"https:\/\/nyforetagarcentrum.se\/goteborgsregionen\/\"},{\"@type\":\"ListItem\",\"position\":2,\"name\":\"Om oss\"}]},{\"@type\":\"WebSite\",\"@id\":\"https:\/\/nyforetagarcentrum.se\/goteborgsregionen\/#website\",\"url\":\"https:\/\/nyforetagarcentrum.se\/goteborgsregionen\/\",\"name\":\"G\u00f6teborgsregionen\",\"description\":\"Sveriges ledande kraft f\u00f6r fler nya livskraftiga f\u00f6retag\",\"publisher\":{\"@id\":\"https:\/\/nyforetagarcentrum.se\/goteborgsregionen\/#organization\"},\"potentialAction\":[{\"@type\":\"SearchAction\",\"target\":{\"@type\":\"EntryPoint\",\"urlTemplate\":\"https:\/\/nyforetagarcentrum.se\/goteborgsregionen\/?s={search_term_string}\"},\"query-input\":\"required name=search_term_string\"}],\"inLanguage\":\"sv-SE\"},{\"@type\":\"Organization\",\"@id\":\"https:\/\/nyforetagarcentrum.se\/goteborgsregionen\/#organization\",\"name\":\"G\u00f6teborgsregionen\",\"url\":\"https:\/\/nyforetagarcentrum.se\/goteborgsregionen\/\",\"logo\":{\"@type\":\"ImageObject\",\"inLanguage\":\"sv-SE\",\"@id\":\"https:\/\/nyforetagarcentrum.se\/goteborgsregionen\/#\/schema\/logo\/image\/\",\"url\":\"https:\/\/nyforetagarcentrum.se\/goteborgsregionen\/wp-content\/uploads\/sites\/45\/2024\/07\/goteborgsregionen_bla.png\",\"contentUrl\":\"https:\/\/nyforetagarcentrum.se\/goteborgsregionen\/wp-content\/uploads\/sites\/45\/2024\/07\/goteborgsregionen_bla.png\",\"width\":870,\"height\":355,\"caption\":\"G\u00f6teborgsregionen\"},\"image\":{\"@id\":\"https:\/\/nyforetagarcentrum.se\/goteborgsregionen\/#\/schema\/logo\/image\/\"}}]}<\/script>\n<!-- \/ Yoast SEO plugin. -->","yoast_head_json":{"title":"Om oss - G\u00f6teborgsregionen","robots":{"index":"index","follow":"follow","max-snippet":"max-snippet:-1","max-image-preview":"max-image-preview:large","max-video-preview":"max-video-preview:-1"},"canonical":"https:\/\/nyforetagarcentrum.se\/goteborgsregionen\/om-oss\/","og_locale":"sv_SE","og_type":"article","og_title":"Om oss - G\u00f6teborgsregionen","og_description":"\u00c4r ditt f\u00f6retag eller organisation intresserad av att st\u00f6da Nyf\u00f6retagarCentrum G\u00f6teborgsregionens arbete?","og_url":"https:\/\/nyforetagarcentrum.se\/goteborgsregionen\/om-oss\/","og_site_name":"G\u00f6teborgsregionen","article_modified_time":"2024-06-25T09:17:52+00:00","twitter_card":"summary_large_image","twitter_misc":{"Ber\u00e4knad l\u00e4stid":"1 minut"},"schema":{"@context":"https:\/\/schema.org","@graph":[{"@type":"WebPage","@id":"https:\/\/nyforetagarcentrum.se\/goteborgsregionen\/om-oss\/","url":"https:\/\/nyforetagarcentrum.se\/goteborgsregionen\/om-oss\/","name":"Om oss - G\u00f6teborgsregionen","isPartOf":{"@id":"https:\/\/nyforetagarcentrum.se\/goteborgsregionen\/#website"},"datePublished":"2024-02-27T15:04:37+00:00","dateModified":"2024-06-25T09:17:52+00:00","breadcrumb":{"@id":"https:\/\/nyforetagarcentrum.se\/goteborgsregionen\/om-oss\/#breadcrumb"},"inLanguage":"sv-SE","potentialAction":[{"@type":"ReadAction","target":["https:\/\/nyforetagarcentrum.se\/goteborgsregionen\/om-oss\/"]}]},{"@type":"BreadcrumbList","@id":"https:\/\/nyforetagarcentrum.se\/goteborgsregionen\/om-oss\/#breadcrumb","itemListElement":[{"@type":"ListItem","position":1,"name":"Hem","item":"https:\/\/nyforetagarcentrum.se\/goteborgsregionen\/"},{"@type":"ListItem","position":2,"name":"Om oss"}]},{"@type":"WebSite","@id":"https:\/\/nyforetagarcentrum.se\/goteborgsregionen\/#website","url":"https:\/\/nyforetagarcentrum.se\/goteborgsregionen\/","name":"G\u00f6teborgsregionen","description":"Sveriges ledande kraft f\u00f6r fler nya livskraftiga f\u00f6retag","publisher":{"@id":"https:\/\/nyforetagarcentrum.se\/goteborgsregionen\/#organization"},"potentialAction":[{"@type":"SearchAction","target":{"@type":"EntryPoint","urlTemplate":"https:\/\/nyforetagarcentrum.se\/goteborgsregionen\/?s={search_term_string}"},"query-input":"required name=search_term_string"}],"inLanguage":"sv-SE"},{"@type":"Organization","@id":"https:\/\/nyforetagarcentrum.se\/goteborgsregionen\/#organization","name":"G\u00f6teborgsregionen","url":"https:\/\/nyforetagarcentrum.se\/goteborgsregionen\/","logo":{"@type":"ImageObject","inLanguage":"sv-SE","@id":"https:\/\/nyforetagarcentrum.se\/goteborgsregionen\/#\/schema\/logo\/image\/","url":"https:\/\/nyforetagarcentrum.se\/goteborgsregionen\/wp-content\/uploads\/sites\/45\/2024\/07\/goteborgsregionen_bla.png","contentUrl":"https:\/\/nyforetagarcentrum.se\/goteborgsregionen\/wp-content\/uploads\/sites\/45\/2024\/07\/goteborgsregionen_bla.png","width":870,"height":355,"caption":"G\u00f6teborgsregionen"},"image":{"@id":"https:\/\/nyforetagarcentrum.se\/goteborgsregionen\/#\/schema\/logo\/image\/"}}]}},"_links":{"self":[{"href":"https:\/\/nyforetagarcentrum.se\/goteborgsregionen\/wp-json\/wp\/v2\/pages\/161"}],"collection":[{"href":"https:\/\/nyforetagarcentrum.se\/goteborgsregionen\/wp-json\/wp\/v2\/pages"}],"about":[{"href":"https:\/\/nyforetagarcentrum.se\/goteborgsregionen\/wp-json\/wp\/v2\/types\/page"}],"author":[{"embeddable":true,"href":"https:\/\/nyforetagarcentrum.se\/goteborgsregionen\/wp-json\/wp\/v2\/users\/1"}],"replies":[{"embeddable":true,"href":"https:\/\/nyforetagarcentrum.se\/goteborgsregionen\/wp-json\/wp\/v2\/comments?post=161"}],"version-history":[{"count":16,"href":"https:\/\/nyforetagarcentrum.se\/goteborgsregionen\/wp-json\/wp\/v2\/pages\/161\/revisions"}],"predecessor-version":[{"id":529,"href":"https:\/\/nyforetagarcentrum.se\/goteborgsregionen\/wp-json\/wp\/v2\/pages\/161\/revisions\/529"}],"wp:attachment":[{"href":"https:\/\/nyforetagarcentrum.se\/goteborgsregionen\/wp-json\/wp\/v2\/media?parent=161"}],"curies":[{"name":"wp","href":"https:\/\/api.w.org\/{rel}","templated":true}]}}