{"id":41,"date":"2024-02-22T10:24:51","date_gmt":"2024-02-22T09:24:51","guid":{"rendered":"https:\/\/nyforetagarcentrum.se\/gastrikland\/?page_id=41"},"modified":"2026-01-29T08:53:16","modified_gmt":"2026-01-29T07:53:16","slug":"vara-samarbetspartners","status":"publish","type":"page","link":"https:\/\/nyforetagarcentrum.se\/gastrikland\/vara-samarbetspartners\/","title":{"rendered":"V\u00e5ra samarbetspartners"},"content":{"rendered":"<section  class=\"nfc-block-hero alignfull\">\n\n    <img loading=\"lazy\" decoding=\"async\" width=\"1470\" height=\"980\" src=\"https:\/\/nyforetagarcentrum.se\/gastrikland\/wp-content\/uploads\/sites\/39\/2024\/02\/Medium_JM.png\" class=\"attachment-landscape size-landscape\" alt=\"\" srcset=\"https:\/\/nyforetagarcentrum.se\/gastrikland\/wp-content\/uploads\/sites\/39\/2024\/02\/Medium_JM.png 1470w, https:\/\/nyforetagarcentrum.se\/gastrikland\/wp-content\/uploads\/sites\/39\/2024\/02\/Medium_JM-300x200.png 300w, https:\/\/nyforetagarcentrum.se\/gastrikland\/wp-content\/uploads\/sites\/39\/2024\/02\/Medium_JM-1024x683.png 1024w, https:\/\/nyforetagarcentrum.se\/gastrikland\/wp-content\/uploads\/sites\/39\/2024\/02\/Medium_JM-768x512.png 768w\" sizes=\"(max-width: 1470px) 100vw, 1470px\" \/>\n    <div class=\"contained\">\n        <h1 class=\"nfc-block-hero__heading\">V\u00e5ra samarbetspartners<\/h1>\n\n            <\/div>\n<\/section>\n\n<section  class=\"block-our-partners nfc-block-partners\">\n    <div class=\"contained\">\n            <\/div>\n<\/section>\n\n\n<div style=\"height:50px\" aria-hidden=\"true\" class=\"wp-block-spacer\"><\/div>\n\n\n<section  class=\"nfc-block-breadcrumbs\">\n    <div class=\"wrapper contained\">\n        <ol class=\"breadcrumbs\" itemscope itemtype=\"https:\/\/schema.org\/BreadcrumbList\">\n            <li itemprop=\"itemListElement\" itemscope itemtype=\"https:\/\/schema.org\/ListItem\">\n            \n\n                            <span class=\"current\" itemprop=\"name\">Hem<\/span>\n            \n            <meta itemprop=\"position\" content=\"1\" \/>\n        <\/li>\n    <\/ol>    <\/div>\n<\/section>\n\n\n<div style=\"height:51px\" aria-hidden=\"true\" class=\"wp-block-spacer\"><\/div>\n\n\n<section  class=\"block-our-partners nfc-block-partners\">\n    <div class=\"contained\">\n                                    <div class=\"partner-card\">\n                    <div class=\"logo-wrapper\">\n                        <img decoding=\"async\" src=\"https:\/\/nyforetagarcentrum.se\/gastrikland\/wp-content\/uploads\/sites\/39\/2024\/05\/G_KOMMUN_RGB.png-1.png\" alt=\"\">\n                    <\/div>\n                    \n                                                                                                                            <div class=\"item link\"><b><a href=\"https:\/\/www.gavle.se\/\" target=\"_blank\" > Till hemsidan<\/a><\/b><\/div>\n                                    <\/div>\n                            <div class=\"partner-card\">\n                    <div class=\"logo-wrapper\">\n                        <img decoding=\"async\" src=\"https:\/\/nyforetagarcentrum.se\/gastrikland\/wp-content\/uploads\/sites\/39\/2024\/05\/SandvikensKommun_farg_RGB.png\" alt=\"\">\n                    <\/div>\n                    \n                                                                                                                            <div class=\"item link\"><b><a href=\"https:\/\/sandviken.se\/\" target=\"_blank\" > Till hemsidan<\/a><\/b><\/div>\n                                    <\/div>\n                            <div class=\"partner-card\">\n                    <div class=\"logo-wrapper\">\n                        <img decoding=\"async\" src=\"https:\/\/nyforetagarcentrum.se\/gastrikland\/wp-content\/uploads\/sites\/39\/2024\/05\/Hofors_Kommunvapen.jpeg\" alt=\"\">\n                    <\/div>\n                    \n                                                                                                                            <div class=\"item link\"><b><a href=\"https:\/\/www.entrehofors.se\/\" target=\"_blank\" > Till hemsidan<\/a><\/b><\/div>\n                                    <\/div>\n                            <div class=\"partner-card\">\n                    <div class=\"logo-wrapper\">\n                        <img decoding=\"async\" src=\"https:\/\/nyforetagarcentrum.se\/gastrikland\/wp-content\/uploads\/sites\/39\/2024\/05\/ockelbo-e1716205611483.jpeg\" alt=\"\">\n                    <\/div>\n                    \n                                                                                                                            <div class=\"item link\"><b><a href=\"https:\/\/ockelbo.se\/\" target=\"_blank\" > Till hemsidan<\/a><\/b><\/div>\n                                    <\/div>\n                            <div class=\"partner-card\">\n                    <div class=\"logo-wrapper\">\n                        <img decoding=\"async\" src=\"https:\/\/nyforetagarcentrum.se\/gastrikland\/wp-content\/uploads\/sites\/39\/2024\/05\/lg-gavle.png\" alt=\"\">\n                    <\/div>\n                    \n                                                                                                                            <div class=\"item link\"><b><a href=\"https:\/\/www.lansforsakringar.se\/gavleborg\/foretag\/\" target=\"_blank\" > Till hemsidan<\/a><\/b><\/div>\n                                    <\/div>\n                            <div class=\"partner-card\">\n                    <div class=\"logo-wrapper\">\n                        <img decoding=\"async\" src=\"https:\/\/nyforetagarcentrum.se\/gastrikland\/wp-content\/uploads\/sites\/39\/2024\/05\/swedbank.jpeg\" alt=\"\">\n                    <\/div>\n                    \n                                                                                                                            <div class=\"item link\"><b><a href=\"https:\/\/www.swedbank.se\/foretag.html\" target=\"_blank\" > Till hemsidan<\/a><\/b><\/div>\n                                    <\/div>\n                            <div class=\"partner-card\">\n                    <div class=\"logo-wrapper\">\n                        <img decoding=\"async\" src=\"https:\/\/nyforetagarcentrum.se\/gastrikland\/wp-content\/uploads\/sites\/39\/2024\/05\/dospace.png\" alt=\"\">\n                    <\/div>\n                    \n                                                                                                                            <div class=\"item link\"><b><a href=\"https:\/\/www.dospace.se\/gavle-stortorget\" target=\"_blank\" > Till hemsidan<\/a><\/b><\/div>\n                                    <\/div>\n                            <div class=\"partner-card\">\n                    <div class=\"logo-wrapper\">\n                        <img decoding=\"async\" src=\"https:\/\/nyforetagarcentrum.se\/gastrikland\/wp-content\/uploads\/sites\/39\/2024\/05\/kite.webp\" alt=\"\">\n                    <\/div>\n                    \n                                                                                                                            <div class=\"item link\"><b><a href=\"https:\/\/www.kitesverige.se\/\" target=\"_blank\" > Till hemsidan<\/a><\/b><\/div>\n                                    <\/div>\n                            <div class=\"partner-card\">\n                    <div class=\"logo-wrapper\">\n                        <img decoding=\"async\" src=\"https:\/\/nyforetagarcentrum.se\/gastrikland\/wp-content\/uploads\/sites\/39\/2024\/05\/sanrev.png\" alt=\"\">\n                    <\/div>\n                    \n                                                                                                                            <div class=\"item link\"><b><a href=\"https:\/\/sanrev.se\/\" target=\"_blank\" > Till hemsidan<\/a><\/b><\/div>\n                                    <\/div>\n                            <div class=\"partner-card\">\n                    <div class=\"logo-wrapper\">\n                        <img decoding=\"async\" src=\"https:\/\/nyforetagarcentrum.se\/gastrikland\/wp-content\/uploads\/sites\/39\/2025\/01\/GEAB_logo_pos_liggande_72ppi.png\" alt=\"\">\n                    <\/div>\n                    \n                                                                                                                            <div class=\"item link\"><b><a href=\"https:\/\/www.gavleenergi.se\/\" target=\"_blank\" > Till hemsidan<\/a><\/b><\/div>\n                                    <\/div>\n                            <div class=\"partner-card\">\n                    <div class=\"logo-wrapper\">\n                        <img decoding=\"async\" src=\"https:\/\/nyforetagarcentrum.se\/gastrikland\/wp-content\/uploads\/sites\/39\/2026\/01\/Namnlos-design-8.png\" alt=\"\">\n                    <\/div>\n                    \n                                                                                                                            <div class=\"item link\"><b><a href=\"https:\/\/www.dios.se\/\" target=\"\" > Till hemsidan<\/a><\/b><\/div>\n                                    <\/div>\n                        <\/div>\n<\/section>\n\n\n<div style=\"height:80px\" aria-hidden=\"true\" class=\"wp-block-spacer\"><\/div>\n","protected":false},"excerpt":{"rendered":"","protected":false},"author":1,"featured_media":0,"parent":0,"menu_order":0,"comment_status":"closed","ping_status":"closed","template":"","meta":{"footnotes":""},"acf":[],"yoast_head":"<!-- This site is optimized with the Yoast SEO plugin v22.9 - https:\/\/yoast.com\/wordpress\/plugins\/seo\/ -->\n<title>V\u00e5ra samarbetspartners - G\u00e4strikland<\/title>\n<meta name=\"robots\" content=\"index, follow, max-snippet:-1, max-image-preview:large, max-video-preview:-1\" \/>\n<link rel=\"canonical\" href=\"https:\/\/nyforetagarcentrum.se\/gastrikland\/vara-samarbetspartners\/\" \/>\n<meta property=\"og:locale\" content=\"sv_SE\" \/>\n<meta property=\"og:type\" content=\"article\" \/>\n<meta property=\"og:title\" content=\"V\u00e5ra samarbetspartners - G\u00e4strikland\" \/>\n<meta property=\"og:url\" content=\"https:\/\/nyforetagarcentrum.se\/gastrikland\/vara-samarbetspartners\/\" \/>\n<meta property=\"og:site_name\" content=\"G\u00e4strikland\" \/>\n<meta property=\"article:modified_time\" content=\"2026-01-29T07:53:16+00:00\" \/>\n<meta name=\"twitter:card\" content=\"summary_large_image\" \/>\n<script type=\"application\/ld+json\" class=\"yoast-schema-graph\">{\"@context\":\"https:\/\/schema.org\",\"@graph\":[{\"@type\":\"WebPage\",\"@id\":\"https:\/\/nyforetagarcentrum.se\/gastrikland\/vara-samarbetspartners\/\",\"url\":\"https:\/\/nyforetagarcentrum.se\/gastrikland\/vara-samarbetspartners\/\",\"name\":\"V\u00e5ra samarbetspartners - G\u00e4strikland\",\"isPartOf\":{\"@id\":\"https:\/\/nyforetagarcentrum.se\/gastrikland\/#website\"},\"datePublished\":\"2024-02-22T09:24:51+00:00\",\"dateModified\":\"2026-01-29T07:53:16+00:00\",\"breadcrumb\":{\"@id\":\"https:\/\/nyforetagarcentrum.se\/gastrikland\/vara-samarbetspartners\/#breadcrumb\"},\"inLanguage\":\"sv-SE\",\"potentialAction\":[{\"@type\":\"ReadAction\",\"target\":[\"https:\/\/nyforetagarcentrum.se\/gastrikland\/vara-samarbetspartners\/\"]}]},{\"@type\":\"BreadcrumbList\",\"@id\":\"https:\/\/nyforetagarcentrum.se\/gastrikland\/vara-samarbetspartners\/#breadcrumb\",\"itemListElement\":[{\"@type\":\"ListItem\",\"position\":1,\"name\":\"Hem\",\"item\":\"https:\/\/nyforetagarcentrum.se\/gastrikland\/\"},{\"@type\":\"ListItem\",\"position\":2,\"name\":\"V\u00e5ra samarbetspartners\"}]},{\"@type\":\"WebSite\",\"@id\":\"https:\/\/nyforetagarcentrum.se\/gastrikland\/#website\",\"url\":\"https:\/\/nyforetagarcentrum.se\/gastrikland\/\",\"name\":\"G\u00e4strikland\",\"description\":\"Sveriges ledande kraft f\u00f6r fler nya livskraftiga f\u00f6retag\",\"publisher\":{\"@id\":\"https:\/\/nyforetagarcentrum.se\/gastrikland\/#organization\"},\"potentialAction\":[{\"@type\":\"SearchAction\",\"target\":{\"@type\":\"EntryPoint\",\"urlTemplate\":\"https:\/\/nyforetagarcentrum.se\/gastrikland\/?s={search_term_string}\"},\"query-input\":\"required name=search_term_string\"}],\"inLanguage\":\"sv-SE\"},{\"@type\":\"Organization\",\"@id\":\"https:\/\/nyforetagarcentrum.se\/gastrikland\/#organization\",\"name\":\"G\u00e4strikland\",\"url\":\"https:\/\/nyforetagarcentrum.se\/gastrikland\/\",\"logo\":{\"@type\":\"ImageObject\",\"inLanguage\":\"sv-SE\",\"@id\":\"https:\/\/nyforetagarcentrum.se\/gastrikland\/#\/schema\/logo\/image\/\",\"url\":\"https:\/\/nyforetagarcentrum.se\/gastrikland\/wp-content\/uploads\/sites\/39\/2024\/07\/gastrikland_bla.png\",\"contentUrl\":\"https:\/\/nyforetagarcentrum.se\/gastrikland\/wp-content\/uploads\/sites\/39\/2024\/07\/gastrikland_bla.png\",\"width\":870,\"height\":355,\"caption\":\"G\u00e4strikland\"},\"image\":{\"@id\":\"https:\/\/nyforetagarcentrum.se\/gastrikland\/#\/schema\/logo\/image\/\"}}]}<\/script>\n<!-- \/ Yoast SEO plugin. -->","yoast_head_json":{"title":"V\u00e5ra samarbetspartners - G\u00e4strikland","robots":{"index":"index","follow":"follow","max-snippet":"max-snippet:-1","max-image-preview":"max-image-preview:large","max-video-preview":"max-video-preview:-1"},"canonical":"https:\/\/nyforetagarcentrum.se\/gastrikland\/vara-samarbetspartners\/","og_locale":"sv_SE","og_type":"article","og_title":"V\u00e5ra samarbetspartners - G\u00e4strikland","og_url":"https:\/\/nyforetagarcentrum.se\/gastrikland\/vara-samarbetspartners\/","og_site_name":"G\u00e4strikland","article_modified_time":"2026-01-29T07:53:16+00:00","twitter_card":"summary_large_image","schema":{"@context":"https:\/\/schema.org","@graph":[{"@type":"WebPage","@id":"https:\/\/nyforetagarcentrum.se\/gastrikland\/vara-samarbetspartners\/","url":"https:\/\/nyforetagarcentrum.se\/gastrikland\/vara-samarbetspartners\/","name":"V\u00e5ra samarbetspartners - G\u00e4strikland","isPartOf":{"@id":"https:\/\/nyforetagarcentrum.se\/gastrikland\/#website"},"datePublished":"2024-02-22T09:24:51+00:00","dateModified":"2026-01-29T07:53:16+00:00","breadcrumb":{"@id":"https:\/\/nyforetagarcentrum.se\/gastrikland\/vara-samarbetspartners\/#breadcrumb"},"inLanguage":"sv-SE","potentialAction":[{"@type":"ReadAction","target":["https:\/\/nyforetagarcentrum.se\/gastrikland\/vara-samarbetspartners\/"]}]},{"@type":"BreadcrumbList","@id":"https:\/\/nyforetagarcentrum.se\/gastrikland\/vara-samarbetspartners\/#breadcrumb","itemListElement":[{"@type":"ListItem","position":1,"name":"Hem","item":"https:\/\/nyforetagarcentrum.se\/gastrikland\/"},{"@type":"ListItem","position":2,"name":"V\u00e5ra samarbetspartners"}]},{"@type":"WebSite","@id":"https:\/\/nyforetagarcentrum.se\/gastrikland\/#website","url":"https:\/\/nyforetagarcentrum.se\/gastrikland\/","name":"G\u00e4strikland","description":"Sveriges ledande kraft f\u00f6r fler nya livskraftiga f\u00f6retag","publisher":{"@id":"https:\/\/nyforetagarcentrum.se\/gastrikland\/#organization"},"potentialAction":[{"@type":"SearchAction","target":{"@type":"EntryPoint","urlTemplate":"https:\/\/nyforetagarcentrum.se\/gastrikland\/?s={search_term_string}"},"query-input":"required name=search_term_string"}],"inLanguage":"sv-SE"},{"@type":"Organization","@id":"https:\/\/nyforetagarcentrum.se\/gastrikland\/#organization","name":"G\u00e4strikland","url":"https:\/\/nyforetagarcentrum.se\/gastrikland\/","logo":{"@type":"ImageObject","inLanguage":"sv-SE","@id":"https:\/\/nyforetagarcentrum.se\/gastrikland\/#\/schema\/logo\/image\/","url":"https:\/\/nyforetagarcentrum.se\/gastrikland\/wp-content\/uploads\/sites\/39\/2024\/07\/gastrikland_bla.png","contentUrl":"https:\/\/nyforetagarcentrum.se\/gastrikland\/wp-content\/uploads\/sites\/39\/2024\/07\/gastrikland_bla.png","width":870,"height":355,"caption":"G\u00e4strikland"},"image":{"@id":"https:\/\/nyforetagarcentrum.se\/gastrikland\/#\/schema\/logo\/image\/"}}]}},"_links":{"self":[{"href":"https:\/\/nyforetagarcentrum.se\/gastrikland\/wp-json\/wp\/v2\/pages\/41"}],"collection":[{"href":"https:\/\/nyforetagarcentrum.se\/gastrikland\/wp-json\/wp\/v2\/pages"}],"about":[{"href":"https:\/\/nyforetagarcentrum.se\/gastrikland\/wp-json\/wp\/v2\/types\/page"}],"author":[{"embeddable":true,"href":"https:\/\/nyforetagarcentrum.se\/gastrikland\/wp-json\/wp\/v2\/users\/1"}],"replies":[{"embeddable":true,"href":"https:\/\/nyforetagarcentrum.se\/gastrikland\/wp-json\/wp\/v2\/comments?post=41"}],"version-history":[{"count":32,"href":"https:\/\/nyforetagarcentrum.se\/gastrikland\/wp-json\/wp\/v2\/pages\/41\/revisions"}],"predecessor-version":[{"id":912,"href":"https:\/\/nyforetagarcentrum.se\/gastrikland\/wp-json\/wp\/v2\/pages\/41\/revisions\/912"}],"wp:attachment":[{"href":"https:\/\/nyforetagarcentrum.se\/gastrikland\/wp-json\/wp\/v2\/media?parent=41"}],"curies":[{"name":"wp","href":"https:\/\/api.w.org\/{rel}","templated":true}]}}