{"id":578,"date":"2024-05-05T10:39:29","date_gmt":"2024-05-05T08:39:29","guid":{"rendered":"https:\/\/nyforetagarcentrum.se\/eskilstuna\/?page_id=578"},"modified":"2024-05-05T10:42:53","modified_gmt":"2024-05-05T08:42:53","slug":"vara-medarbetare","status":"publish","type":"page","link":"https:\/\/nyforetagarcentrum.se\/eskilstuna\/vara-medarbetare\/","title":{"rendered":"V\u00e5ra medarbetare"},"content":{"rendered":"<section  class=\"nfc-block-hero alignfull\">\n\n    <img loading=\"lazy\" decoding=\"async\" width=\"1476\" height=\"984\" src=\"https:\/\/nyforetagarcentrum.se\/eskilstuna\/wp-content\/uploads\/sites\/63\/2024\/02\/Nyforetagare-kultur-LOW.jpg\" class=\"attachment-landscape size-landscape\" alt=\"\" srcset=\"https:\/\/nyforetagarcentrum.se\/eskilstuna\/wp-content\/uploads\/sites\/63\/2024\/02\/Nyforetagare-kultur-LOW.jpg 1476w, https:\/\/nyforetagarcentrum.se\/eskilstuna\/wp-content\/uploads\/sites\/63\/2024\/02\/Nyforetagare-kultur-LOW-300x200.jpg 300w, https:\/\/nyforetagarcentrum.se\/eskilstuna\/wp-content\/uploads\/sites\/63\/2024\/02\/Nyforetagare-kultur-LOW-1024x683.jpg 1024w, https:\/\/nyforetagarcentrum.se\/eskilstuna\/wp-content\/uploads\/sites\/63\/2024\/02\/Nyforetagare-kultur-LOW-768x512.jpg 768w\" sizes=\"(max-width: 1476px) 100vw, 1476px\" \/>\n    <div class=\"contained\">\n        <h1 class=\"nfc-block-hero__heading\">V\u00e5ra medarbetare<\/h1>\n\n            <\/div>\n<\/section>\n\n\n<div style=\"height:50px\" aria-hidden=\"true\" class=\"wp-block-spacer\"><\/div>\n\n\n<section  class=\"nfc-block-breadcrumbs\">\n    <div class=\"wrapper contained\">\n        <ol class=\"breadcrumbs\" itemscope itemtype=\"https:\/\/schema.org\/BreadcrumbList\">\n            <li itemprop=\"itemListElement\" itemscope itemtype=\"https:\/\/schema.org\/ListItem\">\n            \n\n                            <span class=\"current\" itemprop=\"name\">Hem<\/span>\n            \n            <meta itemprop=\"position\" content=\"1\" \/>\n        <\/li>\n    <\/ol>    <\/div>\n<\/section>\n\n<section  class=\"nfc-block-person_grid alignwide layout-small\">\n    <div class=\"contained\">\n        <div class=\"grid\">\n            <div class=\"person-card\">\n    \n            <div class=\"featured_image\">\n            <img loading=\"lazy\" decoding=\"async\" width=\"150\" height=\"150\" src=\"https:\/\/nyforetagarcentrum.se\/eskilstuna\/wp-content\/uploads\/sites\/63\/2024\/04\/Diyar-150x150.jpg\" class=\"attachment-thumbnail size-thumbnail\" alt=\"\" \/>        <\/div>\n    \n    <div class=\"content-wrapper\">\n        <div class=\"top\">\n                    <\/div>\n        \n        <h3>Diyar Alis<\/h3>\n\n        <div class=\"excerpt\">\n            Diyar Alis \u00e4r v\u00e5r nya stj\u00e4rna i teamet. Han \u00e4r projektledare f\u00f6r Care for Ukraine. Tillsammans med Eskilstuna Kommun och med finansiering av Europeiska Socialfonden driver Sisters in business och Nyf\u00f6retagarCentrum Eskilstuna ett projekt f\u00f6r att st\u00f6dja ukrainare som omfattas av EUs massflyktsdirektiv. Med olika aktiviteter, som jobbprogram, \u201dBrand new\u201d, f\u00f6retagsbes\u00f6k, \u201dGr\u00e4nsl\u00f6s frukost\u201d, nyf\u00f6retagarkurser, framtagning av cv, personlig coachning med mera, hj\u00e4lper vi personer till egen f\u00f6rs\u00f6rjning. Diyar g\u00e5r \u00e4ven Nyf\u00f6retagarCentrums kurser f\u00f6r att bli diplomerad r\u00e5dgivare. I grunden \u00e4r han socionom och brinner f\u00f6r att hj\u00e4lpa och st\u00f6dja m\u00e4nniskor till egen f\u00f6rs\u00f6rjning.        <\/div>\n\n        <div class=\"links\">\n            \n                    <\/div>\n        \n    <\/div>\n<\/div><div class=\"person-card\">\n    \n            <div class=\"featured_image\">\n            <img loading=\"lazy\" decoding=\"async\" width=\"150\" height=\"150\" src=\"https:\/\/nyforetagarcentrum.se\/eskilstuna\/wp-content\/uploads\/sites\/63\/2024\/04\/rain-150x150.jpg\" class=\"attachment-thumbnail size-thumbnail\" alt=\"\" \/>        <\/div>\n    \n    <div class=\"content-wrapper\">\n        <div class=\"top\">\n                    <\/div>\n        \n        <h3>Rain Abdulnour<\/h3>\n\n        <div class=\"excerpt\">\n            Rain Abdulnour, studerar till ekonom p\u00e5 M\u00e4lardalens Universitet och hj\u00e4lper oss med r\u00e5dgivningar, kurser och informationstr\u00e4ffar och kommer inom kort bli diplomerad r\u00e5dgivare. Rain har sj\u00e4lv erfarenhet av att starta eget f\u00f6retag och \u00e4r bland annat behj\u00e4lplig med att skriva aff\u00e4rsplan och budget. Rain pratar svenska, engelska och arabiska.        <\/div>\n\n        <div class=\"links\">\n            \n                    <\/div>\n        \n    <\/div>\n<\/div><div class=\"person-card\">\n    \n            <div class=\"featured_image\">\n            <img loading=\"lazy\" decoding=\"async\" width=\"150\" height=\"150\" src=\"https:\/\/nyforetagarcentrum.se\/eskilstuna\/wp-content\/uploads\/sites\/63\/2024\/04\/mah-150x150.jpg\" class=\"attachment-thumbnail size-thumbnail\" alt=\"\" \/>        <\/div>\n    \n    <div class=\"content-wrapper\">\n        <div class=\"top\">\n                    <\/div>\n        \n        <h3>Mahfouz Hebrawi<\/h3>\n\n        <div class=\"excerpt\">\n            Mahfouz Hebrawi, diplomerad r\u00e5dgivare. Mahfouz jobbar med r\u00e5dgivningar och \u00e4r \u00e4ven kursledare och ansvarar f\u00f6r ett antal seminarier. Han pratar svenska, engelska och arabiska och har stor erfarenhet av att registrera f\u00f6retag, import, export, tillst\u00e5ndshantering och marknadsf\u00f6ring.        <\/div>\n\n        <div class=\"links\">\n            \n                    <\/div>\n        \n    <\/div>\n<\/div><div class=\"person-card\">\n    \n            <div class=\"featured_image\">\n            <img loading=\"lazy\" decoding=\"async\" width=\"150\" height=\"150\" src=\"https:\/\/nyforetagarcentrum.se\/eskilstuna\/wp-content\/uploads\/sites\/63\/2024\/04\/Jeanette-Hellgren-4-150x150.jpg\" class=\"attachment-thumbnail size-thumbnail\" alt=\"\" \/>        <\/div>\n    \n    <div class=\"content-wrapper\">\n        <div class=\"top\">\n                    <\/div>\n        \n        <h3>Jeanette Hellgren<\/h3>\n\n        <div class=\"excerpt\">\n            Jeanette Hellgren, diplomerad r\u00e5dgivare. Jeanette ansvarar f\u00f6r Mentorprogrammet i Eskilstuna, en viktig roll d\u00e4r hon ansvarar f\u00f6r matchning mellan nyf\u00f6retagare och etablerade f\u00f6retagare som sedan tr\u00e4ffas under ett \u00e5r. Hon driver sedan m\u00e5nga \u00e5r tillbaka eget f\u00f6retag och \u00e4r \u00e4ven v\u00e5rt administrativa st\u00f6d i verksamheten.        <\/div>\n\n        <div class=\"links\">\n            \n                    <\/div>\n        \n    <\/div>\n<\/div><div class=\"person-card\">\n    \n            <div class=\"featured_image\">\n            <img loading=\"lazy\" decoding=\"async\" width=\"150\" height=\"150\" src=\"https:\/\/nyforetagarcentrum.se\/eskilstuna\/wp-content\/uploads\/sites\/63\/2024\/02\/Catharina-Matsdotter-2-150x150.jpg\" class=\"attachment-thumbnail size-thumbnail\" alt=\"\" \/>        <\/div>\n    \n    <div class=\"content-wrapper\">\n        <div class=\"top\">\n                    <\/div>\n        \n        <h3>Catharina Matsdotter<\/h3>\n\n        <div class=\"excerpt\">\n            Catharina Matsdotter \u00e4r diplomerad r\u00e5dgivare och har l\u00e5ng erfarenhet av r\u00e5dgivningar p\u00e5 Nyf\u00f6retagarCentrum. Catharina har sj\u00e4lv varit chef och driver eget f\u00f6retag sedan m\u00e5nga \u00e5r. Hon har hj\u00e4lpt m\u00e5nga att g\u00f6ra aff\u00e4rsplaner samt starta och registrera f\u00f6retag och \u00e4r \u00e4ven kursledare p\u00e5 Nyf\u00f6retagarCentrum.         <\/div>\n\n        <div class=\"links\">\n            \n                    <\/div>\n        \n    <\/div>\n<\/div><div class=\"person-card\">\n    \n            <div class=\"featured_image\">\n            <img loading=\"lazy\" decoding=\"async\" width=\"150\" height=\"150\" src=\"https:\/\/nyforetagarcentrum.se\/eskilstuna\/wp-content\/uploads\/sites\/63\/2024\/04\/Torbjorn-Johansson-5-150x150.jpg\" class=\"attachment-thumbnail size-thumbnail\" alt=\"\" \/>        <\/div>\n    \n    <div class=\"content-wrapper\">\n        <div class=\"top\">\n                    <\/div>\n        \n        <h3>Torbj\u00f6rn Johansson<\/h3>\n\n        <div class=\"excerpt\">\n            Torbj\u00f6rn Johansson, diplomerad r\u00e5dgivare. Han driver en digital reklambyr\u00e5 i Eskilstuna och \u00e4r specialiserad p\u00e5 hemsidor och digital marknadsf\u00f6ring i sociala medier. Torbj\u00f6rn \u00e4r \u00e4ven kursledare och har seminarier kring marknadsf\u00f6ring hos oss.        <\/div>\n\n        <div class=\"links\">\n            \n                    <\/div>\n        \n    <\/div>\n<\/div><div class=\"person-card\">\n    \n            <div class=\"featured_image\">\n            <img loading=\"lazy\" decoding=\"async\" width=\"150\" height=\"150\" src=\"https:\/\/nyforetagarcentrum.se\/eskilstuna\/wp-content\/uploads\/sites\/63\/2024\/05\/Urban-150x150.jpg\" class=\"attachment-thumbnail size-thumbnail\" alt=\"\" \/>        <\/div>\n    \n    <div class=\"content-wrapper\">\n        <div class=\"top\">\n                    <\/div>\n        \n        <h3>Urban Wallin<\/h3>\n\n        <div class=\"excerpt\">\n            Urban Wallin, diplomerad r\u00e5dgivare och verksamhetsledare. Urban jobbar med r\u00e5dgivningar och \u00e4r \u00e4ven kursledare och ansvarar f\u00f6r ett antal seminarier. Han pratar svenska, engelska och italienska och har stor erfarenhet av att registrera f\u00f6retag, ledarskap och marknadsf\u00f6ring.        <\/div>\n\n        <div class=\"links\">\n            \n                    <\/div>\n        \n    <\/div>\n<\/div>        <\/div>\n    <\/div>\n<\/section>","protected":false},"excerpt":{"rendered":"","protected":false},"author":19,"featured_media":0,"parent":0,"menu_order":0,"comment_status":"closed","ping_status":"closed","template":"","meta":{"footnotes":""},"acf":[],"yoast_head":"<!-- This site is optimized with the Yoast SEO plugin v22.9 - https:\/\/yoast.com\/wordpress\/plugins\/seo\/ -->\n<title>V\u00e5ra medarbetare - Eskilstuna<\/title>\n<meta name=\"robots\" content=\"index, follow, max-snippet:-1, max-image-preview:large, max-video-preview:-1\" \/>\n<link rel=\"canonical\" href=\"https:\/\/nyforetagarcentrum.se\/eskilstuna\/vara-medarbetare\/\" \/>\n<meta property=\"og:locale\" content=\"sv_SE\" \/>\n<meta property=\"og:type\" content=\"article\" \/>\n<meta property=\"og:title\" content=\"V\u00e5ra medarbetare - Eskilstuna\" \/>\n<meta property=\"og:url\" content=\"https:\/\/nyforetagarcentrum.se\/eskilstuna\/vara-medarbetare\/\" \/>\n<meta property=\"og:site_name\" content=\"Eskilstuna\" \/>\n<meta property=\"article:modified_time\" content=\"2024-05-05T08:42:53+00:00\" \/>\n<meta name=\"twitter:card\" content=\"summary_large_image\" \/>\n<script type=\"application\/ld+json\" class=\"yoast-schema-graph\">{\"@context\":\"https:\/\/schema.org\",\"@graph\":[{\"@type\":\"WebPage\",\"@id\":\"https:\/\/nyforetagarcentrum.se\/eskilstuna\/vara-medarbetare\/\",\"url\":\"https:\/\/nyforetagarcentrum.se\/eskilstuna\/vara-medarbetare\/\",\"name\":\"V\u00e5ra medarbetare - Eskilstuna\",\"isPartOf\":{\"@id\":\"https:\/\/nyforetagarcentrum.se\/eskilstuna\/#website\"},\"datePublished\":\"2024-05-05T08:39:29+00:00\",\"dateModified\":\"2024-05-05T08:42:53+00:00\",\"breadcrumb\":{\"@id\":\"https:\/\/nyforetagarcentrum.se\/eskilstuna\/vara-medarbetare\/#breadcrumb\"},\"inLanguage\":\"sv-SE\",\"potentialAction\":[{\"@type\":\"ReadAction\",\"target\":[\"https:\/\/nyforetagarcentrum.se\/eskilstuna\/vara-medarbetare\/\"]}]},{\"@type\":\"BreadcrumbList\",\"@id\":\"https:\/\/nyforetagarcentrum.se\/eskilstuna\/vara-medarbetare\/#breadcrumb\",\"itemListElement\":[{\"@type\":\"ListItem\",\"position\":1,\"name\":\"Hem\",\"item\":\"https:\/\/nyforetagarcentrum.se\/eskilstuna\/\"},{\"@type\":\"ListItem\",\"position\":2,\"name\":\"V\u00e5ra medarbetare\"}]},{\"@type\":\"WebSite\",\"@id\":\"https:\/\/nyforetagarcentrum.se\/eskilstuna\/#website\",\"url\":\"https:\/\/nyforetagarcentrum.se\/eskilstuna\/\",\"name\":\"Eskilstuna\",\"description\":\"Sveriges ledande kraft f\u00f6r fler nya livskraftiga f\u00f6retag\",\"publisher\":{\"@id\":\"https:\/\/nyforetagarcentrum.se\/eskilstuna\/#organization\"},\"potentialAction\":[{\"@type\":\"SearchAction\",\"target\":{\"@type\":\"EntryPoint\",\"urlTemplate\":\"https:\/\/nyforetagarcentrum.se\/eskilstuna\/?s={search_term_string}\"},\"query-input\":\"required name=search_term_string\"}],\"inLanguage\":\"sv-SE\"},{\"@type\":\"Organization\",\"@id\":\"https:\/\/nyforetagarcentrum.se\/eskilstuna\/#organization\",\"name\":\"Eskilstuna\",\"url\":\"https:\/\/nyforetagarcentrum.se\/eskilstuna\/\",\"logo\":{\"@type\":\"ImageObject\",\"inLanguage\":\"sv-SE\",\"@id\":\"https:\/\/nyforetagarcentrum.se\/eskilstuna\/#\/schema\/logo\/image\/\",\"url\":\"https:\/\/nyforetagarcentrum.se\/eskilstuna\/wp-content\/uploads\/sites\/63\/2024\/07\/eskilstuna_bla-1.png\",\"contentUrl\":\"https:\/\/nyforetagarcentrum.se\/eskilstuna\/wp-content\/uploads\/sites\/63\/2024\/07\/eskilstuna_bla-1.png\",\"width\":870,\"height\":355,\"caption\":\"Eskilstuna\"},\"image\":{\"@id\":\"https:\/\/nyforetagarcentrum.se\/eskilstuna\/#\/schema\/logo\/image\/\"}}]}<\/script>\n<!-- \/ Yoast SEO plugin. -->","yoast_head_json":{"title":"V\u00e5ra medarbetare - Eskilstuna","robots":{"index":"index","follow":"follow","max-snippet":"max-snippet:-1","max-image-preview":"max-image-preview:large","max-video-preview":"max-video-preview:-1"},"canonical":"https:\/\/nyforetagarcentrum.se\/eskilstuna\/vara-medarbetare\/","og_locale":"sv_SE","og_type":"article","og_title":"V\u00e5ra medarbetare - Eskilstuna","og_url":"https:\/\/nyforetagarcentrum.se\/eskilstuna\/vara-medarbetare\/","og_site_name":"Eskilstuna","article_modified_time":"2024-05-05T08:42:53+00:00","twitter_card":"summary_large_image","schema":{"@context":"https:\/\/schema.org","@graph":[{"@type":"WebPage","@id":"https:\/\/nyforetagarcentrum.se\/eskilstuna\/vara-medarbetare\/","url":"https:\/\/nyforetagarcentrum.se\/eskilstuna\/vara-medarbetare\/","name":"V\u00e5ra medarbetare - Eskilstuna","isPartOf":{"@id":"https:\/\/nyforetagarcentrum.se\/eskilstuna\/#website"},"datePublished":"2024-05-05T08:39:29+00:00","dateModified":"2024-05-05T08:42:53+00:00","breadcrumb":{"@id":"https:\/\/nyforetagarcentrum.se\/eskilstuna\/vara-medarbetare\/#breadcrumb"},"inLanguage":"sv-SE","potentialAction":[{"@type":"ReadAction","target":["https:\/\/nyforetagarcentrum.se\/eskilstuna\/vara-medarbetare\/"]}]},{"@type":"BreadcrumbList","@id":"https:\/\/nyforetagarcentrum.se\/eskilstuna\/vara-medarbetare\/#breadcrumb","itemListElement":[{"@type":"ListItem","position":1,"name":"Hem","item":"https:\/\/nyforetagarcentrum.se\/eskilstuna\/"},{"@type":"ListItem","position":2,"name":"V\u00e5ra medarbetare"}]},{"@type":"WebSite","@id":"https:\/\/nyforetagarcentrum.se\/eskilstuna\/#website","url":"https:\/\/nyforetagarcentrum.se\/eskilstuna\/","name":"Eskilstuna","description":"Sveriges ledande kraft f\u00f6r fler nya livskraftiga f\u00f6retag","publisher":{"@id":"https:\/\/nyforetagarcentrum.se\/eskilstuna\/#organization"},"potentialAction":[{"@type":"SearchAction","target":{"@type":"EntryPoint","urlTemplate":"https:\/\/nyforetagarcentrum.se\/eskilstuna\/?s={search_term_string}"},"query-input":"required name=search_term_string"}],"inLanguage":"sv-SE"},{"@type":"Organization","@id":"https:\/\/nyforetagarcentrum.se\/eskilstuna\/#organization","name":"Eskilstuna","url":"https:\/\/nyforetagarcentrum.se\/eskilstuna\/","logo":{"@type":"ImageObject","inLanguage":"sv-SE","@id":"https:\/\/nyforetagarcentrum.se\/eskilstuna\/#\/schema\/logo\/image\/","url":"https:\/\/nyforetagarcentrum.se\/eskilstuna\/wp-content\/uploads\/sites\/63\/2024\/07\/eskilstuna_bla-1.png","contentUrl":"https:\/\/nyforetagarcentrum.se\/eskilstuna\/wp-content\/uploads\/sites\/63\/2024\/07\/eskilstuna_bla-1.png","width":870,"height":355,"caption":"Eskilstuna"},"image":{"@id":"https:\/\/nyforetagarcentrum.se\/eskilstuna\/#\/schema\/logo\/image\/"}}]}},"_links":{"self":[{"href":"https:\/\/nyforetagarcentrum.se\/eskilstuna\/wp-json\/wp\/v2\/pages\/578"}],"collection":[{"href":"https:\/\/nyforetagarcentrum.se\/eskilstuna\/wp-json\/wp\/v2\/pages"}],"about":[{"href":"https:\/\/nyforetagarcentrum.se\/eskilstuna\/wp-json\/wp\/v2\/types\/page"}],"author":[{"embeddable":true,"href":"https:\/\/nyforetagarcentrum.se\/eskilstuna\/wp-json\/wp\/v2\/users\/19"}],"replies":[{"embeddable":true,"href":"https:\/\/nyforetagarcentrum.se\/eskilstuna\/wp-json\/wp\/v2\/comments?post=578"}],"version-history":[{"count":5,"href":"https:\/\/nyforetagarcentrum.se\/eskilstuna\/wp-json\/wp\/v2\/pages\/578\/revisions"}],"predecessor-version":[{"id":584,"href":"https:\/\/nyforetagarcentrum.se\/eskilstuna\/wp-json\/wp\/v2\/pages\/578\/revisions\/584"}],"wp:attachment":[{"href":"https:\/\/nyforetagarcentrum.se\/eskilstuna\/wp-json\/wp\/v2\/media?parent=578"}],"curies":[{"name":"wp","href":"https:\/\/api.w.org\/{rel}","templated":true}]}}