{"id":41,"date":"2024-02-22T10:24:51","date_gmt":"2024-02-22T09:24:51","guid":{"rendered":"https:\/\/nyforetagarcentrum.se\/bromolla\/?page_id=41"},"modified":"2024-10-11T09:08:29","modified_gmt":"2024-10-11T07:08:29","slug":"vara-samarbetspartners","status":"publish","type":"page","link":"https:\/\/nyforetagarcentrum.se\/bromolla\/vara-samarbetspartners\/","title":{"rendered":"V\u00e5ra samarbetspartners"},"content":{"rendered":"<section  class=\"nfc-block-hero alignfull\">\n\n    <img loading=\"lazy\" decoding=\"async\" width=\"1620\" height=\"1080\" src=\"https:\/\/nyforetagarcentrum.se\/bromolla\/wp-content\/uploads\/sites\/30\/2024\/07\/SCP_7158-1620x1080.jpg\" class=\"attachment-landscape size-landscape\" alt=\"\" srcset=\"https:\/\/nyforetagarcentrum.se\/bromolla\/wp-content\/uploads\/sites\/30\/2024\/07\/SCP_7158-1620x1080.jpg 1620w, https:\/\/nyforetagarcentrum.se\/bromolla\/wp-content\/uploads\/sites\/30\/2024\/07\/SCP_7158-300x200.jpg 300w, https:\/\/nyforetagarcentrum.se\/bromolla\/wp-content\/uploads\/sites\/30\/2024\/07\/SCP_7158-1024x683.jpg 1024w, https:\/\/nyforetagarcentrum.se\/bromolla\/wp-content\/uploads\/sites\/30\/2024\/07\/SCP_7158-768x512.jpg 768w, https:\/\/nyforetagarcentrum.se\/bromolla\/wp-content\/uploads\/sites\/30\/2024\/07\/SCP_7158-1536x1024.jpg 1536w, https:\/\/nyforetagarcentrum.se\/bromolla\/wp-content\/uploads\/sites\/30\/2024\/07\/SCP_7158-2048x1365.jpg 2048w\" sizes=\"(max-width: 1620px) 100vw, 1620px\" \/>\n    <div class=\"contained\">\n        <h1 class=\"nfc-block-hero__heading\">V\u00e5ra samarbetspartners<\/h1>\n\n            <\/div>\n<\/section>\n\n<section  class=\"block-our-partners nfc-block-partners\">\n    <div class=\"contained\">\n            <\/div>\n<\/section>\n\n\n<div style=\"height:50px\" aria-hidden=\"true\" class=\"wp-block-spacer\"><\/div>\n\n\n<section  class=\"nfc-block-breadcrumbs\">\n    <div class=\"wrapper contained\">\n        <ol class=\"breadcrumbs\" itemscope itemtype=\"https:\/\/schema.org\/BreadcrumbList\">\n            <li itemprop=\"itemListElement\" itemscope itemtype=\"https:\/\/schema.org\/ListItem\">\n            \n\n                            <span class=\"current\" itemprop=\"name\">Hem<\/span>\n            \n            <meta itemprop=\"position\" content=\"1\" \/>\n        <\/li>\n    <\/ol>    <\/div>\n<\/section>\n\n\n<div style=\"height:51px\" aria-hidden=\"true\" class=\"wp-block-spacer\"><\/div>\n\n\n<section  class=\"block-our-partners nfc-block-partners\">\n    <div class=\"contained\">\n                                    <div class=\"partner-card\">\n                    <div class=\"logo-wrapper\">\n                        <img decoding=\"async\" src=\"https:\/\/nyforetagarcentrum.se\/bromolla\/wp-content\/uploads\/sites\/30\/2024\/05\/elon.png\" alt=\"\">\n                    <\/div>\n                    \n                                                                                                                            <div class=\"item link\"><b><a href=\"https:\/\/www.elon.se\/butiker\/bromolla\/elon-i-bromolla\" target=\"_blank\" > Se hemsida<\/a><\/b><\/div>\n                                    <\/div>\n                            <div class=\"partner-card\">\n                    <div class=\"logo-wrapper\">\n                        <img decoding=\"async\" src=\"https:\/\/nyforetagarcentrum.se\/bromolla\/wp-content\/uploads\/sites\/30\/2024\/05\/geberit.png\" alt=\"\">\n                    <\/div>\n                    \n                                                                                                                            <div class=\"item link\"><b><a href=\"https:\/\/www.geberit.se\/hem\/\" target=\"_blank\" > Se hemsida<\/a><\/b><\/div>\n                                    <\/div>\n                            <div class=\"partner-card\">\n                    <div class=\"logo-wrapper\">\n                        <img decoding=\"async\" src=\"https:\/\/nyforetagarcentrum.se\/bromolla\/wp-content\/uploads\/sites\/30\/2024\/05\/sylvamo.png\" alt=\"\">\n                    <\/div>\n                    \n                                                                                                                            <div class=\"item link\"><b><a href=\"https:\/\/www.sylvamo.com\/us\/en\/where-we-are\/europe\/sweden\" target=\"_blank\" > Se hemsida<\/a><\/b><\/div>\n                                    <\/div>\n                            <div class=\"partner-card\">\n                    <div class=\"logo-wrapper\">\n                        <img decoding=\"async\" src=\"https:\/\/nyforetagarcentrum.se\/bromolla\/wp-content\/uploads\/sites\/30\/2024\/05\/anderssonoco.png\" alt=\"\">\n                    <\/div>\n                    \n                                                                                                                            <div class=\"item link\"><b><a href=\"https:\/\/www.andco.se\/kontakt\/bromolla\/\" target=\"_blank\" > Se hemsida<\/a><\/b><\/div>\n                                    <\/div>\n                            <div class=\"partner-card\">\n                    <div class=\"logo-wrapper\">\n                        <img decoding=\"async\" src=\"https:\/\/nyforetagarcentrum.se\/bromolla\/wp-content\/uploads\/sites\/30\/2024\/05\/tryggaftg.png\" alt=\"\">\n                    <\/div>\n                    \n                                                                                                                            <div class=\"item link\"><b><a href=\"https:\/\/www.tryggakliniken.se\/fhv\" target=\"_blank\" > Se hemsida<\/a><\/b><\/div>\n                                    <\/div>\n                            <div class=\"partner-card\">\n                    <div class=\"logo-wrapper\">\n                        <img decoding=\"async\" src=\"https:\/\/nyforetagarcentrum.se\/bromolla\/wp-content\/uploads\/sites\/30\/2024\/05\/welins.png\" alt=\"\">\n                    <\/div>\n                    \n                                                                                                                            <div class=\"item link\"><b><a href=\"https:\/\/welinsfast.se\/\" target=\"_blank\" > Se hemsida<\/a><\/b><\/div>\n                                    <\/div>\n                            <div class=\"partner-card\">\n                    <div class=\"logo-wrapper\">\n                        <img decoding=\"async\" src=\"https:\/\/nyforetagarcentrum.se\/bromolla\/wp-content\/uploads\/sites\/30\/2024\/05\/htk.png\" alt=\"\">\n                    <\/div>\n                    \n                                                                                                                            <div class=\"item link\"><b><a href=\"https:\/\/htkab.nu\/\" target=\"_blank\" > Se hemsida<\/a><\/b><\/div>\n                                    <\/div>\n                            <div class=\"partner-card\">\n                    <div class=\"logo-wrapper\">\n                        <img decoding=\"async\" src=\"https:\/\/nyforetagarcentrum.se\/bromolla\/wp-content\/uploads\/sites\/30\/2024\/05\/blekingeogras.png\" alt=\"\">\n                    <\/div>\n                    \n                                                                                                                            <div class=\"item link\"><b><a href=\"https:\/\/blekingeogras.se\/\" target=\"_blank\" > Se hemsida<\/a><\/b><\/div>\n                                    <\/div>\n                            <div class=\"partner-card\">\n                    <div class=\"logo-wrapper\">\n                        <img decoding=\"async\" src=\"https:\/\/nyforetagarcentrum.se\/bromolla\/wp-content\/uploads\/sites\/30\/2024\/10\/1_OTAB_logo_svartrod.png\" alt=\"\">\n                    <\/div>\n                    \n                                                                                                                            <div class=\"item link\"><b><a href=\"https:\/\/www.ottossontruck.se\/\" target=\"_blank\" > Se hemsida<\/a><\/b><\/div>\n                                    <\/div>\n                            <div class=\"partner-card\">\n                    <div class=\"logo-wrapper\">\n                        <img decoding=\"async\" src=\"https:\/\/nyforetagarcentrum.se\/bromolla\/wp-content\/uploads\/sites\/30\/2024\/05\/LOGOTYPE_TEXT_ORIGINAL_Coral.png\" alt=\"\">\n                    <\/div>\n                    \n                                                                                                                            <div class=\"item link\"><b><a href=\"https:\/\/www.saykommunikation.se\" target=\"_blank\" > Se hemsida<\/a><\/b><\/div>\n                                    <\/div>\n                            <div class=\"partner-card\">\n                    <div class=\"logo-wrapper\">\n                        <img decoding=\"async\" src=\"https:\/\/nyforetagarcentrum.se\/bromolla\/wp-content\/uploads\/sites\/30\/2024\/05\/maxi.png\" alt=\"\">\n                    <\/div>\n                    \n                                                                                                                            <div class=\"item link\"><b><a href=\"https:\/\/www.ica.se\/butiker\/maxi\/bromolla\/maxi-ica-stormarknad-bromolla-1003838\/?gad_source=1&amp;gclid=Cj0KCQjw_-GxBhC1ARIsADGgDju9uTPWM0-rIwWRCjleaSTYud4uEnGy5K-YVdm1wobzvKsAnfttgjQaAraXEALw_wcB\" target=\"_blank\" > Se hemsida<\/a><\/b><\/div>\n                                    <\/div>\n                            <div class=\"partner-card\">\n                    <div class=\"logo-wrapper\">\n                        <img decoding=\"async\" src=\"https:\/\/nyforetagarcentrum.se\/bromolla\/wp-content\/uploads\/sites\/30\/2024\/05\/RL-logo-staende-1-fg-1.png\" alt=\"\">\n                    <\/div>\n                    \n                                                                                                                            <div class=\"item link\"><b><a href=\"https:\/\/ristovskilindberg.se\/\" target=\"_blank\" > Se hemsida<\/a><\/b><\/div>\n                                    <\/div>\n                            <div class=\"partner-card\">\n                    <div class=\"logo-wrapper\">\n                        <img decoding=\"async\" src=\"https:\/\/nyforetagarcentrum.se\/bromolla\/wp-content\/uploads\/sites\/30\/2024\/05\/matoppet.png\" alt=\"\">\n                    <\/div>\n                    \n                                                                                                                            <div class=\"item link\"><b><a href=\"https:\/\/www.matoppet.se\/butik\/nasum\/\" target=\"_blank\" > Se hemsida<\/a><\/b><\/div>\n                                    <\/div>\n                            <div class=\"partner-card\">\n                    <div class=\"logo-wrapper\">\n                        <img decoding=\"async\" src=\"https:\/\/nyforetagarcentrum.se\/bromolla\/wp-content\/uploads\/sites\/30\/2024\/05\/bromolla.se_.png\" alt=\"\">\n                    <\/div>\n                    \n                                                                                                                            <div class=\"item link\"><b><a href=\"https:\/\/bromolla.se\/\" target=\"_blank\" > Se hemsida<\/a><\/b><\/div>\n                                    <\/div>\n                            <div class=\"partner-card\">\n                    <div class=\"logo-wrapper\">\n                        <img decoding=\"async\" src=\"https:\/\/nyforetagarcentrum.se\/bromolla\/wp-content\/uploads\/sites\/30\/2024\/05\/larsson.png\" alt=\"\">\n                    <\/div>\n                    \n                                                                                                                            <div class=\"item link\"><b><a href=\"https:\/\/www.larssonsweden.com\/\" target=\"_blank\" > Se hemsida<\/a><\/b><\/div>\n                                    <\/div>\n                            <div class=\"partner-card\">\n                    <div class=\"logo-wrapper\">\n                        <img decoding=\"async\" src=\"https:\/\/nyforetagarcentrum.se\/bromolla\/wp-content\/uploads\/sites\/30\/2024\/05\/sparbanken.png\" alt=\"\">\n                    <\/div>\n                    \n                                                                                                                            <div class=\"item link\"><b><a href=\"https:\/\/www.ivetoftasparbank.se\/\" target=\"_blank\" > Se hemsida<\/a><\/b><\/div>\n                                    <\/div>\n                            <div class=\"partner-card\">\n                    <div class=\"logo-wrapper\">\n                        <img decoding=\"async\" src=\"https:\/\/nyforetagarcentrum.se\/bromolla\/wp-content\/uploads\/sites\/30\/2024\/05\/lansforsakringar.png\" alt=\"\">\n                    <\/div>\n                    \n                                                                                                                            <div class=\"item link\"><b><a href=\"https:\/\/www.lansforsakringar.se\/goinge-kristianstad\/privat\/?utm_source=google&amp;utm_medium=cpc&amp;utm_id=7925703584&amp;utm_content=167717991588&amp;utm_term=l%C3%A4nsf%C3%B6rs%C3%A4kringar%20g%C3%B6inge%20kristianstad&amp;gad_source=1&amp;gclid=Cj0KCQjw_-GxBhC1ARIsADGgDjvwQXC41ZHDYHSvIMLJHzVtUPxKOLxA5xfGpU7XVGjzuP4WkaScRx8aAguTEALw_wcB&amp;gclsrc=aw.ds\" target=\"_blank\" > Se hemsida<\/a><\/b><\/div>\n                                    <\/div>\n                            <div class=\"partner-card\">\n                    <div class=\"logo-wrapper\">\n                        <img decoding=\"async\" src=\"https:\/\/nyforetagarcentrum.se\/bromolla\/wp-content\/uploads\/sites\/30\/2024\/05\/infobladet.png\" alt=\"\">\n                    <\/div>\n                    \n                                                                                                                            <div class=\"item link\"><b><a href=\"https:\/\/www.infobladet.com\/\" target=\"_blank\" > Se hemsida<\/a><\/b><\/div>\n                                    <\/div>\n                            <div class=\"partner-card\">\n                    <div class=\"logo-wrapper\">\n                        <img decoding=\"async\" src=\"https:\/\/nyforetagarcentrum.se\/bromolla\/wp-content\/uploads\/sites\/30\/2024\/05\/claessons.png\" alt=\"\">\n                    <\/div>\n                    \n                                                                                                                            <div class=\"item link\"><b><a href=\"https:\/\/claessonsmotor.se\/?gad_source=1&amp;gclid=Cj0KCQjw_-GxBhC1ARIsADGgDjtwOcaqWs33ng-mF5Jpc5Q_UlM3ewRLRPMIOlPxd6QHAORF80X4JR8aArL5EALw_wcB\" target=\"_blank\" > Se hemsida<\/a><\/b><\/div>\n                                    <\/div>\n                            <div class=\"partner-card\">\n                    <div class=\"logo-wrapper\">\n                        <img decoding=\"async\" src=\"https:\/\/nyforetagarcentrum.se\/bromolla\/wp-content\/uploads\/sites\/30\/2024\/05\/dmya.png\" alt=\"\">\n                    <\/div>\n                    \n                                                                                                                            <div class=\"item link\"><b><a href=\"https:\/\/www.omya.com\/en\" target=\"_blank\" > Se hemsida<\/a><\/b><\/div>\n                                    <\/div>\n                            <div class=\"partner-card\">\n                    <div class=\"logo-wrapper\">\n                        <img decoding=\"async\" src=\"https:\/\/nyforetagarcentrum.se\/bromolla\/wp-content\/uploads\/sites\/30\/2024\/05\/brodernabromolla.png\" alt=\"\">\n                    <\/div>\n                    \n                                                                                                                            <div class=\"item link\"><b><a href=\"http:\/\/www.brodernaibromolla.se\/\" target=\"_blank\" > Se hemsida<\/a><\/b><\/div>\n                                    <\/div>\n                            <div class=\"partner-card\">\n                    <div class=\"logo-wrapper\">\n                        <img decoding=\"async\" src=\"https:\/\/nyforetagarcentrum.se\/bromolla\/wp-content\/uploads\/sites\/30\/2024\/05\/trs.png\" alt=\"\">\n                    <\/div>\n                    \n                                                                                                                            <div class=\"item link\"><b><a href=\"https:\/\/www.trsreklam.se\/\" target=\"_blank\" > Se hemsida<\/a><\/b><\/div>\n                                    <\/div>\n                            <div class=\"partner-card\">\n                    <div class=\"logo-wrapper\">\n                        <img decoding=\"async\" src=\"https:\/\/nyforetagarcentrum.se\/bromolla\/wp-content\/uploads\/sites\/30\/2024\/05\/bsk.png\" alt=\"\">\n                    <\/div>\n                    \n                                                                                                                            <div class=\"item link\"><b><a href=\"https:\/\/bskgruppen.se\/\" target=\"_blank\" > Se hemsida<\/a><\/b><\/div>\n                                    <\/div>\n                            <div class=\"partner-card\">\n                    <div class=\"logo-wrapper\">\n                        <img decoding=\"async\" src=\"https:\/\/nyforetagarcentrum.se\/bromolla\/wp-content\/uploads\/sites\/30\/2024\/05\/brpsnick.png\" alt=\"\">\n                    <\/div>\n                    \n                                                                                                                            <div class=\"item link\"><b><a href=\"https:\/\/www.brpsnick.se\/\" target=\"_blank\" > <\/a><\/b><\/div>\n                                    <\/div>\n                            <div class=\"partner-card\">\n                    <div class=\"logo-wrapper\">\n                        <img decoding=\"async\" src=\"https:\/\/nyforetagarcentrum.se\/bromolla\/wp-content\/uploads\/sites\/30\/2024\/05\/bmahem.png\" alt=\"\">\n                    <\/div>\n                    \n                                                                                                                            <div class=\"item link\"><b><a href=\"https:\/\/www.bromolla.se\/bromollahem\" target=\"_blank\" > <\/a><\/b><\/div>\n                                    <\/div>\n                        <\/div>\n<\/section>\n\n\n<div style=\"height:80px\" aria-hidden=\"true\" class=\"wp-block-spacer\"><\/div>\n","protected":false},"excerpt":{"rendered":"","protected":false},"author":1,"featured_media":0,"parent":0,"menu_order":0,"comment_status":"closed","ping_status":"closed","template":"","meta":{"footnotes":""},"acf":[],"yoast_head":"<!-- This site is optimized with the Yoast SEO plugin v22.9 - https:\/\/yoast.com\/wordpress\/plugins\/seo\/ -->\n<title>V\u00e5ra samarbetspartners - Brom\u00f6lla<\/title>\n<meta name=\"robots\" content=\"index, follow, max-snippet:-1, max-image-preview:large, max-video-preview:-1\" \/>\n<link rel=\"canonical\" href=\"https:\/\/nyforetagarcentrum.se\/bromolla\/vara-samarbetspartners\/\" \/>\n<meta property=\"og:locale\" content=\"sv_SE\" \/>\n<meta property=\"og:type\" content=\"article\" \/>\n<meta property=\"og:title\" content=\"V\u00e5ra samarbetspartners - Brom\u00f6lla\" \/>\n<meta property=\"og:url\" content=\"https:\/\/nyforetagarcentrum.se\/bromolla\/vara-samarbetspartners\/\" \/>\n<meta property=\"og:site_name\" content=\"Brom\u00f6lla\" \/>\n<meta property=\"article:modified_time\" content=\"2024-10-11T07:08:29+00:00\" \/>\n<meta name=\"twitter:card\" content=\"summary_large_image\" \/>\n<script type=\"application\/ld+json\" class=\"yoast-schema-graph\">{\"@context\":\"https:\/\/schema.org\",\"@graph\":[{\"@type\":\"WebPage\",\"@id\":\"https:\/\/nyforetagarcentrum.se\/bromolla\/vara-samarbetspartners\/\",\"url\":\"https:\/\/nyforetagarcentrum.se\/bromolla\/vara-samarbetspartners\/\",\"name\":\"V\u00e5ra samarbetspartners - Brom\u00f6lla\",\"isPartOf\":{\"@id\":\"https:\/\/nyforetagarcentrum.se\/bromolla\/#website\"},\"datePublished\":\"2024-02-22T09:24:51+00:00\",\"dateModified\":\"2024-10-11T07:08:29+00:00\",\"breadcrumb\":{\"@id\":\"https:\/\/nyforetagarcentrum.se\/bromolla\/vara-samarbetspartners\/#breadcrumb\"},\"inLanguage\":\"sv-SE\",\"potentialAction\":[{\"@type\":\"ReadAction\",\"target\":[\"https:\/\/nyforetagarcentrum.se\/bromolla\/vara-samarbetspartners\/\"]}]},{\"@type\":\"BreadcrumbList\",\"@id\":\"https:\/\/nyforetagarcentrum.se\/bromolla\/vara-samarbetspartners\/#breadcrumb\",\"itemListElement\":[{\"@type\":\"ListItem\",\"position\":1,\"name\":\"Hem\",\"item\":\"https:\/\/nyforetagarcentrum.se\/bromolla\/\"},{\"@type\":\"ListItem\",\"position\":2,\"name\":\"V\u00e5ra samarbetspartners\"}]},{\"@type\":\"WebSite\",\"@id\":\"https:\/\/nyforetagarcentrum.se\/bromolla\/#website\",\"url\":\"https:\/\/nyforetagarcentrum.se\/bromolla\/\",\"name\":\"Brom\u00f6lla\",\"description\":\"Sveriges ledande kraft f\u00f6r fler nya livskraftiga f\u00f6retag\",\"publisher\":{\"@id\":\"https:\/\/nyforetagarcentrum.se\/bromolla\/#organization\"},\"potentialAction\":[{\"@type\":\"SearchAction\",\"target\":{\"@type\":\"EntryPoint\",\"urlTemplate\":\"https:\/\/nyforetagarcentrum.se\/bromolla\/?s={search_term_string}\"},\"query-input\":\"required name=search_term_string\"}],\"inLanguage\":\"sv-SE\"},{\"@type\":\"Organization\",\"@id\":\"https:\/\/nyforetagarcentrum.se\/bromolla\/#organization\",\"name\":\"Brom\u00f6lla\",\"url\":\"https:\/\/nyforetagarcentrum.se\/bromolla\/\",\"logo\":{\"@type\":\"ImageObject\",\"inLanguage\":\"sv-SE\",\"@id\":\"https:\/\/nyforetagarcentrum.se\/bromolla\/#\/schema\/logo\/image\/\",\"url\":\"https:\/\/nyforetagarcentrum.se\/bromolla\/wp-content\/uploads\/sites\/30\/2024\/04\/Bromolla.png\",\"contentUrl\":\"https:\/\/nyforetagarcentrum.se\/bromolla\/wp-content\/uploads\/sites\/30\/2024\/04\/Bromolla.png\",\"width\":1082,\"height\":542,\"caption\":\"Brom\u00f6lla\"},\"image\":{\"@id\":\"https:\/\/nyforetagarcentrum.se\/bromolla\/#\/schema\/logo\/image\/\"}}]}<\/script>\n<!-- \/ Yoast SEO plugin. -->","yoast_head_json":{"title":"V\u00e5ra samarbetspartners - Brom\u00f6lla","robots":{"index":"index","follow":"follow","max-snippet":"max-snippet:-1","max-image-preview":"max-image-preview:large","max-video-preview":"max-video-preview:-1"},"canonical":"https:\/\/nyforetagarcentrum.se\/bromolla\/vara-samarbetspartners\/","og_locale":"sv_SE","og_type":"article","og_title":"V\u00e5ra samarbetspartners - Brom\u00f6lla","og_url":"https:\/\/nyforetagarcentrum.se\/bromolla\/vara-samarbetspartners\/","og_site_name":"Brom\u00f6lla","article_modified_time":"2024-10-11T07:08:29+00:00","twitter_card":"summary_large_image","schema":{"@context":"https:\/\/schema.org","@graph":[{"@type":"WebPage","@id":"https:\/\/nyforetagarcentrum.se\/bromolla\/vara-samarbetspartners\/","url":"https:\/\/nyforetagarcentrum.se\/bromolla\/vara-samarbetspartners\/","name":"V\u00e5ra samarbetspartners - Brom\u00f6lla","isPartOf":{"@id":"https:\/\/nyforetagarcentrum.se\/bromolla\/#website"},"datePublished":"2024-02-22T09:24:51+00:00","dateModified":"2024-10-11T07:08:29+00:00","breadcrumb":{"@id":"https:\/\/nyforetagarcentrum.se\/bromolla\/vara-samarbetspartners\/#breadcrumb"},"inLanguage":"sv-SE","potentialAction":[{"@type":"ReadAction","target":["https:\/\/nyforetagarcentrum.se\/bromolla\/vara-samarbetspartners\/"]}]},{"@type":"BreadcrumbList","@id":"https:\/\/nyforetagarcentrum.se\/bromolla\/vara-samarbetspartners\/#breadcrumb","itemListElement":[{"@type":"ListItem","position":1,"name":"Hem","item":"https:\/\/nyforetagarcentrum.se\/bromolla\/"},{"@type":"ListItem","position":2,"name":"V\u00e5ra samarbetspartners"}]},{"@type":"WebSite","@id":"https:\/\/nyforetagarcentrum.se\/bromolla\/#website","url":"https:\/\/nyforetagarcentrum.se\/bromolla\/","name":"Brom\u00f6lla","description":"Sveriges ledande kraft f\u00f6r fler nya livskraftiga f\u00f6retag","publisher":{"@id":"https:\/\/nyforetagarcentrum.se\/bromolla\/#organization"},"potentialAction":[{"@type":"SearchAction","target":{"@type":"EntryPoint","urlTemplate":"https:\/\/nyforetagarcentrum.se\/bromolla\/?s={search_term_string}"},"query-input":"required name=search_term_string"}],"inLanguage":"sv-SE"},{"@type":"Organization","@id":"https:\/\/nyforetagarcentrum.se\/bromolla\/#organization","name":"Brom\u00f6lla","url":"https:\/\/nyforetagarcentrum.se\/bromolla\/","logo":{"@type":"ImageObject","inLanguage":"sv-SE","@id":"https:\/\/nyforetagarcentrum.se\/bromolla\/#\/schema\/logo\/image\/","url":"https:\/\/nyforetagarcentrum.se\/bromolla\/wp-content\/uploads\/sites\/30\/2024\/04\/Bromolla.png","contentUrl":"https:\/\/nyforetagarcentrum.se\/bromolla\/wp-content\/uploads\/sites\/30\/2024\/04\/Bromolla.png","width":1082,"height":542,"caption":"Brom\u00f6lla"},"image":{"@id":"https:\/\/nyforetagarcentrum.se\/bromolla\/#\/schema\/logo\/image\/"}}]}},"_links":{"self":[{"href":"https:\/\/nyforetagarcentrum.se\/bromolla\/wp-json\/wp\/v2\/pages\/41"}],"collection":[{"href":"https:\/\/nyforetagarcentrum.se\/bromolla\/wp-json\/wp\/v2\/pages"}],"about":[{"href":"https:\/\/nyforetagarcentrum.se\/bromolla\/wp-json\/wp\/v2\/types\/page"}],"author":[{"embeddable":true,"href":"https:\/\/nyforetagarcentrum.se\/bromolla\/wp-json\/wp\/v2\/users\/1"}],"replies":[{"embeddable":true,"href":"https:\/\/nyforetagarcentrum.se\/bromolla\/wp-json\/wp\/v2\/comments?post=41"}],"version-history":[{"count":29,"href":"https:\/\/nyforetagarcentrum.se\/bromolla\/wp-json\/wp\/v2\/pages\/41\/revisions"}],"predecessor-version":[{"id":719,"href":"https:\/\/nyforetagarcentrum.se\/bromolla\/wp-json\/wp\/v2\/pages\/41\/revisions\/719"}],"wp:attachment":[{"href":"https:\/\/nyforetagarcentrum.se\/bromolla\/wp-json\/wp\/v2\/media?parent=41"}],"curies":[{"name":"wp","href":"https:\/\/api.w.org\/{rel}","templated":true}]}}