{"id":239,"date":"2024-02-29T13:59:39","date_gmt":"2024-02-29T12:59:39","guid":{"rendered":"https:\/\/nyforetagarcentrum.se\/bromolla\/?page_id=239"},"modified":"2025-04-17T11:41:19","modified_gmt":"2025-04-17T09:41:19","slug":"vara-radgivare","status":"publish","type":"page","link":"https:\/\/nyforetagarcentrum.se\/bromolla\/vara-radgivare\/","title":{"rendered":"V\u00e5ra r\u00e5dgivare"},"content":{"rendered":"<section  class=\"nfc-block-hero alignfull\">\n\n    <img loading=\"lazy\" decoding=\"async\" width=\"1920\" height=\"829\" src=\"https:\/\/nyforetagarcentrum.se\/bromolla\/wp-content\/uploads\/sites\/30\/2024\/09\/570A9719-scaled-e1727777148224-1920x829.jpg\" class=\"attachment-landscape size-landscape\" alt=\"\" srcset=\"https:\/\/nyforetagarcentrum.se\/bromolla\/wp-content\/uploads\/sites\/30\/2024\/09\/570A9719-scaled-e1727777148224-1920x829.jpg 1920w, https:\/\/nyforetagarcentrum.se\/bromolla\/wp-content\/uploads\/sites\/30\/2024\/09\/570A9719-scaled-e1727777148224-300x129.jpg 300w, https:\/\/nyforetagarcentrum.se\/bromolla\/wp-content\/uploads\/sites\/30\/2024\/09\/570A9719-scaled-e1727777148224-1024x442.jpg 1024w, https:\/\/nyforetagarcentrum.se\/bromolla\/wp-content\/uploads\/sites\/30\/2024\/09\/570A9719-scaled-e1727777148224-768x332.jpg 768w, https:\/\/nyforetagarcentrum.se\/bromolla\/wp-content\/uploads\/sites\/30\/2024\/09\/570A9719-scaled-e1727777148224-1536x663.jpg 1536w, https:\/\/nyforetagarcentrum.se\/bromolla\/wp-content\/uploads\/sites\/30\/2024\/09\/570A9719-scaled-e1727777148224-2048x884.jpg 2048w\" sizes=\"(max-width: 1920px) 100vw, 1920px\" \/>\n    <div class=\"contained\">\n        <h1 class=\"nfc-block-hero__heading\">V\u00e5ra r\u00e5dgivare<\/h1>\n\n            <\/div>\n<\/section>\n\n\n<div style=\"height:49px\" aria-hidden=\"true\" class=\"wp-block-spacer\"><\/div>\n\n\n<section  class=\"nfc-block-breadcrumbs\">\n    <div class=\"wrapper contained\">\n        <ol class=\"breadcrumbs\" itemscope itemtype=\"https:\/\/schema.org\/BreadcrumbList\">\n            <li itemprop=\"itemListElement\" itemscope itemtype=\"https:\/\/schema.org\/ListItem\">\n            \n\n                            <span class=\"current\" itemprop=\"name\">Hem<\/span>\n            \n            <meta itemprop=\"position\" content=\"1\" \/>\n        <\/li>\n    <\/ol>    <\/div>\n<\/section>\n\n\n<div style=\"height:100px\" aria-hidden=\"true\" class=\"wp-block-spacer\"><\/div>\n\n\n<section  class=\"nfc-block-person_grid alignwide layout-featured\">\n    <div class=\"contained\">\n        <div class=\"grid\">\n            <div class=\"person-featured-card\">\n    \n    <div class=\"featured_image\">\n                    <img loading=\"lazy\" decoding=\"async\" width=\"427\" height=\"640\" src=\"https:\/\/nyforetagarcentrum.se\/bromolla\/wp-content\/uploads\/sites\/30\/2024\/02\/570A0050.jpg\" class=\"attachment-large size-large\" alt=\"Ingmar Andersson r\u00e5dgivare Nyf\u00f6retagarCentrum Brom\u00f6lla\" srcset=\"https:\/\/nyforetagarcentrum.se\/bromolla\/wp-content\/uploads\/sites\/30\/2024\/02\/570A0050.jpg 427w, https:\/\/nyforetagarcentrum.se\/bromolla\/wp-content\/uploads\/sites\/30\/2024\/02\/570A0050-200x300.jpg 200w\" sizes=\"(max-width: 427px) 100vw, 427px\" \/>            <\/div>\n\n    <div class=\"content-wrapper\">\n        <h3>Ingemar Andersson<\/h3>\n\n                    <div class=\"tags\">\n                Inriktning:\n                                    <span class=\"tag small\">F\u00f6retagsstyrning<\/span>\n                                    <span class=\"tag small\">Redovisning<\/span>\n                                    <span class=\"tag small\">Revison<\/span>\n                            <\/div>\n        \n                    <div class=\"excerpt\">\n                Ingemar har arbetat f\u00f6r Nyf\u00f6retagarcentrum Brom\u00f6lla sedan 2021 och har redan hunnit tr\u00e4ffa ett flertal nyf\u00f6retagare i Brom\u00f6lla. Han har under sina yrkesverksamma \u00e5r d\u00e5 han varit anst\u00e4lld p\u00e5 olika auktoriserade revisionsbolag och redovisningsbyr\u00e5er hunnit med att arbeta f\u00f6r flera hundratals olika f\u00f6retag som revisor. Ingemar har \u00e4ven erfarenhet av att vara egenf\u00f6retagare d\u00e5 han bland annat \u00e4gt och drivit egen redovisningsbyr\u00e5 i Brom\u00f6lla och Kristianstad. <br \/>\r\nHans erfarenhet av f\u00f6retagande och olika bolagsformer \u00e4r l\u00e5ng, detta ses som en stor nytta f\u00f6r Nyf\u00f6retagarCentrums klienter som funderar p\u00e5 att ta steget till eget. Ingemar har ett brett kontaktn\u00e4t som han g\u00e4rna delar med sig utav, till f\u00f6rdel f\u00f6r sina klienter. Finns det fr\u00e5gor som han inte kan svara direkt p\u00e5 s\u00e5 finns det oftast n\u00e5gon i kontaktn\u00e4tet som kan hj\u00e4lpa klienten p\u00e5 v\u00e4gen.<br \/>\r\n<br \/>\r\nIngemar tycker det \u00e4r oerh\u00f6rt inspirerande att arbeta med nyf\u00f6retagare. <br \/>\r\n&#8221;Varje person som kommer till mig \u00e4r unik och jag har inte lyssnat p\u00e5 n\u00e5gon aff\u00e4rsid\u00e9 som \u00e4r den andra lik. Det \u00e4r lika sp\u00e4nnande varje g\u00e5ng jag f\u00e5r vara en del av n\u00e5gon annans resa mot en ny framtid&#8221;, s\u00e4ger Ingemar.<br \/>\r\n                <br\/>\n                            <\/div>\n        \n                    <a href=\"https:\/\/jobsdata-nyforetagarcentrum.se\/ExternBooking?OfficeId=50507849-323b-e911-90f7-005056854b61\" class=\"booking-button button outlined\">Boka r\u00e5dgivning<\/a>\n            <\/div>\n<\/div>        <\/div>\n    <\/div>\n<\/section>\n\n\n<div style=\"height:100px\" aria-hidden=\"true\" class=\"wp-block-spacer\"><\/div>\n","protected":false},"excerpt":{"rendered":"","protected":false},"author":1,"featured_media":0,"parent":0,"menu_order":0,"comment_status":"closed","ping_status":"closed","template":"","meta":{"footnotes":""},"acf":[],"yoast_head":"<!-- This site is optimized with the Yoast SEO plugin v22.9 - https:\/\/yoast.com\/wordpress\/plugins\/seo\/ -->\n<title>V\u00e5ra r\u00e5dgivare - Brom\u00f6lla<\/title>\n<meta name=\"robots\" content=\"index, follow, max-snippet:-1, max-image-preview:large, max-video-preview:-1\" \/>\n<link rel=\"canonical\" href=\"https:\/\/nyforetagarcentrum.se\/bromolla\/vara-radgivare\/\" \/>\n<meta property=\"og:locale\" content=\"sv_SE\" \/>\n<meta property=\"og:type\" content=\"article\" \/>\n<meta property=\"og:title\" content=\"V\u00e5ra r\u00e5dgivare - Brom\u00f6lla\" \/>\n<meta property=\"og:url\" content=\"https:\/\/nyforetagarcentrum.se\/bromolla\/vara-radgivare\/\" \/>\n<meta property=\"og:site_name\" content=\"Brom\u00f6lla\" \/>\n<meta property=\"article:modified_time\" content=\"2025-04-17T09:41:19+00:00\" \/>\n<meta name=\"twitter:card\" content=\"summary_large_image\" \/>\n<script type=\"application\/ld+json\" class=\"yoast-schema-graph\">{\"@context\":\"https:\/\/schema.org\",\"@graph\":[{\"@type\":\"WebPage\",\"@id\":\"https:\/\/nyforetagarcentrum.se\/bromolla\/vara-radgivare\/\",\"url\":\"https:\/\/nyforetagarcentrum.se\/bromolla\/vara-radgivare\/\",\"name\":\"V\u00e5ra r\u00e5dgivare - Brom\u00f6lla\",\"isPartOf\":{\"@id\":\"https:\/\/nyforetagarcentrum.se\/bromolla\/#website\"},\"datePublished\":\"2024-02-29T12:59:39+00:00\",\"dateModified\":\"2025-04-17T09:41:19+00:00\",\"breadcrumb\":{\"@id\":\"https:\/\/nyforetagarcentrum.se\/bromolla\/vara-radgivare\/#breadcrumb\"},\"inLanguage\":\"sv-SE\",\"potentialAction\":[{\"@type\":\"ReadAction\",\"target\":[\"https:\/\/nyforetagarcentrum.se\/bromolla\/vara-radgivare\/\"]}]},{\"@type\":\"BreadcrumbList\",\"@id\":\"https:\/\/nyforetagarcentrum.se\/bromolla\/vara-radgivare\/#breadcrumb\",\"itemListElement\":[{\"@type\":\"ListItem\",\"position\":1,\"name\":\"Hem\",\"item\":\"https:\/\/nyforetagarcentrum.se\/bromolla\/\"},{\"@type\":\"ListItem\",\"position\":2,\"name\":\"V\u00e5ra r\u00e5dgivare\"}]},{\"@type\":\"WebSite\",\"@id\":\"https:\/\/nyforetagarcentrum.se\/bromolla\/#website\",\"url\":\"https:\/\/nyforetagarcentrum.se\/bromolla\/\",\"name\":\"Brom\u00f6lla\",\"description\":\"Sveriges ledande kraft f\u00f6r fler nya livskraftiga f\u00f6retag\",\"publisher\":{\"@id\":\"https:\/\/nyforetagarcentrum.se\/bromolla\/#organization\"},\"potentialAction\":[{\"@type\":\"SearchAction\",\"target\":{\"@type\":\"EntryPoint\",\"urlTemplate\":\"https:\/\/nyforetagarcentrum.se\/bromolla\/?s={search_term_string}\"},\"query-input\":\"required name=search_term_string\"}],\"inLanguage\":\"sv-SE\"},{\"@type\":\"Organization\",\"@id\":\"https:\/\/nyforetagarcentrum.se\/bromolla\/#organization\",\"name\":\"Brom\u00f6lla\",\"url\":\"https:\/\/nyforetagarcentrum.se\/bromolla\/\",\"logo\":{\"@type\":\"ImageObject\",\"inLanguage\":\"sv-SE\",\"@id\":\"https:\/\/nyforetagarcentrum.se\/bromolla\/#\/schema\/logo\/image\/\",\"url\":\"https:\/\/nyforetagarcentrum.se\/bromolla\/wp-content\/uploads\/sites\/30\/2024\/04\/Bromolla.png\",\"contentUrl\":\"https:\/\/nyforetagarcentrum.se\/bromolla\/wp-content\/uploads\/sites\/30\/2024\/04\/Bromolla.png\",\"width\":1082,\"height\":542,\"caption\":\"Brom\u00f6lla\"},\"image\":{\"@id\":\"https:\/\/nyforetagarcentrum.se\/bromolla\/#\/schema\/logo\/image\/\"}}]}<\/script>\n<!-- \/ Yoast SEO plugin. -->","yoast_head_json":{"title":"V\u00e5ra r\u00e5dgivare - Brom\u00f6lla","robots":{"index":"index","follow":"follow","max-snippet":"max-snippet:-1","max-image-preview":"max-image-preview:large","max-video-preview":"max-video-preview:-1"},"canonical":"https:\/\/nyforetagarcentrum.se\/bromolla\/vara-radgivare\/","og_locale":"sv_SE","og_type":"article","og_title":"V\u00e5ra r\u00e5dgivare - Brom\u00f6lla","og_url":"https:\/\/nyforetagarcentrum.se\/bromolla\/vara-radgivare\/","og_site_name":"Brom\u00f6lla","article_modified_time":"2025-04-17T09:41:19+00:00","twitter_card":"summary_large_image","schema":{"@context":"https:\/\/schema.org","@graph":[{"@type":"WebPage","@id":"https:\/\/nyforetagarcentrum.se\/bromolla\/vara-radgivare\/","url":"https:\/\/nyforetagarcentrum.se\/bromolla\/vara-radgivare\/","name":"V\u00e5ra r\u00e5dgivare - Brom\u00f6lla","isPartOf":{"@id":"https:\/\/nyforetagarcentrum.se\/bromolla\/#website"},"datePublished":"2024-02-29T12:59:39+00:00","dateModified":"2025-04-17T09:41:19+00:00","breadcrumb":{"@id":"https:\/\/nyforetagarcentrum.se\/bromolla\/vara-radgivare\/#breadcrumb"},"inLanguage":"sv-SE","potentialAction":[{"@type":"ReadAction","target":["https:\/\/nyforetagarcentrum.se\/bromolla\/vara-radgivare\/"]}]},{"@type":"BreadcrumbList","@id":"https:\/\/nyforetagarcentrum.se\/bromolla\/vara-radgivare\/#breadcrumb","itemListElement":[{"@type":"ListItem","position":1,"name":"Hem","item":"https:\/\/nyforetagarcentrum.se\/bromolla\/"},{"@type":"ListItem","position":2,"name":"V\u00e5ra r\u00e5dgivare"}]},{"@type":"WebSite","@id":"https:\/\/nyforetagarcentrum.se\/bromolla\/#website","url":"https:\/\/nyforetagarcentrum.se\/bromolla\/","name":"Brom\u00f6lla","description":"Sveriges ledande kraft f\u00f6r fler nya livskraftiga f\u00f6retag","publisher":{"@id":"https:\/\/nyforetagarcentrum.se\/bromolla\/#organization"},"potentialAction":[{"@type":"SearchAction","target":{"@type":"EntryPoint","urlTemplate":"https:\/\/nyforetagarcentrum.se\/bromolla\/?s={search_term_string}"},"query-input":"required name=search_term_string"}],"inLanguage":"sv-SE"},{"@type":"Organization","@id":"https:\/\/nyforetagarcentrum.se\/bromolla\/#organization","name":"Brom\u00f6lla","url":"https:\/\/nyforetagarcentrum.se\/bromolla\/","logo":{"@type":"ImageObject","inLanguage":"sv-SE","@id":"https:\/\/nyforetagarcentrum.se\/bromolla\/#\/schema\/logo\/image\/","url":"https:\/\/nyforetagarcentrum.se\/bromolla\/wp-content\/uploads\/sites\/30\/2024\/04\/Bromolla.png","contentUrl":"https:\/\/nyforetagarcentrum.se\/bromolla\/wp-content\/uploads\/sites\/30\/2024\/04\/Bromolla.png","width":1082,"height":542,"caption":"Brom\u00f6lla"},"image":{"@id":"https:\/\/nyforetagarcentrum.se\/bromolla\/#\/schema\/logo\/image\/"}}]}},"_links":{"self":[{"href":"https:\/\/nyforetagarcentrum.se\/bromolla\/wp-json\/wp\/v2\/pages\/239"}],"collection":[{"href":"https:\/\/nyforetagarcentrum.se\/bromolla\/wp-json\/wp\/v2\/pages"}],"about":[{"href":"https:\/\/nyforetagarcentrum.se\/bromolla\/wp-json\/wp\/v2\/types\/page"}],"author":[{"embeddable":true,"href":"https:\/\/nyforetagarcentrum.se\/bromolla\/wp-json\/wp\/v2\/users\/1"}],"replies":[{"embeddable":true,"href":"https:\/\/nyforetagarcentrum.se\/bromolla\/wp-json\/wp\/v2\/comments?post=239"}],"version-history":[{"count":10,"href":"https:\/\/nyforetagarcentrum.se\/bromolla\/wp-json\/wp\/v2\/pages\/239\/revisions"}],"predecessor-version":[{"id":789,"href":"https:\/\/nyforetagarcentrum.se\/bromolla\/wp-json\/wp\/v2\/pages\/239\/revisions\/789"}],"wp:attachment":[{"href":"https:\/\/nyforetagarcentrum.se\/bromolla\/wp-json\/wp\/v2\/media?parent=239"}],"curies":[{"name":"wp","href":"https:\/\/api.w.org\/{rel}","templated":true}]}}