{"id":164,"date":"2024-02-27T16:05:17","date_gmt":"2024-02-27T15:05:17","guid":{"rendered":"https:\/\/nyforetagarcentrum.se\/bromolla\/?page_id=164"},"modified":"2025-02-18T09:50:58","modified_gmt":"2025-02-18T08:50:58","slug":"var-styrelse","status":"publish","type":"page","link":"https:\/\/nyforetagarcentrum.se\/bromolla\/var-styrelse\/","title":{"rendered":"V\u00e5r styrelse"},"content":{"rendered":"<section  class=\"nfc-block-hero alignfull\">\n\n    <img loading=\"lazy\" decoding=\"async\" width=\"1620\" height=\"1080\" src=\"https:\/\/nyforetagarcentrum.se\/bromolla\/wp-content\/uploads\/sites\/30\/2024\/07\/SCP_5233-1620x1080.jpg\" class=\"attachment-landscape size-landscape\" alt=\"\" srcset=\"https:\/\/nyforetagarcentrum.se\/bromolla\/wp-content\/uploads\/sites\/30\/2024\/07\/SCP_5233-1620x1080.jpg 1620w, https:\/\/nyforetagarcentrum.se\/bromolla\/wp-content\/uploads\/sites\/30\/2024\/07\/SCP_5233-300x200.jpg 300w, https:\/\/nyforetagarcentrum.se\/bromolla\/wp-content\/uploads\/sites\/30\/2024\/07\/SCP_5233-1024x683.jpg 1024w, https:\/\/nyforetagarcentrum.se\/bromolla\/wp-content\/uploads\/sites\/30\/2024\/07\/SCP_5233-768x512.jpg 768w, https:\/\/nyforetagarcentrum.se\/bromolla\/wp-content\/uploads\/sites\/30\/2024\/07\/SCP_5233-1536x1024.jpg 1536w, https:\/\/nyforetagarcentrum.se\/bromolla\/wp-content\/uploads\/sites\/30\/2024\/07\/SCP_5233-2048x1365.jpg 2048w\" sizes=\"(max-width: 1620px) 100vw, 1620px\" \/>\n    <div class=\"contained\">\n        <h1 class=\"nfc-block-hero__heading\">V\u00e5r styrelse<\/h1>\n\n            <\/div>\n<\/section>\n\n\n<div style=\"height:50px\" aria-hidden=\"true\" class=\"wp-block-spacer\"><\/div>\n\n\n<section  class=\"nfc-block-breadcrumbs\">\n    <div class=\"wrapper contained\">\n        <ol class=\"breadcrumbs\" itemscope itemtype=\"https:\/\/schema.org\/BreadcrumbList\">\n            <li itemprop=\"itemListElement\" itemscope itemtype=\"https:\/\/schema.org\/ListItem\">\n            \n\n                            <span class=\"current\" itemprop=\"name\">Hem<\/span>\n            \n            <meta itemprop=\"position\" content=\"1\" \/>\n        <\/li>\n    <\/ol>    <\/div>\n<\/section>\n\n<section  class=\"nfc-block-person_grid alignwide layout-small\">\n    <div class=\"contained\">\n        <div class=\"grid\">\n            <div class=\"person-card\">\n    \n            <div class=\"featured_image\">\n            <img loading=\"lazy\" decoding=\"async\" width=\"150\" height=\"150\" src=\"https:\/\/nyforetagarcentrum.se\/bromolla\/wp-content\/uploads\/sites\/30\/2024\/05\/StyrelseNFC_1-150x150.jpg\" class=\"attachment-thumbnail size-thumbnail\" alt=\"\" \/>        <\/div>\n    \n    <div class=\"content-wrapper\">\n        <div class=\"top\">\n                    <\/div>\n        \n        <h3>Per-Anders Green<\/h3>\n\n        <div class=\"excerpt\">\n            Ordf\u00f6rande<br \/>\r\nE-post: per-anders.green@outlook.com<br \/>\r\nTele: 0721-742182        <\/div>\n\n        <div class=\"links\">\n            \n                    <\/div>\n        \n    <\/div>\n<\/div><div class=\"person-card\">\n    \n            <div class=\"featured_image\">\n            <img loading=\"lazy\" decoding=\"async\" width=\"150\" height=\"150\" src=\"https:\/\/nyforetagarcentrum.se\/bromolla\/wp-content\/uploads\/sites\/30\/2024\/05\/StyrelseNFC_2-150x150.jpg\" class=\"attachment-thumbnail size-thumbnail\" alt=\"\" \/>        <\/div>\n    \n    <div class=\"content-wrapper\">\n        <div class=\"top\">\n                    <\/div>\n        \n        <h3>Johan Nordstr\u00f6m<\/h3>\n\n        <div class=\"excerpt\">\n            Vice ordf\u00f6rande        <\/div>\n\n        <div class=\"links\">\n            \n                    <\/div>\n        \n    <\/div>\n<\/div><div class=\"person-card\">\n    \n            <div class=\"featured_image\">\n            <img loading=\"lazy\" decoding=\"async\" width=\"150\" height=\"150\" src=\"https:\/\/nyforetagarcentrum.se\/bromolla\/wp-content\/uploads\/sites\/30\/2024\/05\/StyrelseNFC_3-150x150.jpg\" class=\"attachment-thumbnail size-thumbnail\" alt=\"\" \/>        <\/div>\n    \n    <div class=\"content-wrapper\">\n        <div class=\"top\">\n                    <\/div>\n        \n        <h3>Andr\u00e9 Boberg<\/h3>\n\n        <div class=\"excerpt\">\n            Kass\u00f6r        <\/div>\n\n        <div class=\"links\">\n            \n                    <\/div>\n        \n    <\/div>\n<\/div><div class=\"person-card\">\n    \n            <div class=\"featured_image\">\n            <img loading=\"lazy\" decoding=\"async\" width=\"150\" height=\"150\" src=\"https:\/\/nyforetagarcentrum.se\/bromolla\/wp-content\/uploads\/sites\/30\/2024\/05\/StyrelseNFC-150x150.jpg\" class=\"attachment-thumbnail size-thumbnail\" alt=\"\" \/>        <\/div>\n    \n    <div class=\"content-wrapper\">\n        <div class=\"top\">\n                    <\/div>\n        \n        <h3>Maria Wulff<\/h3>\n\n        <div class=\"excerpt\">\n            Styrelseledamot        <\/div>\n\n        <div class=\"links\">\n            \n                    <\/div>\n        \n    <\/div>\n<\/div><div class=\"person-card\">\n    \n            <div class=\"featured_image\">\n            <img loading=\"lazy\" decoding=\"async\" width=\"150\" height=\"150\" src=\"https:\/\/nyforetagarcentrum.se\/bromolla\/wp-content\/uploads\/sites\/30\/2024\/05\/StyrelseNFC_6-150x150.jpg\" class=\"attachment-thumbnail size-thumbnail\" alt=\"\" \/>        <\/div>\n    \n    <div class=\"content-wrapper\">\n        <div class=\"top\">\n                    <\/div>\n        \n        <h3>Anna-Karin Mattsson<\/h3>\n\n        <div class=\"excerpt\">\n            Styrelseledamot        <\/div>\n\n        <div class=\"links\">\n            \n                    <\/div>\n        \n    <\/div>\n<\/div><div class=\"person-card\">\n    \n    \n    <div class=\"content-wrapper\">\n        <div class=\"top\">\n                    <\/div>\n        \n        <h3>Therese H\u00e5kansson<\/h3>\n\n        <div class=\"excerpt\">\n            Styrelseledamot        <\/div>\n\n        <div class=\"links\">\n            \n                    <\/div>\n        \n    <\/div>\n<\/div><div class=\"person-card\">\n    \n    \n    <div class=\"content-wrapper\">\n        <div class=\"top\">\n                    <\/div>\n        \n        <h3>Amanda Birgersson<\/h3>\n\n        <div class=\"excerpt\">\n            Styrelseledamot        <\/div>\n\n        <div class=\"links\">\n            \n                    <\/div>\n        \n    <\/div>\n<\/div><div class=\"person-card\">\n    \n    \n    <div class=\"content-wrapper\">\n        <div class=\"top\">\n                    <\/div>\n        \n        <h3>Daniel Ristovski<\/h3>\n\n        <div class=\"excerpt\">\n            Styrelseledamot        <\/div>\n\n        <div class=\"links\">\n            \n                    <\/div>\n        \n    <\/div>\n<\/div><div class=\"person-card\">\n    \n    \n    <div class=\"content-wrapper\">\n        <div class=\"top\">\n                    <\/div>\n        \n        <h3>Sandra Lundin<\/h3>\n\n        <div class=\"excerpt\">\n            Styrelseledamot        <\/div>\n\n        <div class=\"links\">\n            \n                    <\/div>\n        \n    <\/div>\n<\/div>        <\/div>\n    <\/div>\n<\/section>\n\n\n<div style=\"height:100px\" aria-hidden=\"true\" class=\"wp-block-spacer\"><\/div>\n","protected":false},"excerpt":{"rendered":"","protected":false},"author":1,"featured_media":0,"parent":0,"menu_order":0,"comment_status":"closed","ping_status":"closed","template":"","meta":{"footnotes":""},"acf":[],"yoast_head":"<!-- This site is optimized with the Yoast SEO plugin v22.9 - https:\/\/yoast.com\/wordpress\/plugins\/seo\/ -->\n<title>V\u00e5r styrelse - Brom\u00f6lla<\/title>\n<meta name=\"robots\" content=\"index, follow, max-snippet:-1, max-image-preview:large, max-video-preview:-1\" \/>\n<link rel=\"canonical\" href=\"https:\/\/nyforetagarcentrum.se\/bromolla\/var-styrelse\/\" \/>\n<meta property=\"og:locale\" content=\"sv_SE\" \/>\n<meta property=\"og:type\" content=\"article\" \/>\n<meta property=\"og:title\" content=\"V\u00e5r styrelse - Brom\u00f6lla\" \/>\n<meta property=\"og:url\" content=\"https:\/\/nyforetagarcentrum.se\/bromolla\/var-styrelse\/\" \/>\n<meta property=\"og:site_name\" content=\"Brom\u00f6lla\" \/>\n<meta property=\"article:modified_time\" content=\"2025-02-18T08:50:58+00:00\" \/>\n<meta name=\"twitter:card\" content=\"summary_large_image\" \/>\n<script type=\"application\/ld+json\" class=\"yoast-schema-graph\">{\"@context\":\"https:\/\/schema.org\",\"@graph\":[{\"@type\":\"WebPage\",\"@id\":\"https:\/\/nyforetagarcentrum.se\/bromolla\/var-styrelse\/\",\"url\":\"https:\/\/nyforetagarcentrum.se\/bromolla\/var-styrelse\/\",\"name\":\"V\u00e5r styrelse - Brom\u00f6lla\",\"isPartOf\":{\"@id\":\"https:\/\/nyforetagarcentrum.se\/bromolla\/#website\"},\"datePublished\":\"2024-02-27T15:05:17+00:00\",\"dateModified\":\"2025-02-18T08:50:58+00:00\",\"breadcrumb\":{\"@id\":\"https:\/\/nyforetagarcentrum.se\/bromolla\/var-styrelse\/#breadcrumb\"},\"inLanguage\":\"sv-SE\",\"potentialAction\":[{\"@type\":\"ReadAction\",\"target\":[\"https:\/\/nyforetagarcentrum.se\/bromolla\/var-styrelse\/\"]}]},{\"@type\":\"BreadcrumbList\",\"@id\":\"https:\/\/nyforetagarcentrum.se\/bromolla\/var-styrelse\/#breadcrumb\",\"itemListElement\":[{\"@type\":\"ListItem\",\"position\":1,\"name\":\"Hem\",\"item\":\"https:\/\/nyforetagarcentrum.se\/bromolla\/\"},{\"@type\":\"ListItem\",\"position\":2,\"name\":\"V\u00e5r styrelse\"}]},{\"@type\":\"WebSite\",\"@id\":\"https:\/\/nyforetagarcentrum.se\/bromolla\/#website\",\"url\":\"https:\/\/nyforetagarcentrum.se\/bromolla\/\",\"name\":\"Brom\u00f6lla\",\"description\":\"Sveriges ledande kraft f\u00f6r fler nya livskraftiga f\u00f6retag\",\"publisher\":{\"@id\":\"https:\/\/nyforetagarcentrum.se\/bromolla\/#organization\"},\"potentialAction\":[{\"@type\":\"SearchAction\",\"target\":{\"@type\":\"EntryPoint\",\"urlTemplate\":\"https:\/\/nyforetagarcentrum.se\/bromolla\/?s={search_term_string}\"},\"query-input\":\"required name=search_term_string\"}],\"inLanguage\":\"sv-SE\"},{\"@type\":\"Organization\",\"@id\":\"https:\/\/nyforetagarcentrum.se\/bromolla\/#organization\",\"name\":\"Brom\u00f6lla\",\"url\":\"https:\/\/nyforetagarcentrum.se\/bromolla\/\",\"logo\":{\"@type\":\"ImageObject\",\"inLanguage\":\"sv-SE\",\"@id\":\"https:\/\/nyforetagarcentrum.se\/bromolla\/#\/schema\/logo\/image\/\",\"url\":\"https:\/\/nyforetagarcentrum.se\/bromolla\/wp-content\/uploads\/sites\/30\/2024\/04\/Bromolla.png\",\"contentUrl\":\"https:\/\/nyforetagarcentrum.se\/bromolla\/wp-content\/uploads\/sites\/30\/2024\/04\/Bromolla.png\",\"width\":1082,\"height\":542,\"caption\":\"Brom\u00f6lla\"},\"image\":{\"@id\":\"https:\/\/nyforetagarcentrum.se\/bromolla\/#\/schema\/logo\/image\/\"}}]}<\/script>\n<!-- \/ Yoast SEO plugin. -->","yoast_head_json":{"title":"V\u00e5r styrelse - Brom\u00f6lla","robots":{"index":"index","follow":"follow","max-snippet":"max-snippet:-1","max-image-preview":"max-image-preview:large","max-video-preview":"max-video-preview:-1"},"canonical":"https:\/\/nyforetagarcentrum.se\/bromolla\/var-styrelse\/","og_locale":"sv_SE","og_type":"article","og_title":"V\u00e5r styrelse - Brom\u00f6lla","og_url":"https:\/\/nyforetagarcentrum.se\/bromolla\/var-styrelse\/","og_site_name":"Brom\u00f6lla","article_modified_time":"2025-02-18T08:50:58+00:00","twitter_card":"summary_large_image","schema":{"@context":"https:\/\/schema.org","@graph":[{"@type":"WebPage","@id":"https:\/\/nyforetagarcentrum.se\/bromolla\/var-styrelse\/","url":"https:\/\/nyforetagarcentrum.se\/bromolla\/var-styrelse\/","name":"V\u00e5r styrelse - Brom\u00f6lla","isPartOf":{"@id":"https:\/\/nyforetagarcentrum.se\/bromolla\/#website"},"datePublished":"2024-02-27T15:05:17+00:00","dateModified":"2025-02-18T08:50:58+00:00","breadcrumb":{"@id":"https:\/\/nyforetagarcentrum.se\/bromolla\/var-styrelse\/#breadcrumb"},"inLanguage":"sv-SE","potentialAction":[{"@type":"ReadAction","target":["https:\/\/nyforetagarcentrum.se\/bromolla\/var-styrelse\/"]}]},{"@type":"BreadcrumbList","@id":"https:\/\/nyforetagarcentrum.se\/bromolla\/var-styrelse\/#breadcrumb","itemListElement":[{"@type":"ListItem","position":1,"name":"Hem","item":"https:\/\/nyforetagarcentrum.se\/bromolla\/"},{"@type":"ListItem","position":2,"name":"V\u00e5r styrelse"}]},{"@type":"WebSite","@id":"https:\/\/nyforetagarcentrum.se\/bromolla\/#website","url":"https:\/\/nyforetagarcentrum.se\/bromolla\/","name":"Brom\u00f6lla","description":"Sveriges ledande kraft f\u00f6r fler nya livskraftiga f\u00f6retag","publisher":{"@id":"https:\/\/nyforetagarcentrum.se\/bromolla\/#organization"},"potentialAction":[{"@type":"SearchAction","target":{"@type":"EntryPoint","urlTemplate":"https:\/\/nyforetagarcentrum.se\/bromolla\/?s={search_term_string}"},"query-input":"required name=search_term_string"}],"inLanguage":"sv-SE"},{"@type":"Organization","@id":"https:\/\/nyforetagarcentrum.se\/bromolla\/#organization","name":"Brom\u00f6lla","url":"https:\/\/nyforetagarcentrum.se\/bromolla\/","logo":{"@type":"ImageObject","inLanguage":"sv-SE","@id":"https:\/\/nyforetagarcentrum.se\/bromolla\/#\/schema\/logo\/image\/","url":"https:\/\/nyforetagarcentrum.se\/bromolla\/wp-content\/uploads\/sites\/30\/2024\/04\/Bromolla.png","contentUrl":"https:\/\/nyforetagarcentrum.se\/bromolla\/wp-content\/uploads\/sites\/30\/2024\/04\/Bromolla.png","width":1082,"height":542,"caption":"Brom\u00f6lla"},"image":{"@id":"https:\/\/nyforetagarcentrum.se\/bromolla\/#\/schema\/logo\/image\/"}}]}},"_links":{"self":[{"href":"https:\/\/nyforetagarcentrum.se\/bromolla\/wp-json\/wp\/v2\/pages\/164"}],"collection":[{"href":"https:\/\/nyforetagarcentrum.se\/bromolla\/wp-json\/wp\/v2\/pages"}],"about":[{"href":"https:\/\/nyforetagarcentrum.se\/bromolla\/wp-json\/wp\/v2\/types\/page"}],"author":[{"embeddable":true,"href":"https:\/\/nyforetagarcentrum.se\/bromolla\/wp-json\/wp\/v2\/users\/1"}],"replies":[{"embeddable":true,"href":"https:\/\/nyforetagarcentrum.se\/bromolla\/wp-json\/wp\/v2\/comments?post=164"}],"version-history":[{"count":16,"href":"https:\/\/nyforetagarcentrum.se\/bromolla\/wp-json\/wp\/v2\/pages\/164\/revisions"}],"predecessor-version":[{"id":772,"href":"https:\/\/nyforetagarcentrum.se\/bromolla\/wp-json\/wp\/v2\/pages\/164\/revisions\/772"}],"wp:attachment":[{"href":"https:\/\/nyforetagarcentrum.se\/bromolla\/wp-json\/wp\/v2\/media?parent=164"}],"curies":[{"name":"wp","href":"https:\/\/api.w.org\/{rel}","templated":true}]}}