{"id":169,"date":"2024-02-27T16:06:59","date_gmt":"2024-02-27T15:06:59","guid":{"rendered":"https:\/\/nyforetagarcentrum.se\/almhult\/?page_id=169"},"modified":"2025-04-28T10:57:55","modified_gmt":"2025-04-28T08:57:55","slug":"kontakt","status":"publish","type":"page","link":"https:\/\/nyforetagarcentrum.se\/almhult\/kontakt\/","title":{"rendered":"Kontakt"},"content":{"rendered":"<section  class=\"nfc-block-breadcrumbs\">\n    <div class=\"wrapper contained\">\n        <ol class=\"breadcrumbs\" itemscope itemtype=\"https:\/\/schema.org\/BreadcrumbList\">\n            <li itemprop=\"itemListElement\" itemscope itemtype=\"https:\/\/schema.org\/ListItem\">\n            \n\n                            <span class=\"current\" itemprop=\"name\">Hem<\/span>\n            \n            <meta itemprop=\"position\" content=\"1\" \/>\n        <\/li>\n    <\/ol>    <\/div>\n<\/section>\n\n\n<div style=\"height:100px\" aria-hidden=\"true\" class=\"wp-block-spacer\"><\/div>\n\n\n\n<div class=\"wp-block-group alignwide is-layout-constrained wp-block-group-is-layout-constrained\">\n<div class=\"wp-block-columns alignfull is-layout-flex wp-container-core-columns-is-layout-1 wp-block-columns-is-layout-flex\">\n<div class=\"wp-block-column is-layout-flow wp-block-column-is-layout-flow\">\n<p><\/p>\n\n\n\n<h1 class=\"wp-block-heading has-text-align-center\">Kontakta oss <\/h1>\n\n\n\n<p>Jag svarar p\u00e5 telefon n\u00e4r jag har m\u00f6jlighet att prata. Skicka annars ett mail eller sms s\u00e5 h\u00f6r jag av mig. Hittar du ingen tid som passar f\u00f6r r\u00e5dgivning s\u00e5 kontakta mig s\u00e5 f\u00f6rs\u00f6ker vi l\u00f6sa det. Jag \u00e4r oftast flexibel och kan erbjuda andra tider.<\/p>\n\n\n\n<p>Welcome to contact us. I answer when i\u00b4m availiable. You can also send a e-mail or a text and i\u00b4ll get back a.s.a.p. If you want to book a meeting but don\u00b4t find a time that works so please let me know. I\u00b4ll do my best to find a time that works for you.<\/p>\n<\/div>\n\n\n\n<div class=\"wp-block-column is-layout-flow wp-block-column-is-layout-flow\">\n<p>\u00c4r du intresserad av att&nbsp;<strong>boka r\u00e5dgivning<\/strong>&nbsp;g\u00f6r du det l\u00e4ttast direkt online. Har du andra fr\u00e5gor kan du kontakta oss via formul\u00e4ret eller p\u00e5 telefon.<\/p>\n\n\n\n<div style=\"height:16px\" aria-hidden=\"true\" class=\"wp-block-spacer\"><\/div>\n\n\n\n<div class=\"wp-block-buttons is-layout-flex wp-block-buttons-is-layout-flex\">\n<div class=\"wp-block-button\"><a class=\"wp-block-button__link wp-element-button\" href=\"https:\/\/jobsdata-nyforetagarcentrum.se\/ExternBooking?OfficeId=21bff437-5c96-e811-80d7-0050568571f4\" target=\"_blank\" rel=\"noreferrer noopener\">Boka r\u00e5dgivning<\/a><\/div>\n<\/div>\n<\/div>\n<\/div>\n<\/div>\n\n\n\n<div style=\"height:100px\" aria-hidden=\"true\" class=\"wp-block-spacer\"><\/div>\n\n\n\n<div class=\"wp-block-group alignwide is-layout-constrained wp-block-group-is-layout-constrained\">\n<div class=\"wp-block-columns alignwide are-vertically-aligned-center is-layout-flex wp-container-core-columns-is-layout-2 wp-block-columns-is-layout-flex\">\n<div class=\"wp-block-column is-vertically-aligned-center is-layout-flow wp-block-column-is-layout-flow\" style=\"flex-basis:50%\">\n<div class=\"wp-block-group is-layout-constrained wp-block-group-is-layout-constrained\">\n<div class=\"wp-block-group is-vertical is-layout-flex wp-container-core-group-is-layout-2 wp-block-group-is-layout-flex\">\n<figure class=\"wp-block-image size-large\"><img loading=\"lazy\" decoding=\"async\" width=\"1024\" height=\"760\" src=\"https:\/\/nyforetagarcentrum.se\/almhult\/wp-content\/uploads\/sites\/3\/2024\/02\/Allman-bild-22-1024x760.png\" alt=\"\" class=\"wp-image-232\" srcset=\"https:\/\/nyforetagarcentrum.se\/almhult\/wp-content\/uploads\/sites\/44\/2024\/02\/Allman-bild-22-1024x760.png 1024w, https:\/\/nyforetagarcentrum.se\/almhult\/wp-content\/uploads\/sites\/44\/2024\/02\/Allman-bild-22-300x223.png 300w, https:\/\/nyforetagarcentrum.se\/almhult\/wp-content\/uploads\/sites\/44\/2024\/02\/Allman-bild-22-768x570.png 768w, https:\/\/nyforetagarcentrum.se\/almhult\/wp-content\/uploads\/sites\/44\/2024\/02\/Allman-bild-22.png 1241w\" sizes=\"(max-width: 1024px) 100vw, 1024px\" \/><\/figure>\n<\/div>\n<\/div>\n<\/div>\n\n\n\n<div class=\"wp-block-column is-layout-flow wp-block-column-is-layout-flow\" style=\"flex-basis:50%\"><section  class=\"nfc-block-form aligncenter layout-small\">\n    <div class=\"contained\">\n\n        <form data-nfc-form=\"block_9757f44060f89617e8b3c86aed5c5701\" data-nfc-page=\"169\">\n            <label class=\"input-wrapper required\" for=\"namn-och-efternamn\">\n    <span>Namn och Efternamn<\/span>\n    <input type=\"text\" name=\"namn-och-efternamn\" id=\"namn-och-efternamn\" placeholder=\"Ditt namn\" required>\n<\/label><label class=\"input-wrapper required\" for=\"mailadress\">\n    <span>Mailadress<\/span>\n    <input type=\"text\" name=\"mailadress\" id=\"mailadress\" placeholder=\"Din mailadress\" required>\n<\/label><label class=\"input-wrapper\" for=\"telefonnummer\">\n    <span>Telefonnummer<\/span>\n    <input type=\"number\" name=\"telefonnummer\" id=\"telefonnummer\" placeholder=\"Ditt telefonnummer\" >\n<\/label><label class=\"input-wrapper required\" for=\"meddelande\">\n    <span>Meddelande<\/span>\n    <textarea type=\"text\" name=\"meddelande\" id=\"meddelande\" placeholder=\"Skriv ditt meddelande h\u00e4r\" required rows=\"6\"><\/textarea>\n<\/label>\n            <div class=\"input-wrapper\">\n                <button type=\"submit\" class=\"button\">Skicka<\/button>\n            <\/div>\n        <\/form>\n    <\/div>\n<\/section><\/div>\n<\/div>\n<\/div>\n\n\n\n<div style=\"height:100px\" aria-hidden=\"true\" class=\"wp-block-spacer\"><\/div>\n\n\n<section  class=\"nfc-block-split_screen alignwide image_alignment-right theme-dark\">\n    <div class=\"wrapper\">\n        <div class=\"nfc-block-split_screen__image-wrapper\">\n            <img loading=\"lazy\" decoding=\"async\" width=\"720\" height=\"1080\" src=\"https:\/\/nyforetagarcentrum.se\/almhult\/wp-content\/uploads\/sites\/44\/2024\/02\/074fbd4f185748329fcc0d3630a184b2-720x1080-1.png\" class=\"attachment-landscape size-landscape\" alt=\"\" srcset=\"https:\/\/nyforetagarcentrum.se\/almhult\/wp-content\/uploads\/sites\/44\/2024\/02\/074fbd4f185748329fcc0d3630a184b2-720x1080-1.png 720w, https:\/\/nyforetagarcentrum.se\/almhult\/wp-content\/uploads\/sites\/44\/2024\/02\/074fbd4f185748329fcc0d3630a184b2-720x1080-1-200x300.png 200w, https:\/\/nyforetagarcentrum.se\/almhult\/wp-content\/uploads\/sites\/44\/2024\/02\/074fbd4f185748329fcc0d3630a184b2-720x1080-1-683x1024.png 683w\" sizes=\"(max-width: 720px) 100vw, 720px\" \/>        <\/div>\n\n        <div class=\"nfc-block-split_screen__content-wrapper\">\n            <h2>Kontakta<\/h2>\n<h2>Nyf\u00f6retagarCentrum \u00c4lmhult<\/h2>\n<p>&nbsp;<\/p>\n<p>T: 076-6325540<br \/>\nM: almhult@nyforetagarcentrum.se<\/p>\n<p><strong>Nyf\u00f6retagarCentrum \u00c4lmhult<\/strong><\/p>\n<p>Driv\u00e5gatan 11, 34334 \u00c4lmhult<\/p>\n\n            \n        <\/div>\n    <\/div>\n<\/section>\n\n\n<div style=\"height:100px\" aria-hidden=\"true\" class=\"wp-block-spacer\"><\/div>\n\n\n<script>const member_map_block_28c4693fae6a56f05f8325ddd828db54 = [{\"id\":\"44-326\",\"lng\":\"14.1218939\",\"lat\":\"56.5396579\",\"title\":\"Nyf\\u00f6retagarCentrum \\u00c4lmhult\",\"address\":\"Driv\\u00e5gatan 11, 343 34  \\u00c4lmhult\"}];<\/script>\n\n<!-- Loads the google map api. -->\n<script type=\"text\/javascript\" src=\"\/\/maps.googleapis.com\/maps\/api\/js?key=AIzaSyDGhZjiYRUYd9Gp8cEzhhoiQNx5apfS6jM&#038;sensor=false\"><\/script>\n\n<section  class=\"nfc-block-locations alignwide\">\n\n    <div class=\"search-wrapper\">\n        <input type=\"text\" id=\"search-location\" placeholder=\"S\u00f6k p\u00e5 ort eller adress\">\n    <\/div>\n\n    <div class=\"location-list\">\n\n                    <div class=\"location\" id=\"location-44-326\">\n                <h2 class=\"location-title\">Nyf\u00f6retagarCentrum \u00c4lmhult<\/h2>\n\n                <div class=\"address-container\">\n                    <p>Driv\u00e5gatan 11<\/p>\n                    <p>343 34  \u00c4lmhult<\/p>\n                <\/div>\n\n                                    <a href=\"https:\/\/www.nyforetagarcentrum.se\/almhult\/\" class=\"location-link\" target=\"_blank\" rel=\"noopener noreferrer\">https:\/\/www.nyforetagarcentrum.se\/almhult\/<\/a>\n                \n            <\/div>\n        \n    <\/div>\n    <div class=\"location-map\" id=\"map\">\n        <noscript><p>JavaScript is required to render the Google Map.<\/p><\/noscript>\n    <\/div>\n<\/section>\n\n\n\n<script>\n\n\t\/\/ Initialize and add the map\n\tlet map;\n\n\tasync function initMap() {\n\n        \/\/ Fetch the current position based on the user's IP address.\n        const userLocation = await fetch('https:\/\/ipapi.co\/json\/')\n            .then(response => response.json())\n            .then(data => {\n                return {\n                    lat: data.latitude,\n                    lng: data.longitude\n                };\n            })\n            .catch(error => {\n                console.error('Error:', error);\n            });\n\n\n\n\t\t\/\/ Request needed libraries.\n\t\tconst { Map } = await google.maps.importLibrary(\"maps\");\n\t\tconst { AdvancedMarkerElement } = await google.maps.importLibrary(\"marker\");\n\n\t\t\/\/ The map, centered at Uluru\n\t\tmap = new google.maps.Map(document.getElementById(\"map\"), {\n\t\t\tzoom: 5,\n\t\t\tmapId: \"7883236a355b0892\"\n\t\t});\n\n\n\t\t\/\/ Add the pins\n\t\tconst pins = member_map_block_28c4693fae6a56f05f8325ddd828db54;\n\t\tconst markers = pins.map(pin => {\n\n\t\t\tconst marker = new AdvancedMarkerElement({\n\t\t\t\tposition: { lat: Number(pin.lat), lng: Number(pin.lng) },\n\t\t\t\tmap,\n\t\t\t\ttitle: pin.title,\n\t\t\t});\n\n\t\t\tmarker.addListener('gmp-click', () => {\n                const el = document.getElementById('location-' + pin.id);\n                if ( ! el ) {\n                    return;\n                }\n\n                el.scrollIntoView({ behavior: 'smooth', block: 'nearest', inline: 'start' })\n                el.classList.add('highlighted');\n                setTimeout(() => el.classList.remove('highlighted'), 1000);\n\t\t\t})\n\n\t\t\treturn {marker, pin};\n\t\t});\n\n\n        const bounds = new google.maps.LatLngBounds();\n        markers.forEach(marker => bounds.extend(marker.marker.position));\n\n\n        \/\/ Center the map on the user location\n        if (userLocation && bounds.contains(userLocation)) {\n            map.setCenter(userLocation);\n            map.setZoom(9);\n        } else {\n            map.fitBounds(bounds);\n        }\n\n        google.maps.event.addListener(map, 'idle', function() {\n            if (markers.some(marker => map.getBounds().contains(marker.marker.position))) {\n            } else {\n                map.setZoom(map.getZoom() - 1);\n            }\n        });\n\n\n\n        const searchInput = document.getElementById('search-location');\n        if (searchInput) {\n            searchInput.addEventListener('input', (e) => {\n                const search = e.target.value.toLowerCase();\n                const locations = document.querySelectorAll('.location');\n                locations.forEach(location => {\n                    const title = location.querySelector('.location-title').textContent.toLowerCase();\n                    const address = location.querySelector('.address-container').textContent.toLowerCase();\n                    if (title.includes(search) || address.includes(search)) {\n                        location.style.display = 'block';\n                    } else {\n                        location.style.display = 'none';\n                    }\n                });\n\n                const bounds = new google.maps.LatLngBounds();\n\n\n                let hasMarker = false;\n                markers.forEach(marker => {\n                    const title = marker.pin.title.toLowerCase();\n                    const address = marker.pin.address.toLowerCase();\n                    if (title.includes(search) || address.includes(search)) {\n                        marker.marker.setMap(map);\n                        bounds.extend(marker.marker.position)\n                        hasMarker = true;\n                    } else {\n                        marker.marker.setMap(null);\n                    }\n                });\n\n                if (!hasMarker) {\n                    map.setCenter({ lat: 62.3908, lng: 16.3252 });\n                    map.setZoom(5);\n                } else {\n                    map.fitBounds(bounds);\n                }\n            });\n        }\n\t}\n\n\tinitMap();\n\n\n<\/script>\n\n\n<div style=\"height:100px\" aria-hidden=\"true\" class=\"wp-block-spacer\"><\/div>\n","protected":false},"excerpt":{"rendered":"<p>Kontakta oss Jag svarar p\u00e5 telefon n\u00e4r jag har m\u00f6jlighet att prata. Skicka annars ett mail eller sms s\u00e5 h\u00f6r jag av mig. Hittar du ingen tid som passar f\u00f6r r\u00e5dgivning s\u00e5 kontakta mig s\u00e5 f\u00f6rs\u00f6ker vi l\u00f6sa det. Jag \u00e4r oftast flexibel och kan erbjuda andra tider. Welcome to contact us. I answer when [&hellip;]<\/p>\n","protected":false},"author":1,"featured_media":0,"parent":0,"menu_order":0,"comment_status":"closed","ping_status":"closed","template":"","meta":{"footnotes":""},"acf":[],"yoast_head":"<!-- This site is optimized with the Yoast SEO plugin v22.9 - https:\/\/yoast.com\/wordpress\/plugins\/seo\/ -->\n<title>Kontakt - \u00c4lmhult<\/title>\n<meta name=\"description\" content=\"Har du nyligen startat f\u00f6retag i \u00c4lmhult? H\u00e4r hittar du kontaktuppgifter samt inl\u00e4mningsformul\u00e4r till Nyf\u00f6retagarCentrum \u00c4lmhult.\" \/>\n<meta name=\"robots\" content=\"index, follow, max-snippet:-1, max-image-preview:large, max-video-preview:-1\" \/>\n<link rel=\"canonical\" href=\"https:\/\/nyforetagarcentrum.se\/almhult\/kontakt\/\" \/>\n<meta property=\"og:locale\" content=\"sv_SE\" \/>\n<meta property=\"og:type\" content=\"article\" \/>\n<meta property=\"og:title\" content=\"Kontakt - \u00c4lmhult\" \/>\n<meta property=\"og:description\" content=\"Har du nyligen startat f\u00f6retag i \u00c4lmhult? H\u00e4r hittar du kontaktuppgifter samt inl\u00e4mningsformul\u00e4r till Nyf\u00f6retagarCentrum \u00c4lmhult.\" \/>\n<meta property=\"og:url\" content=\"https:\/\/nyforetagarcentrum.se\/almhult\/kontakt\/\" \/>\n<meta property=\"og:site_name\" content=\"\u00c4lmhult\" \/>\n<meta property=\"article:modified_time\" content=\"2025-04-28T08:57:55+00:00\" \/>\n<meta property=\"og:image\" content=\"https:\/\/nyforetagarcentrum.se\/almhult\/wp-content\/uploads\/sites\/3\/2024\/02\/Allman-bild-22-1024x760.png\" \/>\n<meta name=\"twitter:card\" content=\"summary_large_image\" \/>\n<meta name=\"twitter:label1\" content=\"Ber\u00e4knad l\u00e4stid\" \/>\n\t<meta name=\"twitter:data1\" content=\"1 minut\" \/>\n<script type=\"application\/ld+json\" class=\"yoast-schema-graph\">{\"@context\":\"https:\/\/schema.org\",\"@graph\":[{\"@type\":\"WebPage\",\"@id\":\"https:\/\/nyforetagarcentrum.se\/almhult\/kontakt\/\",\"url\":\"https:\/\/nyforetagarcentrum.se\/almhult\/kontakt\/\",\"name\":\"Kontakt - \u00c4lmhult\",\"isPartOf\":{\"@id\":\"https:\/\/nyforetagarcentrum.se\/almhult\/#website\"},\"primaryImageOfPage\":{\"@id\":\"https:\/\/nyforetagarcentrum.se\/almhult\/kontakt\/#primaryimage\"},\"image\":{\"@id\":\"https:\/\/nyforetagarcentrum.se\/almhult\/kontakt\/#primaryimage\"},\"thumbnailUrl\":\"https:\/\/nyforetagarcentrum.se\/almhult\/wp-content\/uploads\/sites\/3\/2024\/02\/Allman-bild-22-1024x760.png\",\"datePublished\":\"2024-02-27T15:06:59+00:00\",\"dateModified\":\"2025-04-28T08:57:55+00:00\",\"description\":\"Har du nyligen startat f\u00f6retag i \u00c4lmhult? H\u00e4r hittar du kontaktuppgifter samt inl\u00e4mningsformul\u00e4r till Nyf\u00f6retagarCentrum \u00c4lmhult.\",\"breadcrumb\":{\"@id\":\"https:\/\/nyforetagarcentrum.se\/almhult\/kontakt\/#breadcrumb\"},\"inLanguage\":\"sv-SE\",\"potentialAction\":[{\"@type\":\"ReadAction\",\"target\":[\"https:\/\/nyforetagarcentrum.se\/almhult\/kontakt\/\"]}]},{\"@type\":\"ImageObject\",\"inLanguage\":\"sv-SE\",\"@id\":\"https:\/\/nyforetagarcentrum.se\/almhult\/kontakt\/#primaryimage\",\"url\":\"https:\/\/nyforetagarcentrum.se\/almhult\/wp-content\/uploads\/sites\/44\/2024\/02\/Allman-bild-22.png\",\"contentUrl\":\"https:\/\/nyforetagarcentrum.se\/almhult\/wp-content\/uploads\/sites\/44\/2024\/02\/Allman-bild-22.png\",\"width\":1241,\"height\":921},{\"@type\":\"BreadcrumbList\",\"@id\":\"https:\/\/nyforetagarcentrum.se\/almhult\/kontakt\/#breadcrumb\",\"itemListElement\":[{\"@type\":\"ListItem\",\"position\":1,\"name\":\"Hem\",\"item\":\"https:\/\/nyforetagarcentrum.se\/almhult\/\"},{\"@type\":\"ListItem\",\"position\":2,\"name\":\"Kontakt\"}]},{\"@type\":\"WebSite\",\"@id\":\"https:\/\/nyforetagarcentrum.se\/almhult\/#website\",\"url\":\"https:\/\/nyforetagarcentrum.se\/almhult\/\",\"name\":\"\u00c4lmhult\",\"description\":\"Sveriges ledande kraft f\u00f6r fler nya livskraftiga f\u00f6retag\",\"publisher\":{\"@id\":\"https:\/\/nyforetagarcentrum.se\/almhult\/#organization\"},\"potentialAction\":[{\"@type\":\"SearchAction\",\"target\":{\"@type\":\"EntryPoint\",\"urlTemplate\":\"https:\/\/nyforetagarcentrum.se\/almhult\/?s={search_term_string}\"},\"query-input\":\"required name=search_term_string\"}],\"inLanguage\":\"sv-SE\"},{\"@type\":\"Organization\",\"@id\":\"https:\/\/nyforetagarcentrum.se\/almhult\/#organization\",\"name\":\"\u00c4lmhult\",\"url\":\"https:\/\/nyforetagarcentrum.se\/almhult\/\",\"logo\":{\"@type\":\"ImageObject\",\"inLanguage\":\"sv-SE\",\"@id\":\"https:\/\/nyforetagarcentrum.se\/almhult\/#\/schema\/logo\/image\/\",\"url\":\"https:\/\/nyforetagarcentrum.se\/almhult\/wp-content\/uploads\/sites\/44\/2024\/07\/almhult_bla.png\",\"contentUrl\":\"https:\/\/nyforetagarcentrum.se\/almhult\/wp-content\/uploads\/sites\/44\/2024\/07\/almhult_bla.png\",\"width\":870,\"height\":355,\"caption\":\"\u00c4lmhult\"},\"image\":{\"@id\":\"https:\/\/nyforetagarcentrum.se\/almhult\/#\/schema\/logo\/image\/\"}}]}<\/script>\n<!-- \/ Yoast SEO plugin. -->","yoast_head_json":{"title":"Kontakt - \u00c4lmhult","description":"Har du nyligen startat f\u00f6retag i \u00c4lmhult? H\u00e4r hittar du kontaktuppgifter samt inl\u00e4mningsformul\u00e4r till Nyf\u00f6retagarCentrum \u00c4lmhult.","robots":{"index":"index","follow":"follow","max-snippet":"max-snippet:-1","max-image-preview":"max-image-preview:large","max-video-preview":"max-video-preview:-1"},"canonical":"https:\/\/nyforetagarcentrum.se\/almhult\/kontakt\/","og_locale":"sv_SE","og_type":"article","og_title":"Kontakt - \u00c4lmhult","og_description":"Har du nyligen startat f\u00f6retag i \u00c4lmhult? H\u00e4r hittar du kontaktuppgifter samt inl\u00e4mningsformul\u00e4r till Nyf\u00f6retagarCentrum \u00c4lmhult.","og_url":"https:\/\/nyforetagarcentrum.se\/almhult\/kontakt\/","og_site_name":"\u00c4lmhult","article_modified_time":"2025-04-28T08:57:55+00:00","og_image":[{"url":"https:\/\/nyforetagarcentrum.se\/almhult\/wp-content\/uploads\/sites\/3\/2024\/02\/Allman-bild-22-1024x760.png"}],"twitter_card":"summary_large_image","twitter_misc":{"Ber\u00e4knad l\u00e4stid":"1 minut"},"schema":{"@context":"https:\/\/schema.org","@graph":[{"@type":"WebPage","@id":"https:\/\/nyforetagarcentrum.se\/almhult\/kontakt\/","url":"https:\/\/nyforetagarcentrum.se\/almhult\/kontakt\/","name":"Kontakt - \u00c4lmhult","isPartOf":{"@id":"https:\/\/nyforetagarcentrum.se\/almhult\/#website"},"primaryImageOfPage":{"@id":"https:\/\/nyforetagarcentrum.se\/almhult\/kontakt\/#primaryimage"},"image":{"@id":"https:\/\/nyforetagarcentrum.se\/almhult\/kontakt\/#primaryimage"},"thumbnailUrl":"https:\/\/nyforetagarcentrum.se\/almhult\/wp-content\/uploads\/sites\/3\/2024\/02\/Allman-bild-22-1024x760.png","datePublished":"2024-02-27T15:06:59+00:00","dateModified":"2025-04-28T08:57:55+00:00","description":"Har du nyligen startat f\u00f6retag i \u00c4lmhult? H\u00e4r hittar du kontaktuppgifter samt inl\u00e4mningsformul\u00e4r till Nyf\u00f6retagarCentrum \u00c4lmhult.","breadcrumb":{"@id":"https:\/\/nyforetagarcentrum.se\/almhult\/kontakt\/#breadcrumb"},"inLanguage":"sv-SE","potentialAction":[{"@type":"ReadAction","target":["https:\/\/nyforetagarcentrum.se\/almhult\/kontakt\/"]}]},{"@type":"ImageObject","inLanguage":"sv-SE","@id":"https:\/\/nyforetagarcentrum.se\/almhult\/kontakt\/#primaryimage","url":"https:\/\/nyforetagarcentrum.se\/almhult\/wp-content\/uploads\/sites\/44\/2024\/02\/Allman-bild-22.png","contentUrl":"https:\/\/nyforetagarcentrum.se\/almhult\/wp-content\/uploads\/sites\/44\/2024\/02\/Allman-bild-22.png","width":1241,"height":921},{"@type":"BreadcrumbList","@id":"https:\/\/nyforetagarcentrum.se\/almhult\/kontakt\/#breadcrumb","itemListElement":[{"@type":"ListItem","position":1,"name":"Hem","item":"https:\/\/nyforetagarcentrum.se\/almhult\/"},{"@type":"ListItem","position":2,"name":"Kontakt"}]},{"@type":"WebSite","@id":"https:\/\/nyforetagarcentrum.se\/almhult\/#website","url":"https:\/\/nyforetagarcentrum.se\/almhult\/","name":"\u00c4lmhult","description":"Sveriges ledande kraft f\u00f6r fler nya livskraftiga f\u00f6retag","publisher":{"@id":"https:\/\/nyforetagarcentrum.se\/almhult\/#organization"},"potentialAction":[{"@type":"SearchAction","target":{"@type":"EntryPoint","urlTemplate":"https:\/\/nyforetagarcentrum.se\/almhult\/?s={search_term_string}"},"query-input":"required name=search_term_string"}],"inLanguage":"sv-SE"},{"@type":"Organization","@id":"https:\/\/nyforetagarcentrum.se\/almhult\/#organization","name":"\u00c4lmhult","url":"https:\/\/nyforetagarcentrum.se\/almhult\/","logo":{"@type":"ImageObject","inLanguage":"sv-SE","@id":"https:\/\/nyforetagarcentrum.se\/almhult\/#\/schema\/logo\/image\/","url":"https:\/\/nyforetagarcentrum.se\/almhult\/wp-content\/uploads\/sites\/44\/2024\/07\/almhult_bla.png","contentUrl":"https:\/\/nyforetagarcentrum.se\/almhult\/wp-content\/uploads\/sites\/44\/2024\/07\/almhult_bla.png","width":870,"height":355,"caption":"\u00c4lmhult"},"image":{"@id":"https:\/\/nyforetagarcentrum.se\/almhult\/#\/schema\/logo\/image\/"}}]}},"_links":{"self":[{"href":"https:\/\/nyforetagarcentrum.se\/almhult\/wp-json\/wp\/v2\/pages\/169"}],"collection":[{"href":"https:\/\/nyforetagarcentrum.se\/almhult\/wp-json\/wp\/v2\/pages"}],"about":[{"href":"https:\/\/nyforetagarcentrum.se\/almhult\/wp-json\/wp\/v2\/types\/page"}],"author":[{"embeddable":true,"href":"https:\/\/nyforetagarcentrum.se\/almhult\/wp-json\/wp\/v2\/users\/1"}],"replies":[{"embeddable":true,"href":"https:\/\/nyforetagarcentrum.se\/almhult\/wp-json\/wp\/v2\/comments?post=169"}],"version-history":[{"count":19,"href":"https:\/\/nyforetagarcentrum.se\/almhult\/wp-json\/wp\/v2\/pages\/169\/revisions"}],"predecessor-version":[{"id":528,"href":"https:\/\/nyforetagarcentrum.se\/almhult\/wp-json\/wp\/v2\/pages\/169\/revisions\/528"}],"wp:attachment":[{"href":"https:\/\/nyforetagarcentrum.se\/almhult\/wp-json\/wp\/v2\/media?parent=169"}],"curies":[{"name":"wp","href":"https:\/\/api.w.org\/{rel}","templated":true}]}}