{"id":723,"date":"2024-11-06T11:39:37","date_gmt":"2024-11-06T10:39:37","guid":{"rendered":"https:\/\/nyforetagarcentrum.se\/alingsas\/?page_id=723"},"modified":"2024-11-07T09:57:33","modified_gmt":"2024-11-07T08:57:33","slug":"bli-samarbetspartner-till-nyforetagarcentrum-alingsas","status":"publish","type":"page","link":"https:\/\/nyforetagarcentrum.se\/alingsas\/bli-samarbetspartner-till-nyforetagarcentrum-alingsas\/","title":{"rendered":"Bli samarbetspartner till Nyf\u00f6retagarCentrum Alings\u00e5s"},"content":{"rendered":"\n<div style=\"height:var(--wp--preset--spacing--80)\" aria-hidden=\"true\" class=\"wp-block-spacer\"><\/div>\n\n\n<section  class=\"nfc-block-split_screen alignwide image_alignment-left\">\n    <div class=\"wrapper\">\n        <div class=\"nfc-block-split_screen__image-wrapper\">\n            <img loading=\"lazy\" decoding=\"async\" width=\"984\" height=\"515\" src=\"https:\/\/nyforetagarcentrum.se\/alingsas\/wp-content\/uploads\/sites\/80\/2024\/11\/cytonn-photography-n95VMLxqM2I-unsplash.jpg\" class=\"attachment-landscape size-landscape\" alt=\"\" srcset=\"https:\/\/nyforetagarcentrum.se\/alingsas\/wp-content\/uploads\/sites\/80\/2024\/11\/cytonn-photography-n95VMLxqM2I-unsplash.jpg 984w, https:\/\/nyforetagarcentrum.se\/alingsas\/wp-content\/uploads\/sites\/80\/2024\/11\/cytonn-photography-n95VMLxqM2I-unsplash-300x157.jpg 300w, https:\/\/nyforetagarcentrum.se\/alingsas\/wp-content\/uploads\/sites\/80\/2024\/11\/cytonn-photography-n95VMLxqM2I-unsplash-768x402.jpg 768w\" sizes=\"(max-width: 984px) 100vw, 984px\" \/>        <\/div>\n\n        <div class=\"nfc-block-split_screen__content-wrapper\">\n            <h1>Bli samarbetspartner till Nyf\u00f6retagarCentrum Alings\u00e5s<\/h1>\n<div>\n<p>L\u00e4gg till information h\u00e4r.<\/p>\n<\/div>\n\n                            <div class=\"nfc-block-split_screen__buttons\">\n                                            <a href=\"mailto:alingsas@nyforetagarcentrum.se\" class=\"button primary\">alingsas@nyforetagarcentrum.se<\/a>\n                                    <\/div>\n            \n        <\/div>\n    <\/div>\n<\/section>\n\n\n<div style=\"height:var(--wp--preset--spacing--80)\" aria-hidden=\"true\" class=\"wp-block-spacer\"><\/div>\n\n\n\n<h2 class=\"wp-block-heading has-text-align-center has-large-font-size\"><strong>V\u00e5ra partnerniv\u00e5e<\/strong>r<\/h2>\n\n\n\n<p class=\"has-text-align-center\">Avtal skrivs p\u00e5 1 eller 3 \u00e5r, d\u00e4r vi ger 10% rabatt p\u00e5 f\u00f6rsta \u00e5ret om avtal skrivs p\u00e5 3 \u00e5r.<br>Alla priser \u00e4r angivna exklusive moms. F\u00f6r mer information, kontakta v\u00e5r verksamhetsledare p\u00e5:<\/p>\n\n\n\n<div class=\"wp-block-buttons alignwide is-content-justification-center is-layout-flex wp-container-core-buttons-is-layout-1 wp-block-buttons-is-layout-flex\">\n<div class=\"wp-block-button\"><a class=\"wp-block-button__link wp-element-button\" href=\"mailto:alingsas@nyforetagarcentrum.se\">alingsas@nyforetagarcentrum.se<\/a><\/div>\n<\/div>\n\n\n<section  class=\"nfc-block-text_cards alignwide\">\n    <div class=\"wrapper contained\">\n                    <div class=\"text-card\">\n                <div class=\"text-card__content\">\n                    <h3 class=\"heading\" data-number=\"1\">BRONS &#8211; 5000 KR<\/h3>\n\n                                            <div class=\"description\">F\u00f6retagslogotyp p\u00e5 v\u00e5r hemsida.<br \/>\r\n<br \/>\r\nPresentation av ert f\u00f6retag och varf\u00f6r ni st\u00f6ttar NFC p\u00e5 sociala medier (vid start).<br \/>\r\n<br \/>\r\nInbjudan till v\u00e5ra aktiviteter f\u00f6r n\u00e4tverkande med n\u00e4ringslivet, offentlig sektor och nyf\u00f6retagare.<br \/>\r\n<br \/>\r\nM\u00f6jlighet f\u00f6r era medarbetare att agera som mentorer f\u00f6r nyf\u00f6retagare.<br \/>\r\n<br \/>\r\nV\u00e4lkomstkit med digitalt exponeringsmaterial och digitalt emblem som visar ert engagemang.<br \/>\r\n<br \/>\r\nNyhetsbrev ca 4 g\u00e5nger per \u00e5r.<\/div>\n                    \n                    \n                <\/div>\n            <\/div>\n                    <div class=\"text-card\">\n                <div class=\"text-card__content\">\n                    <h3 class=\"heading\" data-number=\"2\">SILVER \u2013 10 000 KR<\/h3>\n\n                                            <div class=\"description\">Inneh\u00e5ller allt i Brons-paketet, plus:<br \/>\r\n<br \/>\r\nExtra exponering av samarbetet p\u00e5 hemsida, i nyhetsbrev och p\u00e5 sociala medier.<br \/>\r\n<br \/>\r\nM\u00f6jlighet att inspirera under v\u00e5ra utbildningar, 1 g\u00e5ng per \u00e5r.<br \/>\r\n<br \/>\r\nM\u00f6jlighet att erbjuda ett specialerbjudande till v\u00e5ra nyf\u00f6retagare.<br \/>\r\n<\/div>\n                    \n                    \n                <\/div>\n            <\/div>\n                    <div class=\"text-card\">\n                <div class=\"text-card__content\">\n                    <h3 class=\"heading\" data-number=\"3\">GULD \u2013 20 000 KR<\/h3>\n\n                                            <div class=\"description\">Inneh\u00e5ller allt i Silver-paketet, plus:<br \/>\r\n<br \/>\r\nV\u00e4rdskap f\u00f6r ett event per \u00e5r.<br \/>\r\n<br \/>\r\nM\u00f6jlighet att NFC representant fr\u00e5n Alings\u00e5s deltar i ett av era egna event med en presentation om v\u00e5r verksamhet.<\/div>\n                    \n                    \n                <\/div>\n            <\/div>\n            <\/div>\n<\/section>\n\n\n<div style=\"height:var(--wp--preset--spacing--80)\" aria-hidden=\"true\" class=\"wp-block-spacer\"><\/div>\n","protected":false},"excerpt":{"rendered":"<p>V\u00e5ra partnerniv\u00e5er Avtal skrivs p\u00e5 1 eller 3 \u00e5r, d\u00e4r vi ger 10% rabatt p\u00e5 f\u00f6rsta \u00e5ret om avtal skrivs p\u00e5 3 \u00e5r.Alla priser \u00e4r angivna exklusive moms. F\u00f6r mer information, kontakta v\u00e5r verksamhetsledare p\u00e5:<\/p>\n","protected":false},"author":12,"featured_media":0,"parent":0,"menu_order":0,"comment_status":"closed","ping_status":"closed","template":"","meta":{"footnotes":""},"acf":[],"yoast_head":"<!-- This site is optimized with the Yoast SEO plugin v22.9 - https:\/\/yoast.com\/wordpress\/plugins\/seo\/ -->\n<title>Bli samarbetspartner till Nyf\u00f6retagarCentrum Alings\u00e5s - Alings\u00e5s<\/title>\n<meta name=\"description\" content=\"S\u00e5 blir du partner till Nyf\u00f6retagarCentrum Alings\u00e5s\" \/>\n<meta name=\"robots\" content=\"index, follow, max-snippet:-1, max-image-preview:large, max-video-preview:-1\" \/>\n<link rel=\"canonical\" href=\"https:\/\/nyforetagarcentrum.se\/alingsas\/bli-samarbetspartner-till-nyforetagarcentrum-alingsas\/\" \/>\n<meta property=\"og:locale\" content=\"sv_SE\" \/>\n<meta property=\"og:type\" content=\"article\" \/>\n<meta property=\"og:title\" content=\"Bli samarbetspartner till Nyf\u00f6retagarCentrum Alings\u00e5s - Alings\u00e5s\" \/>\n<meta property=\"og:description\" content=\"S\u00e5 blir du partner till Nyf\u00f6retagarCentrum Alings\u00e5s\" \/>\n<meta property=\"og:url\" content=\"https:\/\/nyforetagarcentrum.se\/alingsas\/bli-samarbetspartner-till-nyforetagarcentrum-alingsas\/\" \/>\n<meta property=\"og:site_name\" content=\"Alings\u00e5s\" \/>\n<meta property=\"article:modified_time\" content=\"2024-11-07T08:57:33+00:00\" \/>\n<meta name=\"twitter:card\" content=\"summary_large_image\" \/>\n<meta name=\"twitter:label1\" content=\"Ber\u00e4knad l\u00e4stid\" \/>\n\t<meta name=\"twitter:data1\" content=\"1 minut\" \/>\n<script type=\"application\/ld+json\" class=\"yoast-schema-graph\">{\"@context\":\"https:\/\/schema.org\",\"@graph\":[{\"@type\":\"WebPage\",\"@id\":\"https:\/\/nyforetagarcentrum.se\/alingsas\/bli-samarbetspartner-till-nyforetagarcentrum-alingsas\/\",\"url\":\"https:\/\/nyforetagarcentrum.se\/alingsas\/bli-samarbetspartner-till-nyforetagarcentrum-alingsas\/\",\"name\":\"Bli samarbetspartner till Nyf\u00f6retagarCentrum Alings\u00e5s - Alings\u00e5s\",\"isPartOf\":{\"@id\":\"https:\/\/nyforetagarcentrum.se\/alingsas\/#website\"},\"datePublished\":\"2024-11-06T10:39:37+00:00\",\"dateModified\":\"2024-11-07T08:57:33+00:00\",\"description\":\"S\u00e5 blir du partner till Nyf\u00f6retagarCentrum Alings\u00e5s\",\"breadcrumb\":{\"@id\":\"https:\/\/nyforetagarcentrum.se\/alingsas\/bli-samarbetspartner-till-nyforetagarcentrum-alingsas\/#breadcrumb\"},\"inLanguage\":\"sv-SE\",\"potentialAction\":[{\"@type\":\"ReadAction\",\"target\":[\"https:\/\/nyforetagarcentrum.se\/alingsas\/bli-samarbetspartner-till-nyforetagarcentrum-alingsas\/\"]}]},{\"@type\":\"BreadcrumbList\",\"@id\":\"https:\/\/nyforetagarcentrum.se\/alingsas\/bli-samarbetspartner-till-nyforetagarcentrum-alingsas\/#breadcrumb\",\"itemListElement\":[{\"@type\":\"ListItem\",\"position\":1,\"name\":\"Hem\",\"item\":\"https:\/\/nyforetagarcentrum.se\/alingsas\/\"},{\"@type\":\"ListItem\",\"position\":2,\"name\":\"Bli samarbetspartner till Nyf\u00f6retagarCentrum Alings\u00e5s\"}]},{\"@type\":\"WebSite\",\"@id\":\"https:\/\/nyforetagarcentrum.se\/alingsas\/#website\",\"url\":\"https:\/\/nyforetagarcentrum.se\/alingsas\/\",\"name\":\"Alings\u00e5s\",\"description\":\"Sveriges ledande kraft f\u00f6r fler nya livskraftiga f\u00f6retag\",\"publisher\":{\"@id\":\"https:\/\/nyforetagarcentrum.se\/alingsas\/#organization\"},\"potentialAction\":[{\"@type\":\"SearchAction\",\"target\":{\"@type\":\"EntryPoint\",\"urlTemplate\":\"https:\/\/nyforetagarcentrum.se\/alingsas\/?s={search_term_string}\"},\"query-input\":\"required name=search_term_string\"}],\"inLanguage\":\"sv-SE\"},{\"@type\":\"Organization\",\"@id\":\"https:\/\/nyforetagarcentrum.se\/alingsas\/#organization\",\"name\":\"Alings\u00e5s\",\"url\":\"https:\/\/nyforetagarcentrum.se\/alingsas\/\",\"logo\":{\"@type\":\"ImageObject\",\"inLanguage\":\"sv-SE\",\"@id\":\"https:\/\/nyforetagarcentrum.se\/alingsas\/#\/schema\/logo\/image\/\",\"url\":\"https:\/\/nyforetagarcentrum.se\/alingsas\/wp-content\/uploads\/sites\/80\/2024\/07\/alingsas_bla.png\",\"contentUrl\":\"https:\/\/nyforetagarcentrum.se\/alingsas\/wp-content\/uploads\/sites\/80\/2024\/07\/alingsas_bla.png\",\"width\":870,\"height\":355,\"caption\":\"Alings\u00e5s\"},\"image\":{\"@id\":\"https:\/\/nyforetagarcentrum.se\/alingsas\/#\/schema\/logo\/image\/\"}}]}<\/script>\n<!-- \/ Yoast SEO plugin. -->","yoast_head_json":{"title":"Bli samarbetspartner till Nyf\u00f6retagarCentrum Alings\u00e5s - Alings\u00e5s","description":"S\u00e5 blir du partner till Nyf\u00f6retagarCentrum Alings\u00e5s","robots":{"index":"index","follow":"follow","max-snippet":"max-snippet:-1","max-image-preview":"max-image-preview:large","max-video-preview":"max-video-preview:-1"},"canonical":"https:\/\/nyforetagarcentrum.se\/alingsas\/bli-samarbetspartner-till-nyforetagarcentrum-alingsas\/","og_locale":"sv_SE","og_type":"article","og_title":"Bli samarbetspartner till Nyf\u00f6retagarCentrum Alings\u00e5s - Alings\u00e5s","og_description":"S\u00e5 blir du partner till Nyf\u00f6retagarCentrum Alings\u00e5s","og_url":"https:\/\/nyforetagarcentrum.se\/alingsas\/bli-samarbetspartner-till-nyforetagarcentrum-alingsas\/","og_site_name":"Alings\u00e5s","article_modified_time":"2024-11-07T08:57:33+00:00","twitter_card":"summary_large_image","twitter_misc":{"Ber\u00e4knad l\u00e4stid":"1 minut"},"schema":{"@context":"https:\/\/schema.org","@graph":[{"@type":"WebPage","@id":"https:\/\/nyforetagarcentrum.se\/alingsas\/bli-samarbetspartner-till-nyforetagarcentrum-alingsas\/","url":"https:\/\/nyforetagarcentrum.se\/alingsas\/bli-samarbetspartner-till-nyforetagarcentrum-alingsas\/","name":"Bli samarbetspartner till Nyf\u00f6retagarCentrum Alings\u00e5s - Alings\u00e5s","isPartOf":{"@id":"https:\/\/nyforetagarcentrum.se\/alingsas\/#website"},"datePublished":"2024-11-06T10:39:37+00:00","dateModified":"2024-11-07T08:57:33+00:00","description":"S\u00e5 blir du partner till Nyf\u00f6retagarCentrum Alings\u00e5s","breadcrumb":{"@id":"https:\/\/nyforetagarcentrum.se\/alingsas\/bli-samarbetspartner-till-nyforetagarcentrum-alingsas\/#breadcrumb"},"inLanguage":"sv-SE","potentialAction":[{"@type":"ReadAction","target":["https:\/\/nyforetagarcentrum.se\/alingsas\/bli-samarbetspartner-till-nyforetagarcentrum-alingsas\/"]}]},{"@type":"BreadcrumbList","@id":"https:\/\/nyforetagarcentrum.se\/alingsas\/bli-samarbetspartner-till-nyforetagarcentrum-alingsas\/#breadcrumb","itemListElement":[{"@type":"ListItem","position":1,"name":"Hem","item":"https:\/\/nyforetagarcentrum.se\/alingsas\/"},{"@type":"ListItem","position":2,"name":"Bli samarbetspartner till Nyf\u00f6retagarCentrum Alings\u00e5s"}]},{"@type":"WebSite","@id":"https:\/\/nyforetagarcentrum.se\/alingsas\/#website","url":"https:\/\/nyforetagarcentrum.se\/alingsas\/","name":"Alings\u00e5s","description":"Sveriges ledande kraft f\u00f6r fler nya livskraftiga f\u00f6retag","publisher":{"@id":"https:\/\/nyforetagarcentrum.se\/alingsas\/#organization"},"potentialAction":[{"@type":"SearchAction","target":{"@type":"EntryPoint","urlTemplate":"https:\/\/nyforetagarcentrum.se\/alingsas\/?s={search_term_string}"},"query-input":"required name=search_term_string"}],"inLanguage":"sv-SE"},{"@type":"Organization","@id":"https:\/\/nyforetagarcentrum.se\/alingsas\/#organization","name":"Alings\u00e5s","url":"https:\/\/nyforetagarcentrum.se\/alingsas\/","logo":{"@type":"ImageObject","inLanguage":"sv-SE","@id":"https:\/\/nyforetagarcentrum.se\/alingsas\/#\/schema\/logo\/image\/","url":"https:\/\/nyforetagarcentrum.se\/alingsas\/wp-content\/uploads\/sites\/80\/2024\/07\/alingsas_bla.png","contentUrl":"https:\/\/nyforetagarcentrum.se\/alingsas\/wp-content\/uploads\/sites\/80\/2024\/07\/alingsas_bla.png","width":870,"height":355,"caption":"Alings\u00e5s"},"image":{"@id":"https:\/\/nyforetagarcentrum.se\/alingsas\/#\/schema\/logo\/image\/"}}]}},"_links":{"self":[{"href":"https:\/\/nyforetagarcentrum.se\/alingsas\/wp-json\/wp\/v2\/pages\/723"}],"collection":[{"href":"https:\/\/nyforetagarcentrum.se\/alingsas\/wp-json\/wp\/v2\/pages"}],"about":[{"href":"https:\/\/nyforetagarcentrum.se\/alingsas\/wp-json\/wp\/v2\/types\/page"}],"author":[{"embeddable":true,"href":"https:\/\/nyforetagarcentrum.se\/alingsas\/wp-json\/wp\/v2\/users\/12"}],"replies":[{"embeddable":true,"href":"https:\/\/nyforetagarcentrum.se\/alingsas\/wp-json\/wp\/v2\/comments?post=723"}],"version-history":[{"count":18,"href":"https:\/\/nyforetagarcentrum.se\/alingsas\/wp-json\/wp\/v2\/pages\/723\/revisions"}],"predecessor-version":[{"id":755,"href":"https:\/\/nyforetagarcentrum.se\/alingsas\/wp-json\/wp\/v2\/pages\/723\/revisions\/755"}],"wp:attachment":[{"href":"https:\/\/nyforetagarcentrum.se\/alingsas\/wp-json\/wp\/v2\/media?parent=723"}],"curies":[{"name":"wp","href":"https:\/\/api.w.org\/{rel}","templated":true}]}}